{"id":9430,"date":"2018-06-19T17:54:21","date_gmt":"2018-06-19T15:54:21","guid":{"rendered":"https:\/\/jhcakes.com\/shop\/?post_type=product&#038;p=9430"},"modified":"2021-11-02T01:03:36","modified_gmt":"2021-11-02T00:03:36","slug":"kinai-pagoda-kiszuro","status":"publish","type":"product","link":"https:\/\/jhcakes.com\/shop\/termek\/kinai-pagoda-kiszuro\/","title":{"rendered":"K\u00ednai pagoda kisz\u00far\u00f3"},"content":{"rendered":"<h3><span style=\"color: #878787;\">A <\/span><span style=\"color: #878787;\"><strong><span style=\"color: #ec008c;\">k\u00ednai pagoda kisz\u00far\u00f3val\u00a0<\/span><\/strong>nagyon sz\u00e9p, nagy m\u00e9ret\u0171 k\u00f6sz\u00f6n\u0151aj\u00e1nd\u00e9kok \u00e9s t\u00e1bl\u00e1k is k\u00e9sz\u00edthet\u0151k. Kiv\u00e1l\u00f3 m\u00e9rete miatt szem\u00e9lyreszabott \u00fczeneteket is \u00edr\u00f3k\u00e1zhatunk r\u00e1.\u00a0<\/span><\/h3>\n<p>&nbsp;<\/p>\n<h3><span style=\"color: #878787;\"><strong>Mihez aj\u00e1nljuk a kisz\u00far\u00f3t?<\/strong><\/span><\/h3>\n<ul>\n<li>\n<h3><span style=\"color: #878787;\">m\u00e9zes \u00e9s egy\u00e9b t\u00e9sztaf\u00e9l\u00e9khez<\/span><\/h3>\n<\/li>\n<li>\n<h3><span style=\"color: #878787;\">fondant, cukormassza \u00e9s marcip\u00e1n figur\u00e1k kisz\u00far\u00e1s\u00e1hoz<\/span><\/h3>\n<\/li>\n<\/ul>\n<h3><span style=\"color: #878787;\"><strong>Alapanyag:<\/strong><\/span><\/h3>\n<ul>\n<li>\n<h3><span style=\"color: #878787;\">rozsdamentes ac\u00e9l, haszn\u00e1latkor formatart\u00f3 marad<\/span><\/h3>\n<\/li>\n<li>\n<h3>a kisz\u00far\u00f3 mindk\u00e9t oldala haszn\u00e1lhat\u00f3<\/h3>\n<\/li>\n<\/ul>\n<h3 id=\"tab-description\"><span style=\"color: #878787;\"><strong>Kezel\u00e9si \u00fatmutat\u00f3:<\/strong><\/span><\/h3>\n<ul>\n<li>\n<h3><span style=\"color: #878787;\">k\u00e9zzel moshat\u00f3, leveg\u0151n sz\u00e1r\u00edtand\u00f3<\/span><\/h3>\n<\/li>\n<\/ul>\n<div id=\"themify_builder_content-9430\" data-postid=\"9430\" class=\"themify_builder_content themify_builder_content-9430 themify_builder\">\n    <\/div>\n<!-- \/themify_builder_content -->","protected":false},"excerpt":{"rendered":"<h3><strong>Kisz\u00far\u00f3 m\u00e9rete:<\/strong><\/h3>\n<ul>\n<li>\n<h3>sz\u00e9less\u00e9g: \u00a0 \u00a0120 mm<\/h3>\n<\/li>\n<li>\n<h3>magass\u00e1g: \u00a0120 mm<\/h3>\n<\/li>\n<\/ul>\n","protected":false},"featured_media":9371,"comment_status":"closed","ping_status":"closed","template":"","meta":[],"builder_content":"","_links":{"self":[{"href":"https:\/\/jhcakes.com\/shop\/wp-json\/wp\/v2\/product\/9430"}],"collection":[{"href":"https:\/\/jhcakes.com\/shop\/wp-json\/wp\/v2\/product"}],"about":[{"href":"https:\/\/jhcakes.com\/shop\/wp-json\/wp\/v2\/types\/product"}],"replies":[{"embeddable":true,"href":"https:\/\/jhcakes.com\/shop\/wp-json\/wp\/v2\/comments?post=9430"}],"wp:featuredmedia":[{"embeddable":true,"href":"https:\/\/jhcakes.com\/shop\/wp-json\/wp\/v2\/media\/9371"}],"wp:attachment":[{"href":"https:\/\/jhcakes.com\/shop\/wp-json\/wp\/v2\/media?parent=9430"}],"curies":[{"name":"wp","href":"https:\/\/api.w.org\/{rel}","templated":true}]}}