{"id":9004,"date":"2018-04-08T06:56:27","date_gmt":"2018-04-08T04:56:27","guid":{"rendered":"https:\/\/jhcakes.com\/shop\/?post_type=product&#038;p=9004"},"modified":"2023-01-04T09:51:15","modified_gmt":"2023-01-04T08:51:15","slug":"kerek-diszitocso-4-0-pme","status":"publish","type":"product","link":"https:\/\/jhcakes.com\/shop\/termek\/kerek-diszitocso-4-0-pme\/","title":{"rendered":"Kerek d\u00edsz\u00edt\u0151cs\u0151  #4.0 PME"},"content":{"rendered":"<h3><span style=\"color: #ec008c;\"><strong>#4.0 PME p<\/strong><\/span><span style=\"color: #ec008c;\"><strong>rofesszion\u00e1lis kerek d\u00edsz\u00edt\u0151cs\u0151 <\/strong>\u00a0<\/span>torta- \u00e9s nagy m\u00e9ret\u0171 m\u00e9zesek dekor\u00e1l\u00e1s\u00e1hoz.<br \/>\nA PME d\u00edsz\u00edt\u0151cs\u00f6vek a legjobb min\u0151s\u00e9g\u0171 cs\u00f6vek Magyarorsz\u00e1gon, haszn\u00e1latukat bizalommal aj\u00e1nljuk.<\/h3>\n<p>&nbsp;<\/p>\n<h3><strong>F\u0151bb el\u0151nyeik:<\/strong><\/h3>\n<ul>\n<li>\n<h3>nem sz\u00ednez\u0151dnek el<\/h3>\n<\/li>\n<li>\n<h3>nem rozsd\u00e1sodnak<\/h3>\n<\/li>\n<li>\n<h3>nincsenek \u00f6sszeforraszt\u00e1si vonalai &#8211; a glaz\u00far nem p\u00f6r\u00f6g a cs\u0151b\u0151l t\u00f6rt\u00e9n\u0151 kinyom\u00e1skor<\/h3>\n<\/li>\n<\/ul>\n<h3 style=\"text-align: justify;\"><strong>Mit k\u00e9sz\u00edthet\u00fcnk a 4-es sz\u00e1m\u00fa PME d\u00edsz\u00edt\u0151cs\u0151vel?<\/strong><\/h3>\n<ul>\n<li>\n<h3>nagyobb gy\u00f6ngy-p\u00f6tty\u00f6ket<\/h3>\n<\/li>\n<li>\n<h3>torta sz\u00e9l\u00e9re lez\u00e1r\u00f3 gy\u00f6ngysorozatot<\/h3>\n<\/li>\n<li>\n<h3>Lambeth met\u00f3dusn\u00e1l haszn\u00e1lt &#8220;over piping&#8221; vagyis &#8220;fels\u0151 vonalk\u00e1z\u00e1s&#8221; mint\u00e1t<\/h3>\n<\/li>\n<li>\n<h3>kis \u00e1tm\u00e9r\u0151j\u0171 lyukakat m\u00e9zesek felakaszt\u00e1s\u00e1hoz<\/h3>\n<\/li>\n<li>\n<h3>apr\u00f3 marcip\u00e1n\/fondant p\u00f6tty\u00f6ket tortadekor\u00e1l\u00e1shoz<\/h3>\n<\/li>\n<\/ul>\n<h3><strong>Milyen alapanyagot haszn\u00e1ljunk?<\/strong><\/h3>\n<ul>\n<li>\n<h3>glaz\u00fart\/\u00edr\u00f3k\u00e1t<\/h3>\n<\/li>\n<li>\n<h3>vajkr\u00e9met<\/h3>\n<\/li>\n<li>\n<h3>marcip\u00e1nt\/fondantot<\/h3>\n<\/li>\n<\/ul>\n<h3><strong>Milyen kieg\u00e9sz\u00edt\u0151t aj\u00e1nlunk a d\u00edsz\u00edt\u0151cs\u0151h\u00f6z?<\/strong><\/h3>\n<ul>\n<li>\n<h3>habzs\u00e1kot<\/h3>\n<\/li>\n<li>\n<h3><a href=\"https:\/\/jhcakes.com\/shop\/termek\/normal-meretu-csatolocso-szett\/\" target=\"_blank\" rel=\"noopener noreferrer\"><strong><span style=\"color: #1ba6b4;\">norm\u00e1l m\u00e9ret\u0171 csatol\u00f3cs\u00f6vet<\/span><\/strong><\/a><\/h3>\n<\/li>\n<\/ul>\n<h3><strong>Alapanyag:<\/strong><\/h3>\n<ul>\n<li>\n<h3>rozsdamentes ac\u00e9l<\/h3>\n<\/li>\n<\/ul>\n<h3 id=\"tab-description\"><strong>Kezel\u00e9si \u00fatmutat\u00f3:<\/strong><\/h3>\n<ul>\n<li>\n<h3>k\u00e9zzel moshat\u00f3, leveg\u0151n sz\u00e1r\u00edtand\u00f3<\/h3>\n<\/li>\n<\/ul>\n<div id=\"themify_builder_content-9004\" data-postid=\"9004\" class=\"themify_builder_content themify_builder_content-9004 themify_builder\">\n    <\/div>\n<!-- \/themify_builder_content -->","protected":false},"excerpt":{"rendered":"<h3><strong>Cs\u0151 m\u00e9rete:<\/strong><\/h3>\n<ul>\n<li>\n<h3>\u00e1tm\u00e9r\u0151: \u00a0 \u00a0 \u00a0 \u00a0 \u00a03 mm<\/h3>\n<\/li>\n<li>\n<h3>cs\u0151hossz: \u00a0 \u00a0 33 mm<\/h3>\n<\/li>\n<\/ul>\n","protected":false},"featured_media":9235,"comment_status":"closed","ping_status":"closed","template":"","meta":[],"builder_content":"","_links":{"self":[{"href":"https:\/\/jhcakes.com\/shop\/wp-json\/wp\/v2\/product\/9004"}],"collection":[{"href":"https:\/\/jhcakes.com\/shop\/wp-json\/wp\/v2\/product"}],"about":[{"href":"https:\/\/jhcakes.com\/shop\/wp-json\/wp\/v2\/types\/product"}],"replies":[{"embeddable":true,"href":"https:\/\/jhcakes.com\/shop\/wp-json\/wp\/v2\/comments?post=9004"}],"wp:featuredmedia":[{"embeddable":true,"href":"https:\/\/jhcakes.com\/shop\/wp-json\/wp\/v2\/media\/9235"}],"wp:attachment":[{"href":"https:\/\/jhcakes.com\/shop\/wp-json\/wp\/v2\/media?parent=9004"}],"curies":[{"name":"wp","href":"https:\/\/api.w.org\/{rel}","templated":true}]}}