{"id":8903,"date":"2018-04-01T08:39:51","date_gmt":"2018-04-01T06:39:51","guid":{"rendered":"https:\/\/jhcakes.com\/shop\/?post_type=product&#038;p=8903"},"modified":"2023-12-19T21:34:02","modified_gmt":"2023-12-19T20:34:02","slug":"szegelyezo-es-erezo-eszkoz-2","status":"publish","type":"product","link":"https:\/\/jhcakes.com\/shop\/termek\/szegelyezo-es-erezo-eszkoz-2\/","title":{"rendered":"Szeg\u00e9lyez\u0151 \u00e9s Erez\u0151 Eszk\u00f6z"},"content":{"rendered":"<h3>Kiv\u00e1l\u00f3 min\u0151s\u00e9g\u0171 <strong><span style=\"color: #ec008c\">Szeg\u00e9lyez\u0151 \u00e9s Erez\u0151 Eszk\u00f6z<\/span><\/strong> az angliai PME c\u00e9gt\u0151l.\u00a0Az eszk\u00f6z egyik v\u00e9g\u00e9n egy varr\u00f3\u00f6lt\u00e9seket ut\u00e1nz\u00f3 kis ker\u00e9k, a m\u00e1sik v\u00e9g\u00e9n pedig vonalak, erezetek rajzol\u00e1s\u00e1ra alkalmas \u00e9les oldal\u00fa erez\u0151 fej tal\u00e1lhat\u00f3. A szeg\u00e9lyez\u0151 fej remek\u00fcl haszn\u00e1lhat\u00f3 steppel\u00e9shez, marcip\u00e1n figur\u00e1k ruh\u00e1j\u00e1nak szeg\u00e9lyez\u00e9s\u00e9hez \u00e9s cip\u0151k \u00f6lt\u00e9smint\u00e1j\u00e1nak k\u00e9sz\u00edt\u00e9s\u00e9re is. A fogasker\u00e9k nem v\u00e1gja el a massz\u00e1t, csak varr\u00f3\u00f6lt\u00e9sekkel jel\u00f6li meg.<\/h3>\n<p>&nbsp;<\/p>\n<h3><strong>Milyen alapanyagokhoz aj\u00e1nljuk a szeg\u00e9lyez\u0151 \u00e9s vonalk\u00e1z\u00f3 szettet?<\/strong><\/h3>\n<ul>\n<li>\n<h3>fondanthoz<\/h3>\n<\/li>\n<li>\n<h3>marcip\u00e1nhoz<\/h3>\n<\/li>\n<li>\n<h3>cukormassz\u00e1hoz<\/h3>\n<\/li>\n<li>\n<h3>modellez\u0151 paszt\u00e1hoz<\/h3>\n<\/li>\n<\/ul>\n<h3><span style=\"color: #878787\"><strong>Eszk\u00f6z hossza:<\/strong><\/span><\/h3>\n<ul>\n<li>\n<h3>164 mm<\/h3>\n<\/li>\n<\/ul>\n<h3><strong>Eszk\u00f6z alapanyaga:<\/strong><\/h3>\n<ul>\n<li>\n<h3>kem\u00e9ny, munkab\u00edr\u00f3 m\u0171anyag ny\u00e9l, v\u00e9kony m\u0171anyag fogasker\u00e9k \u00e9s \u00e9les vonalk\u00e1z\u00f3 fej<\/h3>\n<h3><\/h3>\n<\/li>\n<\/ul>\n<div id=\"themify_builder_content-8903\" data-postid=\"8903\" class=\"themify_builder_content themify_builder_content-8903 themify_builder\">\n    <\/div>\n<!-- \/themify_builder_content -->","protected":false},"excerpt":{"rendered":"<h3><strong>Szeg\u00e9lyez\u0151 Ker\u00e9k \u00c1tm\u00e9r\u0151je:<\/strong><\/h3>\n<ul>\n<li>\n<h3>9 mm<\/h3>\n<\/li>\n<\/ul>\n","protected":false},"featured_media":8892,"comment_status":"closed","ping_status":"closed","template":"","meta":[],"builder_content":"","_links":{"self":[{"href":"https:\/\/jhcakes.com\/shop\/wp-json\/wp\/v2\/product\/8903"}],"collection":[{"href":"https:\/\/jhcakes.com\/shop\/wp-json\/wp\/v2\/product"}],"about":[{"href":"https:\/\/jhcakes.com\/shop\/wp-json\/wp\/v2\/types\/product"}],"replies":[{"embeddable":true,"href":"https:\/\/jhcakes.com\/shop\/wp-json\/wp\/v2\/comments?post=8903"}],"wp:featuredmedia":[{"embeddable":true,"href":"https:\/\/jhcakes.com\/shop\/wp-json\/wp\/v2\/media\/8892"}],"wp:attachment":[{"href":"https:\/\/jhcakes.com\/shop\/wp-json\/wp\/v2\/media?parent=8903"}],"curies":[{"name":"wp","href":"https:\/\/api.w.org\/{rel}","templated":true}]}}

Szegélyező és Erező Eszköz

<h3>Kiváló minőségű <strong><span style="color: #ec008c">Szegélyező és Erező Eszköz</span></strong> az angliai PME cégtől. Az eszköz egyik végén egy varróöltéseket utánzó kis kerék, a másik végén pedig vonalak, erezetek rajzolására alkalmas éles oldalú erező fej található. A szegélyező fej remekül használható steppeléshez, marcipán figurák ruhájának szegélyezéséhez és cipők öltésmintájának készítésére is. A fogaskerék nem vágja el a masszát, csak varróöltésekkel jelöli meg.</h3>
<p>&nbsp;</p>
<h3><strong>Milyen alapanyagokhoz ajánljuk a szegélyező és vonalkázó szettet?</strong></h3>
<ul>
<li>
<h3>fondanthoz</h3>
</li>
<li>
<h3>marcipánhoz</h3>
</li>
<li>
<h3>cukormasszához</h3>
</li>
<li>
<h3>modellező pasztához</h3>
</li>
</ul>
<h3><span style="color: #878787"><strong>Eszköz hossza:</strong></span></h3>
<ul>
<li>
<h3>164 mm</h3>
</li>
</ul>
<h3><strong>Eszköz alapanyaga:</strong></h3>
<ul>
<li>
<h3>kemény, munkabíró műanyag nyél, vékony műanyag fogaskerék és éles vonalkázó fej</h3>
<h3></h3>
</li>
</ul>
<div id="themify_builder_content-8903" data-postid="8903" class="themify_builder_content themify_builder_content-8903 themify_builder">
    </div>
<!-- /themify_builder_content -->

<h3><strong>Szegélyező Kerék Átmérője:</strong></h3>
<ul>
<li>
<h3>9 mm</h3>
</li>
</ul>
