{"id":8766,"date":"2018-03-02T08:46:14","date_gmt":"2018-03-02T07:46:14","guid":{"rendered":"https:\/\/jhcakes.com\/shop\/?post_type=product&#038;p=8766"},"modified":"2018-03-02T08:46:14","modified_gmt":"2018-03-02T07:46:14","slug":"kozepes-krem-simito-spatula-fem","status":"publish","type":"product","link":"https:\/\/jhcakes.com\/shop\/termek\/kozepes-krem-simito-spatula-fem\/","title":{"rendered":"K\u00f6zepes Kr\u00e9m Sim\u00edt\u00f3 Spatula &#8211; F\u00e9m"},"content":{"rendered":"<div id=\"themify_builder_content-8766\" data-postid=\"8766\" class=\"themify_builder_content themify_builder_content-8766 themify_builder\">\n    <\/div>\n<!-- \/themify_builder_content -->","protected":false},"excerpt":{"rendered":"","protected":false},"featured_media":0,"comment_status":"closed","ping_status":"closed","template":"","meta":[],"builder_content":"","_links":{"self":[{"href":"https:\/\/jhcakes.com\/shop\/wp-json\/wp\/v2\/product\/8766"}],"collection":[{"href":"https:\/\/jhcakes.com\/shop\/wp-json\/wp\/v2\/product"}],"about":[{"href":"https:\/\/jhcakes.com\/shop\/wp-json\/wp\/v2\/types\/product"}],"replies":[{"embeddable":true,"href":"https:\/\/jhcakes.com\/shop\/wp-json\/wp\/v2\/comments?post=8766"}],"wp:attachment":[{"href":"https:\/\/jhcakes.com\/shop\/wp-json\/wp\/v2\/media?parent=8766"}],"curies":[{"name":"wp","href":"https:\/\/api.w.org\/{rel}","templated":true}]}}