{"id":7812,"date":"2017-08-02T11:31:42","date_gmt":"2017-08-02T09:31:42","guid":{"rendered":"https:\/\/jhcakes.com\/shop\/termek\/orias-sziv-kiszuro\/"},"modified":"2024-11-05T18:06:27","modified_gmt":"2024-11-05T17:06:27","slug":"orias-sziv-kiszuro-mini-szivekkel","status":"publish","type":"product","link":"https:\/\/jhcakes.com\/shop\/termek\/orias-sziv-kiszuro-mini-szivekkel\/","title":{"rendered":"\u00d3ri\u00e1s sz\u00edv kisz\u00far\u00f3 mini sz\u00edvekkel"},"content":{"rendered":"<h3 style=\"text-align: justify;\"><span style=\"color: #878787;\"><span style=\"color: #ec008c;\"><strong>\u00d3ri\u00e1s sz\u00edv kisz\u00far\u00f3nkkal\u00a0<\/strong><\/span>k\u00e9sz\u00edtett m\u00e9zesek gy\u00f6ny\u00f6r\u0171en d\u00edsz\u00edthet\u0151k.\u00a0A sz\u00edv kisz\u00far\u00f3 1 darab kisz\u00far\u00f3b\u00f3l \u00e1ll, \u00edgy a kis sz\u00edv r\u00e9szletek is be\u00e9p\u00edtettek a kisz\u00far\u00f3 alapform\u00e1j\u00e1ba.\u00a0<\/span><\/h3>\n<p>&nbsp;<\/p>\n<h3><span style=\"color: #878787;\"><strong>Mihez aj\u00e1nljuk a kisz\u00far\u00f3t?<\/strong><\/span><\/h3>\n<ul>\n<li>\n<h3><span style=\"color: #878787;\">m\u00e9zes \u00e9s egy\u00e9b t\u00e9sztaf\u00e9l\u00e9khez<\/span><\/h3>\n<\/li>\n<li>\n<h3><span style=\"color: #878787;\">fondant, cukormassza \u00e9s marcip\u00e1n form\u00e1k kisz\u00far\u00e1s\u00e1hoz<\/span><\/h3>\n<\/li>\n<\/ul>\n<h3><span style=\"color: #878787;\"><strong>Alapanyag:<\/strong><\/span><\/h3>\n<ul>\n<li>\n<h3><span style=\"color: #878787;\">rozsdamentes ac\u00e9l, a haszn\u00e1lati utas\u00edt\u00e1s betart\u00e1s\u00e1val haszn\u00e1latkor formatart\u00f3 marad<\/span><\/h3>\n<\/li>\n<\/ul>\n<h3><span style=\"color: #878787;\"><strong>Kezel\u00e9si \u00fatmutat\u00f3:<\/strong><\/span><\/h3>\n<ul>\n<li>\n<h3><span style=\"color: #878787;\">k\u00e9zzel moshat\u00f3, leveg\u0151n sz\u00e1r\u00edtand\u00f3<\/span><\/h3>\n<\/li>\n<\/ul>\n<h3><span style=\"color: #878787;\"><strong>Haszn\u00e1lati utas\u00edt\u00e1s:\u00a0<\/strong><\/span><\/h3>\n<h3><span style=\"color: #878787;\">A kisz\u00far\u00f3 teljes m\u00e9ret\u00e9t \u00e9s minden r\u00e9szlet\u00e9t egyszerre kell a t\u00e9szt\u00e1ba nyomni annak \u00e9rdek\u00e9ben, hogy a kisz\u00far\u00f3 ne s\u00e9r\u00fclj\u00f6n \u00e9s bels\u0151 kis r\u00e9szletei is hely\u00fck\u00f6n maradjanak.<\/span><br \/>\n<span style=\"color: #1ba6b4;\"><strong>TIPP:<\/strong><\/span><br \/>\n<span style=\"color: #878787;\">A kisz\u00far\u00f3 teljes k\u00fcls\u0151 m\u00e9ret\u00e9vel megegyez\u0151, illetve att\u00f3l nagyobb kem\u00e9ny kartont vagy v\u00e1g\u00f3deszk\u00e1t helyezz\u00fcnk a kisz\u00far\u00f3 tetej\u00e9re \u00e9s a kisz\u00far\u00e1skor mindenhol egyenl\u0151 nyom\u00e1st gyakorolva sz\u00farjuk ki a mint\u00e1t.\u00a0<\/span><\/h3>\n<p>&nbsp;<\/p>\n<div id=\"themify_builder_content-7812\" data-postid=\"7812\" class=\"themify_builder_content themify_builder_content-7812 themify_builder\">\n    <\/div>\n<!-- \/themify_builder_content -->","protected":false},"excerpt":{"rendered":"<h3><strong>Kisz\u00far\u00f3 m\u00e9rete:<\/strong><\/h3>\n<ul>\n<li>\n<h3>\u00f3ri\u00e1s sz\u00edv &#8211; sz: 180 x m: 183 mm<\/h3>\n<\/li>\n<li>\n<h3>mini sz\u00edvek &#8211; sz: 11 x m: 8 mm<\/h3>\n<\/li>\n<\/ul>\n<h3><\/h3>\n","protected":false},"featured_media":19602,"comment_status":"open","ping_status":"closed","template":"","meta":[],"builder_content":"","_links":{"self":[{"href":"https:\/\/jhcakes.com\/shop\/wp-json\/wp\/v2\/product\/7812"}],"collection":[{"href":"https:\/\/jhcakes.com\/shop\/wp-json\/wp\/v2\/product"}],"about":[{"href":"https:\/\/jhcakes.com\/shop\/wp-json\/wp\/v2\/types\/product"}],"replies":[{"embeddable":true,"href":"https:\/\/jhcakes.com\/shop\/wp-json\/wp\/v2\/comments?post=7812"}],"wp:featuredmedia":[{"embeddable":true,"href":"https:\/\/jhcakes.com\/shop\/wp-json\/wp\/v2\/media\/19602"}],"wp:attachment":[{"href":"https:\/\/jhcakes.com\/shop\/wp-json\/wp\/v2\/media?parent=7812"}],"curies":[{"name":"wp","href":"https:\/\/api.w.org\/{rel}","templated":true}]}}