{"id":7555,"date":"2017-06-21T11:14:00","date_gmt":"2017-06-21T09:14:00","guid":{"rendered":"https:\/\/jhcakes.com\/shop\/termek\/noi-csizma-kiszuro\/"},"modified":"2025-01-04T20:15:56","modified_gmt":"2025-01-04T19:15:56","slug":"noi-csizma-kiszuro","status":"publish","type":"product","link":"https:\/\/jhcakes.com\/shop\/termek\/noi-csizma-kiszuro\/","title":{"rendered":"Csajos csizma kisz\u00far\u00f3"},"content":{"rendered":"<h3><span style=\"color: #878787;\">Nagyon csinos<\/span><strong><span style=\"color: #ec008c;\">\u00a0csajos csizma kisz\u00far\u00f3<\/span><\/strong><span style=\"color: #878787;\">\u00a0divatos m\u00e9zes szett r\u00e9szek\u00e9nt. A kisz\u00far\u00f3\u00a0<\/span><span style=\"color: #878787;\">bels\u0151\u00a0mint\u00e1ja b\u00e9lyegz\u0151k\u00e9nt a m\u00e9zesbe nyom\u00f3dik, nem v\u00e1gja el a massz\u00e1t. Tov\u00e1bbi divat jelleg\u0171\u00a0kisz\u00far\u00f3inkhoz katt <span style=\"color: #1ba6b4;\"><a style=\"color: #1ba6b4;\" href=\"https:\/\/jhcakes.com\/shop\/termekkategoria\/mezes-kiszurok\/divat-keksz-kiszurok\/\" target=\"_blank\" rel=\"noopener noreferrer\"><strong>IDE.<\/strong><\/a><\/span><\/span><\/h3>\n<p>&nbsp;<\/p>\n<h3><strong><span style=\"color: #878787;\">Mihez aj\u00e1nljuk a kisz\u00far\u00f3t?<\/span><\/strong><\/h3>\n<ul>\n<li>\n<h3><span style=\"color: #878787;\">m\u00e9zes \u00e9s egy\u00e9b t\u00e9sztaf\u00e9l\u00e9khez<\/span><\/h3>\n<\/li>\n<li>\n<h3><span style=\"color: #878787;\">fondant, cukormassza \u00e9s marcip\u00e1n form\u00e1k kisz\u00far\u00e1s\u00e1hoz<\/span><\/h3>\n<\/li>\n<\/ul>\n<h3><strong><span style=\"color: #878787;\">Alapanyag:<\/span><\/strong><\/h3>\n<ul>\n<li>\n<h3><span style=\"color: #878787;\">rozsdamentes ac\u00e9l,\u00a0haszn\u00e1latkor formatart\u00f3 marad<\/span><\/h3>\n<\/li>\n<\/ul>\n<h3 id=\"tab-description\"><strong><span style=\"color: #878787;\">Kezel\u00e9si \u00fatmutat\u00f3:<\/span><\/strong><\/h3>\n<ul>\n<li>\n<h3><span style=\"color: #878787;\">k\u00e9zzel moshat\u00f3, leveg\u0151n sz\u00e1r\u00edtand\u00f3<\/span><\/h3>\n<\/li>\n<\/ul>\n<div id=\"themify_builder_content-7555\" data-postid=\"7555\" class=\"themify_builder_content themify_builder_content-7555 themify_builder\">\n    <\/div>\n<!-- \/themify_builder_content -->","protected":false},"excerpt":{"rendered":"<h3><strong>Kisz\u00far\u00f3 m\u00e9rete:<\/strong><\/h3>\n<ul>\n<li>\n<h3>sz\u00e9less\u00e9g: \u00a0 \u00a0 \u00a0 62 mm<\/h3>\n<\/li>\n<li>\n<h3>magass\u00e1g: \u00a0 \u00a0 60 mm<\/h3>\n<\/li>\n<\/ul>\n","protected":false},"featured_media":7546,"comment_status":"closed","ping_status":"closed","template":"","meta":[],"builder_content":"","_links":{"self":[{"href":"https:\/\/jhcakes.com\/shop\/wp-json\/wp\/v2\/product\/7555"}],"collection":[{"href":"https:\/\/jhcakes.com\/shop\/wp-json\/wp\/v2\/product"}],"about":[{"href":"https:\/\/jhcakes.com\/shop\/wp-json\/wp\/v2\/types\/product"}],"replies":[{"embeddable":true,"href":"https:\/\/jhcakes.com\/shop\/wp-json\/wp\/v2\/comments?post=7555"}],"wp:featuredmedia":[{"embeddable":true,"href":"https:\/\/jhcakes.com\/shop\/wp-json\/wp\/v2\/media\/7546"}],"wp:attachment":[{"href":"https:\/\/jhcakes.com\/shop\/wp-json\/wp\/v2\/media?parent=7555"}],"curies":[{"name":"wp","href":"https:\/\/api.w.org\/{rel}","templated":true}]}}