{"id":7527,"date":"2017-06-21T07:59:27","date_gmt":"2017-06-21T05:59:27","guid":{"rendered":"https:\/\/jhcakes.com\/shop\/termek\/vintage-flapper-ruha-kiszuro\/"},"modified":"2019-11-17T19:34:50","modified_gmt":"2019-11-17T18:34:50","slug":"vintage-flapper-ruha-kiszuro","status":"publish","type":"product","link":"https:\/\/jhcakes.com\/shop\/termek\/vintage-flapper-ruha-kiszuro\/","title":{"rendered":"Vintage flapper ruha kisz\u00far\u00f3"},"content":{"rendered":"<h3><span style=\"color: #878787;\">20-as \u00e9vek hangulat\u00e1t id\u00e9z\u0151<\/span><strong><span style=\"color: #ec008c;\">\u00a0vintage flapper ruha kisz\u00far\u00f3<\/span><\/strong><span style=\"color: #878787;\">\u00a0bulikra, esk\u00fcv\u0151kre. A ruha szalagd\u00edsze b\u00e9lyegz\u0151k\u00e9nt a m\u00e9zesbe nyom\u00f3dik, nem v\u00e1gja el a massz\u00e1t. Ez a kisz\u00far\u00f3 csinos ny\u00e1ri ruhak\u00e9nt is alkalmazhat\u00f3. Tov\u00e1bbi ny\u00e1ri kisz\u00far\u00f3inkhoz katt <span style=\"color: #1ba6b4;\"><strong><a style=\"color: #1ba6b4;\" href=\"https:\/\/jhcakes.com\/shop\/termekkategoria\/mezes-kiszurok\/nyari-mezes-kiszurok\/\" target=\"_blank\" rel=\"noopener noreferrer\">IDE.<\/a><\/strong><\/span><\/span><\/h3>\n<p>&nbsp;<\/p>\n<h3><strong><span style=\"color: #878787;\">Mihez aj\u00e1nljuk a kisz\u00far\u00f3t?<\/span><\/strong><\/h3>\n<ul>\n<li>\n<h3><span style=\"color: #878787;\">m\u00e9zes \u00e9s egy\u00e9b t\u00e9sztaf\u00e9l\u00e9khez<\/span><\/h3>\n<\/li>\n<li>\n<h3><span style=\"color: #878787;\">fondant, cukormassza \u00e9s marcip\u00e1n form\u00e1k kisz\u00far\u00e1s\u00e1hoz<\/span><\/h3>\n<\/li>\n<\/ul>\n<h3><strong><span style=\"color: #878787;\">Alapanyag:<\/span><\/strong><\/h3>\n<ul>\n<li>\n<h3><span style=\"color: #878787;\">rozsdamentes ac\u00e9l,\u00a0haszn\u00e1latkor formatart\u00f3 marad<\/span><\/h3>\n<\/li>\n<\/ul>\n<h3 id=\"tab-description\"><strong><span style=\"color: #878787;\">Kezel\u00e9si \u00fatmutat\u00f3:<\/span><\/strong><\/h3>\n<ul>\n<li>\n<h3><span style=\"color: #878787;\">k\u00e9zzel moshat\u00f3, leveg\u0151n sz\u00e1r\u00edtand\u00f3<\/span><\/h3>\n<\/li>\n<\/ul>\n<div id=\"themify_builder_content-7527\" data-postid=\"7527\" class=\"themify_builder_content themify_builder_content-7527 themify_builder\">\n    <\/div>\n<!-- \/themify_builder_content -->","protected":false},"excerpt":{"rendered":"<h3><strong>Kisz\u00far\u00f3 m\u00e9rete:<\/strong><\/h3>\n<ul>\n<li>\n<h3>sz\u00e9less\u00e9g: \u00a0 \u00a0 \u00a0 35\u00a0mm<\/h3>\n<\/li>\n<li>\n<h3>magass\u00e1g: \u00a0 \u00a0 70 mm<\/h3>\n<\/li>\n<\/ul>\n","protected":false},"featured_media":14242,"comment_status":"closed","ping_status":"closed","template":"","meta":[],"builder_content":"","_links":{"self":[{"href":"https:\/\/jhcakes.com\/shop\/wp-json\/wp\/v2\/product\/7527"}],"collection":[{"href":"https:\/\/jhcakes.com\/shop\/wp-json\/wp\/v2\/product"}],"about":[{"href":"https:\/\/jhcakes.com\/shop\/wp-json\/wp\/v2\/types\/product"}],"replies":[{"embeddable":true,"href":"https:\/\/jhcakes.com\/shop\/wp-json\/wp\/v2\/comments?post=7527"}],"wp:featuredmedia":[{"embeddable":true,"href":"https:\/\/jhcakes.com\/shop\/wp-json\/wp\/v2\/media\/14242"}],"wp:attachment":[{"href":"https:\/\/jhcakes.com\/shop\/wp-json\/wp\/v2\/media?parent=7527"}],"curies":[{"name":"wp","href":"https:\/\/api.w.org\/{rel}","templated":true}]}}