{"id":6305,"date":"2016-07-17T09:22:08","date_gmt":"2016-07-17T07:22:08","guid":{"rendered":"http:\/\/jhcakes.com\/shop\/termek\/nyaralunk-keksz-kiszuro-szett\/"},"modified":"2019-12-08T07:43:17","modified_gmt":"2019-12-08T06:43:17","slug":"nyaralunk-mezes-kiszuroszett","status":"publish","type":"product","link":"https:\/\/jhcakes.com\/shop\/termek\/nyaralunk-mezes-kiszuroszett\/","title":{"rendered":"Nyaralunk! M\u00e9zes kisz\u00far\u00f3szett"},"content":{"rendered":"<h3 style=\"text-align: justify;\"><span style=\"color: #ec008c;\"><strong>Nyaralunk! M\u00e9zes kisz\u00farszett\u00fcnk <\/strong><\/span>\u00a06 darab, k\u00fcl\u00f6nb\u00f6z\u0151 form\u00e1j\u00fa \u00e9s m\u00e9ret\u0171, nyaral\u00e1ssal, strandol\u00e1ssal kapcsolatos kisz\u00far\u00f3t tartalmaz. T\u00f3parti, tengerparti esk\u00fcv\u0151k jegy\u00e9ben k\u00e9sz\u00fclt dekor\u00e1ci\u00f3k, aj\u00e1nd\u00e9kok k\u00e9sz\u00edt\u00e9s\u00e9re igaz\u00e1n kiv\u00e1l\u00f3 ez a kisz\u00far\u00f3 szett. A kisz\u00far\u00f3k \u00e1tl\u00e1tsz\u00f3 d\u00edszdobozban \u00e9rkeznek.<\/h3>\n<p>&nbsp;<\/p>\n<h3><\/h3>\n<h3><strong>Mihez aj\u00e1nljuk a kisz\u00far\u00f3kat?<\/strong><\/h3>\n<ul>\n<li>\n<h3>m\u00e9zes \u00e9s egy\u00e9b t\u00e9sztaf\u00e9l\u00e9khez<\/h3>\n<\/li>\n<li>\n<h3>fondant, cukormassza \u00e9s marcip\u00e1n form\u00e1k kisz\u00far\u00e1s\u00e1hoz<\/h3>\n<\/li>\n<\/ul>\n<h3><strong>Alapanyag:<\/strong><\/h3>\n<ul>\n<li>\n<h3>\u00f3nozott lemez, haszn\u00e1latkor formatart\u00f3 marad<\/h3>\n<\/li>\n<\/ul>\n<h3><strong>Kezel\u00e9si \u00fatmutat\u00f3:<\/strong><\/h3>\n<ul>\n<li>\n<h3>k\u00e9zzel moshat\u00f3, leveg\u0151n sz\u00e1r\u00edtand\u00f3<\/h3>\n<\/li>\n<\/ul>\n<div id=\"themify_builder_content-6305\" data-postid=\"6305\" class=\"themify_builder_content themify_builder_content-6305 themify_builder\">\n    <\/div>\n<!-- \/themify_builder_content -->","protected":false},"excerpt":{"rendered":"<h3><strong>Kisz\u00far\u00f3k m\u00e9rete:<\/strong><\/h3>\n<ul>\n<li>\n<h3>napszem\u00fcveg &#8211; Sz: 90 mm x M: 37 mm<\/h3>\n<\/li>\n<li>\n<h3>bikini fels\u0151 &#8211; Sz: 93 mm x M: 62 mm<\/h3>\n<\/li>\n<li>\n<h3>bikini als\u00f3 &#8211; Sz: 108 mm x M: 53 mm<\/h3>\n<\/li>\n<li>\n<h3>napocska &#8211; \u00c1tm\u00e9r\u0151: 90 mm<\/h3>\n<\/li>\n<li>\n<h3>fagylalt &#8211; Sz: 57 mm x M: 100 mm<\/h3>\n<\/li>\n<li>\n<h3>kagyl\u00f3 &#8211; Sz: 67 mm x M: 100 mm<\/h3>\n<\/li>\n<\/ul>\n","protected":false},"featured_media":10082,"comment_status":"open","ping_status":"closed","template":"","meta":[],"builder_content":"","_links":{"self":[{"href":"https:\/\/jhcakes.com\/shop\/wp-json\/wp\/v2\/product\/6305"}],"collection":[{"href":"https:\/\/jhcakes.com\/shop\/wp-json\/wp\/v2\/product"}],"about":[{"href":"https:\/\/jhcakes.com\/shop\/wp-json\/wp\/v2\/types\/product"}],"replies":[{"embeddable":true,"href":"https:\/\/jhcakes.com\/shop\/wp-json\/wp\/v2\/comments?post=6305"}],"wp:featuredmedia":[{"embeddable":true,"href":"https:\/\/jhcakes.com\/shop\/wp-json\/wp\/v2\/media\/10082"}],"wp:attachment":[{"href":"https:\/\/jhcakes.com\/shop\/wp-json\/wp\/v2\/media?parent=6305"}],"curies":[{"name":"wp","href":"https:\/\/api.w.org\/{rel}","templated":true}]}}