{"id":3759,"date":"2013-10-29T15:42:41","date_gmt":"2013-10-29T14:42:41","guid":{"rendered":"http:\/\/jhcakes.com\/shop\/termek\/hortenzia-level-kiszuro-szett-2-db\/"},"modified":"2024-01-22T14:22:07","modified_gmt":"2024-01-22T13:22:07","slug":"hortenzia-level-kiszuro-szett","status":"publish","type":"product","link":"https:\/\/jhcakes.com\/shop\/termek\/hortenzia-level-kiszuro-szett\/","title":{"rendered":"Hortenzia Lev\u00e9l Kisz\u00far\u00f3 Szett"},"content":{"rendered":"<h3 style=\"text-align: justify\"><span style=\"color: #ec008c\"><strong>Hortenzia Lev\u00e9l Kisz\u00far\u00f3 Szett\u00fcnk<\/strong><\/span>\u00a0Alyson Reynolds tervez\u00e9se alapj\u00e1n\u00a0k\u00e9sz\u00fclt \u00e9s 2 darab kisz\u00far\u00f3t tartalmaz. A kisz\u00far\u00f3k \u00e9les cakkozott fogakkal rendelkeznek. Jelenleg, az al\u00e1bb tal\u00e1lhat\u00f3 <strong>Term\u00e9kaj\u00e1nl\u00f3ban<\/strong> \u00f6sszegy\u0171jt\u00f6tt erez\u0151k m\u00e9rete \u00e9s form\u00e1ja a legmegfelel\u0151bb a hortenzia lev\u00e9l kisz\u00far\u00f3 szett mindk\u00e9t darabj\u00e1hoz.<\/h3>\n<p>&nbsp;<\/p>\n<h3><strong>Lev\u00e9l Kisz\u00far\u00f3 M\u00e9retek:<\/strong><\/h3>\n<ul>\n<li>\n<h3>30 x 55 mm<\/h3>\n<\/li>\n<li>\n<h3>37 x 65 mm<\/h3>\n<\/li>\n<\/ul>\n<p>&nbsp;<\/p>\n<h3><strong>Mihez Aj\u00e1nljuk a Kisz\u00far\u00f3kat?<\/strong><\/h3>\n<ul>\n<li>\n<h3>Cukormassza, fondant, marcip\u00e1n levelek kisz\u00far\u00e1s\u00e1hoz<\/h3>\n<\/li>\n<li>\n<h3>Hortenzia, esetleg r\u00f3zsa levelek k\u00e9sz\u00edt\u00e9s\u00e9hez<\/h3>\n<\/li>\n<\/ul>\n<h3><\/h3>\n<p>&nbsp;<\/p>\n<h3><strong>Alapanyag:<\/strong><\/h3>\n<ul>\n<li>\n<h3>Rozsdamentes ac\u00e9l<\/h3>\n<\/li>\n<\/ul>\n<div id=\"themify_builder_content-3759\" data-postid=\"3759\" class=\"themify_builder_content themify_builder_content-3759 themify_builder\">\n    <\/div>\n<!-- \/themify_builder_content -->","protected":false},"excerpt":{"rendered":"<p>Hortenzia Lev\u00e9l Kisz\u00far\u00f3 Szett\u00fcnk\u00a0Alyson Reynolds tervez\u00e9se alapj\u00e1n\u00a0k\u00e9sz\u00fclt \u00e9s 2 darab kisz\u00far\u00f3t tartalmaz. A kisz\u00far\u00f3k \u00e9les cakkozott fogakkal rendelkeznek. Jelenleg, az al\u00e1bb tal\u00e1lhat\u00f3 Term\u00e9kaj\u00e1nl\u00f3ban \u00f6sszegy\u0171jt\u00f6tt erez\u0151k m\u00e9rete \u00e9s form\u00e1ja a legmegfelel\u0151bb a hortenzia lev\u00e9l kisz\u00far\u00f3 szett mindk\u00e9t darabj\u00e1hoz. &nbsp; Lev\u00e9l Kisz\u00far\u00f3 M\u00e9retek: 30 x 55 mm 37 x 65 mm &nbsp; Mihez Aj\u00e1nljuk a Kisz\u00far\u00f3kat? Cukormassza, [&hellip;]<\/p>\n","protected":false},"featured_media":3883,"comment_status":"open","ping_status":"closed","template":"","meta":[],"builder_content":"","_links":{"self":[{"href":"https:\/\/jhcakes.com\/shop\/wp-json\/wp\/v2\/product\/3759"}],"collection":[{"href":"https:\/\/jhcakes.com\/shop\/wp-json\/wp\/v2\/product"}],"about":[{"href":"https:\/\/jhcakes.com\/shop\/wp-json\/wp\/v2\/types\/product"}],"replies":[{"embeddable":true,"href":"https:\/\/jhcakes.com\/shop\/wp-json\/wp\/v2\/comments?post=3759"}],"wp:featuredmedia":[{"embeddable":true,"href":"https:\/\/jhcakes.com\/shop\/wp-json\/wp\/v2\/media\/3883"}],"wp:attachment":[{"href":"https:\/\/jhcakes.com\/shop\/wp-json\/wp\/v2\/media?parent=3759"}],"curies":[{"name":"wp","href":"https:\/\/api.w.org\/{rel}","templated":true}]}}