{"id":3724,"date":"2013-10-23T15:52:47","date_gmt":"2013-10-23T13:52:47","guid":{"rendered":"http:\/\/jhcakes.com\/shop\/termek\/hegyes-szarnyu-angyalka-kiszuro\/"},"modified":"2023-05-31T22:53:42","modified_gmt":"2023-05-31T20:53:42","slug":"angyalka-mezes-kiszuro-78-mm","status":"publish","type":"product","link":"https:\/\/jhcakes.com\/shop\/termek\/angyalka-mezes-kiszuro-78-mm\/","title":{"rendered":"Angyalka M\u00e9zes Kisz\u00far\u00f3 78 mm"},"content":{"rendered":"<h3 style=\"text-align: justify\"><span style=\"color: #878787\"><span style=\"color: #ec008c\"><span style=\"color: #878787\">A 78 mm magas<\/span><strong> Angyalka Kisz\u00far\u00f3 <\/strong><\/span>jelenleg a m\u00e1sodik legnagyobb angyalka kisz\u00far\u00f3nk.<\/span><\/h3>\n<p>&nbsp;<\/p>\n<h3><strong>Mihez Aj\u00e1nljuk a Kisz\u00far\u00f3t?<\/strong><\/h3>\n<ul>\n<li>\n<h3>M\u00e9zes \u00e9s egy\u00e9b t\u00e9sztaf\u00e9l\u00e9khez<\/h3>\n<\/li>\n<li>\n<h3>Fondant, cukormassza \u00e9s marcip\u00e1n form\u00e1k kisz\u00far\u00e1s\u00e1hoz<\/h3>\n<\/li>\n<\/ul>\n<h3><strong>Alapanyag:<\/strong><\/h3>\n<ul>\n<li>\n<h3>\u00d3nozott lemez, haszn\u00e1latkor formatart\u00f3 marad<\/h3>\n<\/li>\n<\/ul>\n<h3 id=\"tab-description\"><strong>Kezel\u00e9si \u00datmutat\u00f3:<\/strong><\/h3>\n<ul>\n<li>\n<h3>K\u00e9zzel moshat\u00f3, leveg\u0151n sz\u00e1r\u00edtand\u00f3<\/h3>\n<\/li>\n<\/ul>\n<div id=\"themify_builder_content-3724\" data-postid=\"3724\" class=\"themify_builder_content themify_builder_content-3724 themify_builder\">\n    <\/div>\n<!-- \/themify_builder_content -->","protected":false},"excerpt":{"rendered":"<h3><strong>Kisz\u00far\u00f3 M\u00e9rete:<\/strong><\/h3>\n<ul>\n<li>\n<h3>Sz\u00e9less\u00e9g: \u00a0 82 mm<\/h3>\n<\/li>\n<li>\n<h3>Magass\u00e1g: \u00a078 mm<\/h3>\n<\/li>\n<\/ul>\n","protected":false},"featured_media":8029,"comment_status":"open","ping_status":"closed","template":"","meta":[],"builder_content":"","_links":{"self":[{"href":"https:\/\/jhcakes.com\/shop\/wp-json\/wp\/v2\/product\/3724"}],"collection":[{"href":"https:\/\/jhcakes.com\/shop\/wp-json\/wp\/v2\/product"}],"about":[{"href":"https:\/\/jhcakes.com\/shop\/wp-json\/wp\/v2\/types\/product"}],"replies":[{"embeddable":true,"href":"https:\/\/jhcakes.com\/shop\/wp-json\/wp\/v2\/comments?post=3724"}],"wp:featuredmedia":[{"embeddable":true,"href":"https:\/\/jhcakes.com\/shop\/wp-json\/wp\/v2\/media\/8029"}],"wp:attachment":[{"href":"https:\/\/jhcakes.com\/shop\/wp-json\/wp\/v2\/media?parent=3724"}],"curies":[{"name":"wp","href":"https:\/\/api.w.org\/{rel}","templated":true}]}}