{"id":3309,"date":"2013-10-11T23:01:07","date_gmt":"2013-10-11T21:01:07","guid":{"rendered":"http:\/\/jhcakes.com\/shop\/product\/masnis-ovalis-kepkeret-szilikon-formazo\/"},"modified":"2026-04-05T16:13:21","modified_gmt":"2026-04-05T14:13:21","slug":"masnis-ovalis-kepkeret-formazo","status":"publish","type":"product","link":"https:\/\/jhcakes.com\/shop\/termek\/masnis-ovalis-kepkeret-formazo\/","title":{"rendered":"Masnis ov\u00e1lis k\u00e9pkeret form\u00e1z\u00f3"},"content":{"rendered":"<h3><span style=\"color: #333333;\">Nagyon sz\u00e9p r\u00e9szletekkel ell\u00e1tott<\/span> <strong><span style=\"color: #ec008c;\">masnis o<\/span><span style=\"color: #ec008c;\">v\u00e1lis k\u00e9pkeret<\/span> <\/strong><span style=\"color: #333333;\">szilikon form\u00e1z\u00f3\u00a0tort\u00e1k, m\u00e9zeskal\u00e1csok dekor\u00e1l\u00e1s\u00e1ra. Az elk\u00e9sz\u00fclt keretbe t\u00f6k\u00e9letesen illeszkedik az \u00f6sszes<\/span> <strong><a href=\"https:\/\/jhcakes.com\/shop\/termekkategoria\/erezok-formazok\/szilikon-formazok\/kamea-szilikon-formazok\/\" target=\"_blank\" rel=\"noopener\"><span style=\"color: #1ba6b4;\">K\u00c1MEA<\/span> <\/a><\/strong><span style=\"color: #333333;\">form\u00e1z\u00f3val k\u00e9sz\u00fclt minta. Ez egy <strong>eredeti<\/strong>, amerik\u00e1ban k\u00e9sz\u00fclt szilikon form\u00e1z\u00f3.<\/span><\/h3>\n<p>&nbsp;<\/p>\n<h3><span style=\"color: #333333;\"><strong>Milyen alapanyagot haszn\u00e1lhatunk a szilikon form\u00e1z\u00f3hoz?<\/strong><\/span><\/h3>\n<ul>\n<li>\n<h3><span style=\"color: #333333;\">fondantot<\/span><\/h3>\n<\/li>\n<li>\n<h3><span style=\"color: #333333;\">cukormassz\u00e1t<\/span><\/h3>\n<\/li>\n<li>\n<h3><span style=\"color: #333333;\">marcip\u00e1nt<\/span><\/h3>\n<\/li>\n<li>\n<h3><span style=\"color: #333333;\">modellez\u0151 csokol\u00e1d\u00e9t<\/span><\/h3>\n<\/li>\n<li>\n<h3><span style=\"color: #333333;\">felolvasztott csokol\u00e1d\u00e9t<\/span><\/h3>\n<\/li>\n<\/ul>\n<h3><span style=\"color: #333333;\"><strong>Kezel\u00e9si \u00fatmutat\u00f3:<\/strong><\/span><\/h3>\n<ul>\n<li>\n<h3><span style=\"color: #333333;\">k\u00e9zzel moshat\u00f3, leveg\u0151n sz\u00e1r\u00edtand\u00f3<\/span><\/h3>\n<\/li>\n<\/ul>\n<h3><span style=\"color: #333333;\"><strong>Alapanyag sz\u00edne \u00e9s min\u0151s\u00edt\u00e9se:<\/strong><\/span><\/h3>\n<ul>\n<li>\n<h3><span style=\"color: #333333;\">s\u00f6t\u00e9tk\u00e9k sz\u00edn\u0171, \u00e9telk\u00e9sz\u00edt\u00e9sre alkalmas szilikon term\u00e9k<\/span><\/h3>\n<\/li>\n<\/ul>\n<h3><span style=\"color: #333333;\"><strong>Gy\u00e1rt\u00f3:<\/strong><\/span><\/h3>\n<ul>\n<li>\n<h3><span style=\"color: #333333;\">First Impression Molds \u2013 USA<\/span><\/h3>\n<\/li>\n<\/ul>\n<div id=\"themify_builder_content-3309\" data-postid=\"3309\" class=\"themify_builder_content themify_builder_content-3309 themify_builder\">\n    <\/div>\n<!-- \/themify_builder_content -->","protected":false},"excerpt":{"rendered":"<h3><span style=\"color: #333333;\"><strong>Keret k\u00fcls\u0151 m\u00e9rete:<\/strong><\/span><\/h3>\n<ul>\n<li>\n<h3><span style=\"color: #333333;\">sz\u00e9less\u00e9g: \u00a0 \u00a0 \u00a0 \u00a0 \u00a045 mm<\/span><\/h3>\n<\/li>\n<li>\n<h3><span style=\"color: #333333;\">magass\u00e1g: \u00a0 \u00a0 \u00a0 \u00a0 65 mm<\/span><\/h3>\n<\/li>\n<\/ul>\n<h3><span style=\"color: #333333;\"><strong>Bels\u0151 ov\u00e1lis r\u00e9sz m\u00e9rete:<\/strong><\/span><\/h3>\n<ul>\n<li>\n<h3><span style=\"color: #333333;\">sz\u00e9less\u00e9g: \u00a0 \u00a0 \u00a0 \u00a0 \u00a0 28 mm<\/span><\/h3>\n<\/li>\n<li>\n<h3><span style=\"color: #333333;\">magass\u00e1g: \u00a0 \u00a0 \u00a0 \u00a0 38 mm<\/span><\/h3>\n<\/li>\n<\/ul>\n","protected":false},"featured_media":25850,"comment_status":"open","ping_status":"closed","template":"","meta":[],"builder_content":"","_links":{"self":[{"href":"https:\/\/jhcakes.com\/shop\/wp-json\/wp\/v2\/product\/3309"}],"collection":[{"href":"https:\/\/jhcakes.com\/shop\/wp-json\/wp\/v2\/product"}],"about":[{"href":"https:\/\/jhcakes.com\/shop\/wp-json\/wp\/v2\/types\/product"}],"replies":[{"embeddable":true,"href":"https:\/\/jhcakes.com\/shop\/wp-json\/wp\/v2\/comments?post=3309"}],"wp:featuredmedia":[{"embeddable":true,"href":"https:\/\/jhcakes.com\/shop\/wp-json\/wp\/v2\/media\/25850"}],"wp:attachment":[{"href":"https:\/\/jhcakes.com\/shop\/wp-json\/wp\/v2\/media?parent=3309"}],"curies":[{"name":"wp","href":"https:\/\/api.w.org\/{rel}","templated":true}]}}