{"id":2528,"date":"2013-09-22T02:08:58","date_gmt":"2013-09-22T00:08:58","guid":{"rendered":"http:\/\/jhcakes.com\/shop\/product\/rozsa-level-erezo-kis-meret-2\/"},"modified":"2024-03-12T08:51:51","modified_gmt":"2024-03-12T07:51:51","slug":"rozsa-level-erezo-kis-meret-2","status":"publish","type":"product","link":"https:\/\/jhcakes.com\/shop\/termek\/rozsa-level-erezo-kis-meret-2\/","title":{"rendered":"R\u00f3zsa Lev\u00e9l Erez\u0151  Szett &#8211; Kis M\u00e9ret"},"content":{"rendered":"<div id=\"themify_builder_content-2528\" data-postid=\"2528\" class=\"themify_builder_content themify_builder_content-2528 themify_builder\">\n    <\/div>\n<!-- \/themify_builder_content -->","protected":false},"excerpt":{"rendered":"","protected":false},"featured_media":3097,"comment_status":"open","ping_status":"closed","template":"","meta":[],"builder_content":"","_links":{"self":[{"href":"https:\/\/jhcakes.com\/shop\/wp-json\/wp\/v2\/product\/2528"}],"collection":[{"href":"https:\/\/jhcakes.com\/shop\/wp-json\/wp\/v2\/product"}],"about":[{"href":"https:\/\/jhcakes.com\/shop\/wp-json\/wp\/v2\/types\/product"}],"replies":[{"embeddable":true,"href":"https:\/\/jhcakes.com\/shop\/wp-json\/wp\/v2\/comments?post=2528"}],"wp:featuredmedia":[{"embeddable":true,"href":"https:\/\/jhcakes.com\/shop\/wp-json\/wp\/v2\/media\/3097"}],"wp:attachment":[{"href":"https:\/\/jhcakes.com\/shop\/wp-json\/wp\/v2\/media?parent=2528"}],"curies":[{"name":"wp","href":"https:\/\/api.w.org\/{rel}","templated":true}]}}