{"id":24717,"date":"2023-03-16T16:07:55","date_gmt":"2023-03-16T15:07:55","guid":{"rendered":"https:\/\/jhcakes.com\/shop\/?post_type=product&#038;p=24717"},"modified":"2023-10-15T21:55:52","modified_gmt":"2023-10-15T19:55:52","slug":"malna-fagyi-sugarflair-gelfestek","status":"publish","type":"product","link":"https:\/\/jhcakes.com\/shop\/termek\/malna-fagyi-sugarflair-gelfestek\/","title":{"rendered":"M\u00e1lna fagyi Sugarflair g\u00e9lfest\u00e9k"},"content":{"rendered":"<h3 style=\"text-align: center;\"><span style=\"color: #878787;\">Nagyon sz\u00e9p sz\u00edn\u0171\u00a0<\/span><strong><span style=\"color: #ec008c;\">m\u00e1lna fagyi g\u00e9lfest\u00e9k<\/span>\u00a0<\/strong><span style=\"color: #878787;\">az angliai Sugarflairt\u0151l<\/span><\/h3>\n<p>&nbsp;<\/p>\n<div id=\"themify_builder_content-24717\" data-postid=\"24717\" class=\"themify_builder_content themify_builder_content-24717 themify_builder\">\n    \t<!-- module_row -->\n\t<div  class=\"themify_builder_row module_row clearfix module_row_0 themify_builder_24717_row module_row_24717-0 tb_nhlt332\">\n\t    \t    <div class=\"row_inner col_align_top\" >\n\t\t\t<div  class=\"module_column tb-column col-full first tb_24717_column module_column_0 module_column_24717-0-0 tb_tcb3334\">\n\t    \t    \t        <div class=\"tb-column-inner\">\n\t\t    <!-- module text -->\n<div  class=\"module module-text tb_tbqt335  repeat  \">\n            <div  class=\"tb_text_wrap\">\n    <h3><strong>\u00c1ltal\u00e1nos jellemz\u0151k a Sugarflair \u00e1ltal gy\u00e1rtott g\u00e9lekre:<\/strong><\/h3><ul><li><h3 style=\"text-align: justify;\">kiv\u00e1l\u00f3 sz\u00ednez\u00e9si adotts\u00e1g\u00a0<\/h3><\/li><li style=\"text-align: justify;\"><h3>kiv\u00e1l\u00f3 sz\u00edntart\u00e1s<\/h3><\/li><li><h3 style=\"text-align: justify;\">sz\u00e9les sk\u00e1l\u00e1j\u00fa felhaszn\u00e1l\u00e1si lehet\u0151s\u00e9gek, professzion\u00e1lis eredm\u00e9nnyel &#8211; fondant, cukormassza, marcip\u00e1n, glaz\u00far \u00e9s egy\u00e9b alapanyagok sz\u00ednez\u00e9s\u00e9re, kiv\u00e1l\u00f3 eredm\u00e9nnyel<\/h3><\/li><li><h3 style=\"text-align: justify;\">gazdas\u00e1goss\u00e1g &#8211; kis mennyis\u00e9g haszn\u00e1lata is kiv\u00e1l\u00f3 eredm\u00e9nyt hoz<\/h3><\/li><\/ul><h3><strong>Adagol\u00e1si \u00fatmutat\u00f3:<\/strong><\/h3><ul><li><h3>mindig kis mennyis\u00e9geket adagoljunk \u00e9s vegy\u00fck figyelembe, hogy a megsz\u00ednezett massza \u00e1ll\u00e1s\u00e1ban 1-2 \u00e1rnyalattal s\u00f6t\u00e9tedik<\/h3><\/li><\/ul>    <\/div>\n<\/div>\n<!-- \/module text -->\n\t        <\/div>\n\t    \t<\/div>\n\t\t    <\/div>\n\t    <!-- \/row_inner -->\n\t<\/div>\n\t<!-- \/module_row -->\n\t\t<!-- module_row -->\n\t<div  class=\"themify_builder_row module_row clearfix module_row_1 themify_builder_24717_row module_row_24717-1 tb_yxb4332\">\n\t    \t    <div class=\"row_inner col_align_top\" >\n\t\t\t<div  class=\"module_column tb-column col4-2 first tb_24717_column module_column_0 module_column_24717-1-0 tb_nsws336\">\n\t    \t    \t        <div class=\"tb-column-inner\">\n\t\t    <!-- module text -->\n<div  class=\"module module-text tb_4vfl336    \">\n            <div  class=\"tb_text_wrap\">\n    <h3><span style=\"color: #878787;\"><strong>Nett\u00f3 tartalom:<\/strong><\/span><\/h3>\n<ul>\n<li>\n<h3><strong><span style=\"color: #ec008c;\">25 gramm<\/span><\/strong><\/h3>\n<\/li>\n<\/ul>    <\/div>\n<\/div>\n<!-- \/module text -->\n<!-- module text -->\n<div  class=\"module module-text tb_uw37337  repeat  \">\n            <div  class=\"tb_text_wrap\">\n    <h3><strong>\u00d6sszetev\u0151k:<\/strong><\/h3>\n<ul>\n<li>\n<h3>nedves\u00edt\u0151anyag: E422, s\u0171r\u00edt\u0151anyag: E551<\/h3>\n<\/li>\n<li>\n<h3>sz\u00ednez\u00e9kek: E124, E133, E110 &#8211; E124 \u00e9s E110 k\u00e1ros hat\u00e1ssal lehetnek gyerekekre<\/h3>\n<\/li>\n<\/ul>    <\/div>\n<\/div>\n<!-- \/module text -->\n\t<div  class=\"themify_builder_sub_row module_subrow clearfix sub_row_1-0-2 tb_e4g4337\">\n\t    \t    <div class=\"subrow_inner col_align_top\" >\n\t\t\t<div  class=\"sub_column module_column col4-2 first sub_column_post_24717 sub_column_1-0-2-0 tb_3uwf338\"> \n\t    \t    \t<\/div>\n\t\t<div  class=\"sub_column module_column col4-2 last sub_column_post_24717 sub_column_1-0-2-1 tb_tyjt338\"> \n\t    \t    \t<\/div>\n\t\t    <\/div>\n\t<\/div><!-- \/themify_builder_sub_row -->\n\t\t        <\/div>\n\t    \t<\/div>\n\t\t<div  class=\"module_column tb-column col4-2 last tb_24717_column module_column_1 module_column_24717-1-1 tb_s6n9339\">\n\t    \t    \t        <div class=\"tb-column-inner\">\n\t\t    <!-- module text -->\n<div  class=\"module module-text tb_to7q340  repeat  \">\n            <div  class=\"tb_text_wrap\">\n    <h3><span style=\"color: #878787;\"><strong>Lej\u00e1rati id\u0151:<\/strong><\/span><\/h3>\n<ul>\n<li>\n<h3><strong><span style=\"color: #ec008c;\">2027. december 30.<\/span><\/strong><\/h3>\n<\/li>\n<\/ul>    <\/div>\n<\/div>\n<!-- \/module text -->\n<!-- module text -->\n<div  class=\"module module-text tb_sluf341  repeat  \">\n            <div  class=\"tb_text_wrap\">\n    <h3><span style=\"color: #878787;\"><strong>T\u00e1rol\u00e1si \u00fatmutat\u00f3:<\/strong><\/span><\/h3><ul><li><h3><span style=\"color: #878787;\">s\u00f6t\u00e9t, h\u0171v\u00f6s, sz\u00e1raz helyen t\u00e1roland\u00f3<\/span><\/h3><\/li><\/ul>    <\/div>\n<\/div>\n<!-- \/module text -->\n\t        <\/div>\n\t    \t<\/div>\n\t\t    <\/div>\n\t    <!-- \/row_inner -->\n\t<\/div>\n\t<!-- \/module_row -->\n\t<\/div>\n\n","protected":false},"excerpt":{"rendered":"<p>Nagyon sz\u00e9p sz\u00edn\u0171\u00a0m\u00e1lna fagyi g\u00e9lfest\u00e9k\u00a0az angliai Sugarflairt\u0151l &nbsp; \u00c1ltal\u00e1nos jellemz\u0151k a Sugarflair \u00e1ltal gy\u00e1rtott g\u00e9lekre: kiv\u00e1l\u00f3 sz\u00ednez\u00e9si adotts\u00e1g kiv\u00e1l\u00f3 sz\u00edntart\u00e1s sz\u00e9les sk\u00e1l\u00e1j\u00fa felhaszn\u00e1l\u00e1si lehet\u0151s\u00e9gek, professzion\u00e1lis eredm\u00e9nnyel &#8211; fondant, cukormassza, marcip\u00e1n, glaz\u00far \u00e9s egy\u00e9b alapanyagok sz\u00ednez\u00e9s\u00e9re, kiv\u00e1l\u00f3 eredm\u00e9nnyel gazdas\u00e1goss\u00e1g &#8211; kis mennyis\u00e9g haszn\u00e1lata is kiv\u00e1l\u00f3 eredm\u00e9nyt hoz Adagol\u00e1si \u00fatmutat\u00f3: mindig kis mennyis\u00e9geket adagoljunk \u00e9s vegy\u00fck figyelembe, [&hellip;]<\/p>\n","protected":false},"featured_media":24715,"comment_status":"open","ping_status":"closed","template":"","meta":[],"builder_content":"<h3><strong>\u00c1ltal\u00e1nos jellemz\u0151k a Sugarflair \u00e1ltal gy\u00e1rtott g\u00e9lekre:<\/strong><\/h3><ul><li><h3 style=\"text-align: justify;\">kiv\u00e1l\u00f3 sz\u00ednez\u00e9si adotts\u00e1g\u00a0<\/h3><\/li><li style=\"text-align: justify;\"><h3>kiv\u00e1l\u00f3 sz\u00edntart\u00e1s<\/h3><\/li><li><h3 style=\"text-align: justify;\">sz\u00e9les sk\u00e1l\u00e1j\u00fa felhaszn\u00e1l\u00e1si lehet\u0151s\u00e9gek, professzion\u00e1lis eredm\u00e9nnyel - fondant, cukormassza, marcip\u00e1n, glaz\u00far \u00e9s egy\u00e9b alapanyagok sz\u00ednez\u00e9s\u00e9re, kiv\u00e1l\u00f3 eredm\u00e9nnyel<\/h3><\/li><li><h3 style=\"text-align: justify;\">gazdas\u00e1goss\u00e1g - kis mennyis\u00e9g haszn\u00e1lata is kiv\u00e1l\u00f3 eredm\u00e9nyt hoz<\/h3><\/li><\/ul><h3><strong>Adagol\u00e1si \u00fatmutat\u00f3:<\/strong><\/h3><ul><li><h3>mindig kis mennyis\u00e9geket adagoljunk \u00e9s vegy\u00fck figyelembe, hogy a megsz\u00ednezett massza \u00e1ll\u00e1s\u00e1ban 1-2 \u00e1rnyalattal s\u00f6t\u00e9tedik<\/h3><\/li><\/ul>\n<h3><strong>Nett\u00f3 tartalom:<\/strong><\/h3> <ul> <li> <h3><strong>25 gramm<\/strong><\/h3> <\/li> <\/ul>\n<h3><strong>\u00d6sszetev\u0151k:<\/strong><\/h3> <ul> <li> <h3>nedves\u00edt\u0151anyag: E422, s\u0171r\u00edt\u0151anyag: E551<\/h3> <\/li> <li> <h3>sz\u00ednez\u00e9kek: E124, E133, E110 - E124 \u00e9s E110 k\u00e1ros hat\u00e1ssal lehetnek gyerekekre<\/h3> <\/li> <\/ul>\n<h3><strong>Lej\u00e1rati id\u0151:<\/strong><\/h3> <ul> <li> <h3><strong>2027. december 30.<\/strong><\/h3> <\/li> <\/ul>\n<h3><strong>T\u00e1rol\u00e1si \u00fatmutat\u00f3:<\/strong><\/h3><ul><li><h3>s\u00f6t\u00e9t, h\u0171v\u00f6s, sz\u00e1raz helyen t\u00e1roland\u00f3<\/h3><\/li><\/ul>","_links":{"self":[{"href":"https:\/\/jhcakes.com\/shop\/wp-json\/wp\/v2\/product\/24717"}],"collection":[{"href":"https:\/\/jhcakes.com\/shop\/wp-json\/wp\/v2\/product"}],"about":[{"href":"https:\/\/jhcakes.com\/shop\/wp-json\/wp\/v2\/types\/product"}],"replies":[{"embeddable":true,"href":"https:\/\/jhcakes.com\/shop\/wp-json\/wp\/v2\/comments?post=24717"}],"wp:featuredmedia":[{"embeddable":true,"href":"https:\/\/jhcakes.com\/shop\/wp-json\/wp\/v2\/media\/24715"}],"wp:attachment":[{"href":"https:\/\/jhcakes.com\/shop\/wp-json\/wp\/v2\/media?parent=24717"}],"curies":[{"name":"wp","href":"https:\/\/api.w.org\/{rel}","templated":true}]}}

Málna fagyi Sugarflair gélfesték

<h3 style="text-align: center;"><span style="color: #878787;">Nagyon szép színű </span><strong><span style="color: #ec008c;">málna fagyi gélfesték</span> </strong><span style="color: #878787;">az angliai Sugarflairtől</span></h3>
<p>&nbsp;</p>
<div id="themify_builder_content-24717" data-postid="24717" class="themify_builder_content themify_builder_content-24717 themify_builder">
    	<!-- module_row -->
	<div  class="themify_builder_row module_row clearfix module_row_0 themify_builder_24717_row module_row_24717-0 tb_nhlt332">
	    	    <div class="row_inner col_align_top" >
			<div  class="module_column tb-column col-full first tb_24717_column module_column_0 module_column_24717-0-0 tb_tcb3334">
	    	    	        <div class="tb-column-inner">
		    <!-- module text -->
<div  class="module module-text tb_tbqt335  repeat  ">
            <div  class="tb_text_wrap">
    <h3><strong>Általános jellemzők a Sugarflair által gyártott gélekre:</strong></h3><ul><li><h3 style="text-align: justify;">kiváló színezési adottság </h3></li><li style="text-align: justify;"><h3>kiváló színtartás</h3></li><li><h3 style="text-align: justify;">széles skálájú felhasználási lehetőségek, professzionális eredménnyel &#8211; fondant, cukormassza, marcipán, glazúr és egyéb alapanyagok színezésére, kiváló eredménnyel</h3></li><li><h3 style="text-align: justify;">gazdaságosság &#8211; kis mennyiség használata is kiváló eredményt hoz</h3></li></ul><h3><strong>Adagolási útmutató:</strong></h3><ul><li><h3>mindig kis mennyiségeket adagoljunk és vegyük figyelembe, hogy a megszínezett massza állásában 1-2 árnyalattal sötétedik</h3></li></ul>    </div>
</div>
<!-- /module text -->
	        </div>
	    	</div>
		    </div>
	    <!-- /row_inner -->
	</div>
	<!-- /module_row -->
		<!-- module_row -->
	<div  class="themify_builder_row module_row clearfix module_row_1 themify_builder_24717_row module_row_24717-1 tb_yxb4332">
	    	    <div class="row_inner col_align_top" >
			<div  class="module_column tb-column col4-2 first tb_24717_column module_column_0 module_column_24717-1-0 tb_nsws336">
	    	    	        <div class="tb-column-inner">
		    <!-- module text -->
<div  class="module module-text tb_4vfl336    ">
            <div  class="tb_text_wrap">
    <h3><span style="color: #878787;"><strong>Nettó tartalom:</strong></span></h3>
<ul>
<li>
<h3><strong><span style="color: #ec008c;">25 gramm</span></strong></h3>
</li>
</ul>    </div>
</div>
<!-- /module text -->
<!-- module text -->
<div  class="module module-text tb_uw37337  repeat  ">
            <div  class="tb_text_wrap">
    <h3><strong>Összetevők:</strong></h3>
<ul>
<li>
<h3>nedvesítőanyag: E422, sűrítőanyag: E551</h3>
</li>
<li>
<h3>színezékek: E124, E133, E110 &#8211; E124 és E110 káros hatással lehetnek gyerekekre</h3>
</li>
</ul>    </div>
</div>
<!-- /module text -->
	<div  class="themify_builder_sub_row module_subrow clearfix sub_row_1-0-2 tb_e4g4337">
	    	    <div class="subrow_inner col_align_top" >
			<div  class="sub_column module_column col4-2 first sub_column_post_24717 sub_column_1-0-2-0 tb_3uwf338"> 
	    	    	</div>
		<div  class="sub_column module_column col4-2 last sub_column_post_24717 sub_column_1-0-2-1 tb_tyjt338"> 
	    	    	</div>
		    </div>
	</div><!-- /themify_builder_sub_row -->
		        </div>
	    	</div>
		<div  class="module_column tb-column col4-2 last tb_24717_column module_column_1 module_column_24717-1-1 tb_s6n9339">
	    	    	        <div class="tb-column-inner">
		    <!-- module text -->
<div  class="module module-text tb_to7q340  repeat  ">
            <div  class="tb_text_wrap">
    <h3><span style="color: #878787;"><strong>Lejárati idő:</strong></span></h3>
<ul>
<li>
<h3><strong><span style="color: #ec008c;">2027. december 30.</span></strong></h3>
</li>
</ul>    </div>
</div>
<!-- /module text -->
<!-- module text -->
<div  class="module module-text tb_sluf341  repeat  ">
            <div  class="tb_text_wrap">
    <h3><span style="color: #878787;"><strong>Tárolási útmutató:</strong></span></h3><ul><li><h3><span style="color: #878787;">sötét, hűvös, száraz helyen tárolandó</span></h3></li></ul>    </div>
</div>
<!-- /module text -->
	        </div>
	    	</div>
		    </div>
	    <!-- /row_inner -->
	</div>
	<!-- /module_row -->
	</div>

<p>Nagyon szép színű málna fagyi gélfesték az angliai Sugarflairtől &nbsp; Általános jellemzők a Sugarflair által gyártott gélekre: kiváló színezési adottság kiváló színtartás széles skálájú felhasználási lehetőségek, professzionális eredménnyel &#8211; fondant, cukormassza, marcipán, glazúr és egyéb alapanyagok színezésére, kiváló eredménnyel gazdaságosság &#8211; kis mennyiség használata is kiváló eredményt hoz Adagolási útmutató: mindig kis mennyiségeket adagoljunk és vegyük figyelembe, [&hellip;]</p>

<h3><strong>Általános jellemzők a Sugarflair által gyártott gélekre:</strong></h3><ul><li><h3 style="text-align: justify;">kiváló színezési adottság </h3></li><li style="text-align: justify;"><h3>kiváló színtartás</h3></li><li><h3 style="text-align: justify;">széles skálájú felhasználási lehetőségek, professzionális eredménnyel - fondant, cukormassza, marcipán, glazúr és egyéb alapanyagok színezésére, kiváló eredménnyel</h3></li><li><h3 style="text-align: justify;">gazdaságosság - kis mennyiség használata is kiváló eredményt hoz</h3></li></ul><h3><strong>Adagolási útmutató:</strong></h3><ul><li><h3>mindig kis mennyiségeket adagoljunk és vegyük figyelembe, hogy a megszínezett massza állásában 1-2 árnyalattal sötétedik</h3></li></ul>
<h3><strong>Nettó tartalom:</strong></h3> <ul> <li> <h3><strong>25 gramm</strong></h3> </li> </ul>
<h3><strong>Összetevők:</strong></h3> <ul> <li> <h3>nedvesítőanyag: E422, sűrítőanyag: E551</h3> </li> <li> <h3>színezékek: E124, E133, E110 - E124 és E110 káros hatással lehetnek gyerekekre</h3> </li> </ul>
<h3><strong>Lejárati idő:</strong></h3> <ul> <li> <h3><strong>2027. december 30.</strong></h3> </li> </ul>
<h3><strong>Tárolási útmutató:</strong></h3><ul><li><h3>sötét, hűvös, száraz helyen tárolandó</h3></li></ul>
