{"id":24102,"date":"2022-07-05T22:22:20","date_gmt":"2022-07-05T20:22:20","guid":{"rendered":"https:\/\/jhcakes.com\/shop\/?post_type=product&#038;p=24102"},"modified":"2023-05-09T20:39:06","modified_gmt":"2023-05-09T18:39:06","slug":"art-deco-nagybetu-es-szam-szett","status":"publish","type":"product","link":"https:\/\/jhcakes.com\/shop\/termek\/art-deco-nagybetu-es-szam-szett\/","title":{"rendered":"Art Deco nagybet\u0171 \u00e9s sz\u00e1m szett"},"content":{"rendered":"<h3>Sz\u00e9p form\u00e1j\u00fa <span style=\"color: #ec008c;\"><strong>art deco nagybet\u0171 \u00e9s sz\u00e1m kisz\u00far\u00f3szett<\/strong><\/span>\u00a0az FMM-t\u0151l. A kisz\u00fart bet\u0171ket \u00e9s sz\u00e1mokot felhaszn\u00e1lhatjuk tort\u00e1k, m\u00e9zesek, muffinok \u00e9s egy\u00e9b desszertek d\u00edsz\u00edt\u00e9s\u00e9re is.<\/h3>\n<p>&nbsp;<\/p>\n<h3><strong>Mihez aj\u00e1nljuk a kisz\u00far\u00f3szettet?<\/strong><\/h3>\n<ul>\n<li>\n<h3>fondant, cukormassza \u00e9s marcip\u00e1n bet\u0171k \u00e9s sz\u00e1mok kisz\u00far\u00e1s\u00e1hoz<\/h3>\n<\/li>\n<\/ul>\n<h3><strong>Alapanyag:<\/strong><\/h3>\n<ul>\n<li>\n<h3>m\u0171anyag<\/h3>\n<\/li>\n<\/ul>\n<h3 id=\"tab-description\"><strong>Kezel\u00e9si \u00fatmutat\u00f3:<\/strong><\/h3>\n<ul>\n<li>\n<h3>k\u00e9zzel moshat\u00f3, leveg\u0151n sz\u00e1r\u00edtand\u00f3<\/h3>\n<\/li>\n<\/ul>\n<h3><strong>Gy\u00e1rt\u00f3:<\/strong><\/h3>\n<ul>\n<li>\n<h3>FMM \u2013 Anglia<\/h3>\n<\/li>\n<\/ul>\n<div style=\"width: 1165px; \" class=\"wp-video\"><!--[if lt IE 9]><script>document.createElement('video');<\/script><![endif]-->\n<video class=\"wp-video-shortcode\" id=\"video-24102-1\" width=\"1165\" height=\"655\" preload=\"metadata\" controls=\"controls\"><source type=\"video\/mp4\" src=\"https:\/\/jhcakes.com\/shop\/wp-content\/uploads\/2014\/05\/How-to-use-FMM-Tappits-Step-by-Step-Tutorial-Ceri-Badham.mp4?_=1\" \/><a href=\"https:\/\/jhcakes.com\/shop\/wp-content\/uploads\/2014\/05\/How-to-use-FMM-Tappits-Step-by-Step-Tutorial-Ceri-Badham.mp4\">https:\/\/jhcakes.com\/shop\/wp-content\/uploads\/2014\/05\/How-to-use-FMM-Tappits-Step-by-Step-Tutorial-Ceri-Badham.mp4<\/a><\/video><\/div>\n<div id=\"themify_builder_content-24102\" data-postid=\"24102\" class=\"themify_builder_content themify_builder_content-24102 themify_builder\">\n    <\/div>\n<!-- \/themify_builder_content -->","protected":false},"excerpt":{"rendered":"<h3><strong>N\u00e9h\u00e1ny bet\u0171 \u00e9s a sz\u00e1mok m\u00e9rete:<\/strong><\/h3>\n<ul>\n<li>A: \u00a0 \u00a0 \u00a0 \u00a0 \u00a0 \u00a0 \u00a0 \u00a0 sz: 20 mm x m: 19 mm<\/li>\n<li>F: \u00a0 \u00a0 \u00a0 \u00a0 \u00a0 \u00a0 \u00a0 \u00a0 sz: 14 mm x m: 19 mm<\/li>\n<li>M: \u00a0 \u00a0 \u00a0 \u00a0 \u00a0 \u00a0 \u00a0 \u00a0sz: 20 mm x m: 19 mm<\/li>\n<li>sz\u00e1mok: \u00a0 \u00a0 m: 19 mm<\/li>\n<\/ul>\n","protected":false},"featured_media":24103,"comment_status":"closed","ping_status":"closed","template":"","meta":[],"builder_content":"","_links":{"self":[{"href":"https:\/\/jhcakes.com\/shop\/wp-json\/wp\/v2\/product\/24102"}],"collection":[{"href":"https:\/\/jhcakes.com\/shop\/wp-json\/wp\/v2\/product"}],"about":[{"href":"https:\/\/jhcakes.com\/shop\/wp-json\/wp\/v2\/types\/product"}],"replies":[{"embeddable":true,"href":"https:\/\/jhcakes.com\/shop\/wp-json\/wp\/v2\/comments?post=24102"}],"wp:featuredmedia":[{"embeddable":true,"href":"https:\/\/jhcakes.com\/shop\/wp-json\/wp\/v2\/media\/24103"}],"wp:attachment":[{"href":"https:\/\/jhcakes.com\/shop\/wp-json\/wp\/v2\/media?parent=24102"}],"curies":[{"name":"wp","href":"https:\/\/api.w.org\/{rel}","templated":true}]}}