{"id":24006,"date":"2022-06-30T18:44:30","date_gmt":"2022-06-30T16:44:30","guid":{"rendered":"https:\/\/jhcakes.com\/shop\/?post_type=product&#038;p=24006"},"modified":"2023-04-25T16:09:36","modified_gmt":"2023-04-25T14:09:36","slug":"szellorozsa-szirom-es-level-kiszuroszett","status":"publish","type":"product","link":"https:\/\/jhcakes.com\/shop\/termek\/szellorozsa-szirom-es-level-kiszuroszett\/","title":{"rendered":"Szell\u0151r\u00f3zsa szirom \u00e9s lev\u00e9l kisz\u00far\u00f3szett"},"content":{"rendered":"<h3 style=\"text-align: justify;\"><strong><span style=\"color: #ec008c;\">4 darabos szell\u0151r\u00f3zsa szirom \u00e9s lev\u00e9l kisz\u00far\u00f3szett\u00a0<\/span><\/strong>a JEM m\u00e1rk\u00e1t\u00f3l. Ezzel a szettel gyorsan \u00e9s egyszer\u0171en k\u00e9sz\u00edthet\u0151k a szell\u0151r\u00f3zs\u00e1k &#8211; kezd\u0151knek is, halad\u00f3knak is aj\u00e1nljuk. A kisz\u00far\u00f3k haszn\u00e1lata nagyon k\u00f6nny\u0171, az \u00e9les v\u00e1g\u00f3\u00e9leknek k\u00f6sz\u00f6nhet\u0151en.<\/h3>\n<p>&nbsp;<\/p>\n<h3><strong>Mihez aj\u00e1nljuk a kisz\u00far\u00f3szettet?<\/strong><\/h3>\n<ul>\n<li>\n<h3>cukorvir\u00e1gok k\u00e9sz\u00edt\u00e9s\u00e9hez<\/h3>\n<\/li>\n<\/ul>\n<h3><strong>Alapanyag:<\/strong><\/h3>\n<ul>\n<li>\n<h3>m\u0171anyag<\/h3>\n<\/li>\n<\/ul>\n<h3 id=\"tab-description\"><strong>Kezel\u00e9si \u00fatmutat\u00f3:<\/strong><\/h3>\n<ul>\n<li>\n<h3>k\u00e9zzel moshat\u00f3, leveg\u0151n sz\u00e1r\u00edtand\u00f3<\/h3>\n<\/li>\n<\/ul>\n<h3><strong>Gy\u00e1rt\u00f3:<\/strong><\/h3>\n<ul>\n<li>\n<h3>JEM<\/h3>\n<\/li>\n<\/ul>\n<div id=\"themify_builder_content-24006\" data-postid=\"24006\" class=\"themify_builder_content themify_builder_content-24006 themify_builder\">\n    <\/div>\n<!-- \/themify_builder_content -->","protected":false},"excerpt":{"rendered":"<h3><strong>Kisz\u00far\u00f3k fajt\u00e1ja \u00e9s m\u00e9rete:<\/strong><\/h3>\n<ol>\n<li>\n<h3>lev\u00e9l \u00e9s cs\u00e9szelev\u00e9l kisz\u00far\u00f3: \u00a0 \u00a0 \u00a0 \u00a068 mm<\/h3>\n<\/li>\n<li>\n<h3>legkisebb szirom kisz\u00far\u00f3: \u00a0 \u00a0 \u00a0 \u00a0 \u00a0 \u00a068 mm<\/h3>\n<\/li>\n<li>\n<h3>szirom kisz\u00far\u00f3: \u00a0 \u00a0 \u00a0 \u00a0 \u00a0 \u00a0 \u00a0 \u00a0 \u00a0 \u00a0 \u00a0 \u00a0 \u00a0 \u00a0 \u00a0 78 mm<\/h3>\n<\/li>\n<li>\n<h3>szirom kisz\u00far\u00f3: \u00a0 \u00a0 \u00a0 \u00a0 \u00a0 \u00a0 \u00a0 \u00a0 \u00a0 \u00a0 \u00a0 \u00a0 \u00a0 \u00a0 \u00a0 72 mm<\/h3>\n<\/li>\n<\/ol>\n","protected":false},"featured_media":24007,"comment_status":"closed","ping_status":"closed","template":"","meta":[],"builder_content":"","_links":{"self":[{"href":"https:\/\/jhcakes.com\/shop\/wp-json\/wp\/v2\/product\/24006"}],"collection":[{"href":"https:\/\/jhcakes.com\/shop\/wp-json\/wp\/v2\/product"}],"about":[{"href":"https:\/\/jhcakes.com\/shop\/wp-json\/wp\/v2\/types\/product"}],"replies":[{"embeddable":true,"href":"https:\/\/jhcakes.com\/shop\/wp-json\/wp\/v2\/comments?post=24006"}],"wp:featuredmedia":[{"embeddable":true,"href":"https:\/\/jhcakes.com\/shop\/wp-json\/wp\/v2\/media\/24007"}],"wp:attachment":[{"href":"https:\/\/jhcakes.com\/shop\/wp-json\/wp\/v2\/media?parent=24006"}],"curies":[{"name":"wp","href":"https:\/\/api.w.org\/{rel}","templated":true}]}}