{"id":23981,"date":"2022-06-26T12:58:23","date_gmt":"2022-06-26T10:58:23","guid":{"rendered":"https:\/\/jhcakes.com\/shop\/?post_type=product&#038;p=23981"},"modified":"2023-09-19T10:19:10","modified_gmt":"2023-09-19T08:19:10","slug":"lana-ovalis-tabla-kiszuro","status":"publish","type":"product","link":"https:\/\/jhcakes.com\/shop\/termek\/lana-ovalis-tabla-kiszuro\/","title":{"rendered":"L\u00e1na ov\u00e1lis t\u00e1bla kisz\u00far\u00f3"},"content":{"rendered":"<h3 style=\"text-align: justify;\"><strong><span style=\"color: #ec008c;\">L\u00e1na ov\u00e1lis t\u00e1bla kisz\u00far\u00f3<\/span>\u00a0<\/strong>k\u00fcl\u00f6nleges alkalmakra, az angliai Orchard Products c\u00e9gt\u0151l. Tortad\u00edsz\u00edt\u00e9shez \u00e9s m\u00e9zesek k\u00e9sz\u00edt\u00e9s\u00e9hez egyar\u00e1nt haszn\u00e1lhat\u00f3. A kisz\u00far\u00f3 nagyon j\u00f3 min\u0151s\u00e9g\u0171, nagyon \u00e9les v\u00e1g\u00f3\u00e9llel rendelkezik. M\u00e9rete miatt k\u00fcl\u00f6n\u00f6sen kiv\u00e1l\u00f3 \u00fcdv\u00f6zl\u0151 t\u00e1bl\u00e1k, k\u00f6sz\u00f6n\u0151aj\u00e1nd\u00e9kok k\u00e9sz\u00edt\u00e9s\u00e9re.<\/h3>\n<h3><span style=\"color: #1ba6b4;\"><strong>TIPP:<\/strong><\/span><br \/>\nA kisz\u00far\u00f3 h\u00e1toldal\u00e1n kis fog\u00f3 van, amivel a massz\u00e1ban nyom\u00e1s \u00e9s kiemel\u00e9s nagyon k\u00f6nny\u0171v\u00e9 v\u00e1lik:)<\/h3>\n<p><span style=\"color: #878787;\">\u00a0<\/span><\/p>\n<h3><span style=\"color: #7a7a7a;\"><strong>Mihez aj\u00e1nljuk a kisz\u00far\u00f3t?<\/strong><\/span><\/h3>\n<ul>\n<li>\n<h3><span style=\"color: #878787;\">m\u00e9zes \u00e9s egy\u00e9b t\u00e9sztaf\u00e9l\u00e9khez<\/span><\/h3>\n<\/li>\n<li>\n<h3><span style=\"color: #878787;\">fondant, cukormassza \u00e9s marcip\u00e1n form\u00e1k kisz\u00far\u00e1s\u00e1hoz<\/span><\/h3>\n<\/li>\n<\/ul>\n<h3><strong>Alapanyag:<\/strong><\/h3>\n<ul>\n<li>\n<h3><span style=\"color: #878787;\">er\u0151s, j\u00f3 min\u0151s\u00e9g\u0171 m\u0171anyag, \u00e9les v\u00e1g\u00f3\u00e9llel ell\u00e1tva<\/span><\/h3>\n<\/li>\n<\/ul>\n<h3><strong>Kezel\u00e9si \u00fatmutat\u00f3:<\/strong><\/h3>\n<ul>\n<li>\n<h3>k\u00e9zzel moshat\u00f3, leveg\u0151n sz\u00e1r\u00edtand\u00f3<\/h3>\n<\/li>\n<\/ul>\n<h3><strong>Gy\u00e1rt\u00f3:<\/strong><\/h3>\n<ul>\n<li>\n<h3>Orchard Products &#8211; Anglia<\/h3>\n<\/li>\n<\/ul>\n<div id=\"themify_builder_content-23981\" data-postid=\"23981\" class=\"themify_builder_content themify_builder_content-23981 themify_builder\">\n    <\/div>\n<!-- \/themify_builder_content -->","protected":false},"excerpt":{"rendered":"<h3><strong>Kisz\u00far\u00f3 m\u00e9rete:<\/strong><\/h3>\n<ul>\n<li>\n<h3>sz\u00e9less\u00e9g: \u00a0 \u00a0 \u00a0103 mm<\/h3>\n<\/li>\n<li>\n<h3>magass\u00e1g: \u00a0 \u00a0 \u00a072 mm<\/h3>\n<\/li>\n<\/ul>\n<h3><strong>V\u00e1g\u00f3\u00e9l magass\u00e1ga:<\/strong><\/h3>\n<ul>\n<li>\n<h3>10 mm<\/h3>\n<\/li>\n<\/ul>\n","protected":false},"featured_media":23982,"comment_status":"open","ping_status":"closed","template":"","meta":[],"builder_content":"","_links":{"self":[{"href":"https:\/\/jhcakes.com\/shop\/wp-json\/wp\/v2\/product\/23981"}],"collection":[{"href":"https:\/\/jhcakes.com\/shop\/wp-json\/wp\/v2\/product"}],"about":[{"href":"https:\/\/jhcakes.com\/shop\/wp-json\/wp\/v2\/types\/product"}],"replies":[{"embeddable":true,"href":"https:\/\/jhcakes.com\/shop\/wp-json\/wp\/v2\/comments?post=23981"}],"wp:featuredmedia":[{"embeddable":true,"href":"https:\/\/jhcakes.com\/shop\/wp-json\/wp\/v2\/media\/23982"}],"wp:attachment":[{"href":"https:\/\/jhcakes.com\/shop\/wp-json\/wp\/v2\/media?parent=23981"}],"curies":[{"name":"wp","href":"https:\/\/api.w.org\/{rel}","templated":true}]}}