{"id":23957,"date":"2022-06-24T19:36:11","date_gmt":"2022-06-24T17:36:11","guid":{"rendered":"https:\/\/jhcakes.com\/shop\/?post_type=product&#038;p=23957"},"modified":"2022-09-01T21:56:47","modified_gmt":"2022-09-01T19:56:47","slug":"cseszelevel-kiszuro-fmm-55-mm","status":"publish","type":"product","link":"https:\/\/jhcakes.com\/shop\/termek\/cseszelevel-kiszuro-fmm-55-mm\/","title":{"rendered":"Cs\u00e9szelev\u00e9l kisz\u00far\u00f3 FMM &#8211; 55 mm"},"content":{"rendered":"<h3 style=\"text-align: justify;\"><span style=\"color: #ec008c;\"><strong>Cs\u00e9szelev\u00e9l kisz\u00far\u00f3\u00a0<\/strong><\/span>az angliai FMM c\u00e9gt\u0151l. A kisz\u00far\u00f3t haszn\u00e1lhatjuk cukorvir\u00e1gok k\u00e9sz\u00edt\u00e9s\u00e9re \u00e9s kekszek, tort\u00e1k dekor\u00e1l\u00e1s\u00e1ra is.<\/h3>\n<p>&nbsp;<\/p>\n<h3><\/h3>\n<h3><strong>Mihez haszn\u00e1ljuk a kisz\u00far\u00f3t?<\/strong><\/h3>\n<ul>\n<li>\n<h3>fondant, cukormassza \u00e9s marcip\u00e1n form\u00e1k kisz\u00far\u00e1s\u00e1hoz<\/h3>\n<\/li>\n<li>\n<h3>5 mm-n\u00e9l nem vastagabb kekszek kisz\u00far\u00e1s\u00e1hoz<\/h3>\n<\/li>\n<\/ul>\n<h3><strong>Alapanyag:<\/strong><\/h3>\n<ul>\n<li>\n<h3>m\u0171anyag, kiv\u00e1l\u00f3 v\u00e1g\u00f3 \u00e9llel ell\u00e1tva<\/h3>\n<\/li>\n<\/ul>\n<h3 id=\"tab-description\"><strong>Kezel\u00e9si \u00fatmutat\u00f3:<\/strong><\/h3>\n<ul>\n<li>\n<h3>k\u00e9zzel moshat\u00f3, leveg\u0151n sz\u00e1r\u00edtand\u00f3<\/h3>\n<\/li>\n<\/ul>\n<h3><strong>Gy\u00e1rt\u00f3:<\/strong><\/h3>\n<ul>\n<li>\n<h3>FMM &#8211; Anglia<\/h3>\n<\/li>\n<\/ul>\n<div id=\"themify_builder_content-23957\" data-postid=\"23957\" class=\"themify_builder_content themify_builder_content-23957 themify_builder\">\n    <\/div>\n<!-- \/themify_builder_content -->","protected":false},"excerpt":{"rendered":"<h3><strong>Kisz\u00far\u00f3 \u00e1tm\u00e9r\u0151je:<\/strong><\/h3>\n<ul>\n<li>\n<h3>55 mm<\/h3>\n<\/li>\n<\/ul>\n<h3><strong>V\u00e1g\u00f3\u00e9l magass\u00e1ga: <\/strong><\/h3>\n<ul>\n<li>\n<h3>5 mm<\/h3>\n<\/li>\n<\/ul>\n","protected":false},"featured_media":23955,"comment_status":"open","ping_status":"closed","template":"","meta":[],"builder_content":"","_links":{"self":[{"href":"https:\/\/jhcakes.com\/shop\/wp-json\/wp\/v2\/product\/23957"}],"collection":[{"href":"https:\/\/jhcakes.com\/shop\/wp-json\/wp\/v2\/product"}],"about":[{"href":"https:\/\/jhcakes.com\/shop\/wp-json\/wp\/v2\/types\/product"}],"replies":[{"embeddable":true,"href":"https:\/\/jhcakes.com\/shop\/wp-json\/wp\/v2\/comments?post=23957"}],"wp:featuredmedia":[{"embeddable":true,"href":"https:\/\/jhcakes.com\/shop\/wp-json\/wp\/v2\/media\/23955"}],"wp:attachment":[{"href":"https:\/\/jhcakes.com\/shop\/wp-json\/wp\/v2\/media?parent=23957"}],"curies":[{"name":"wp","href":"https:\/\/api.w.org\/{rel}","templated":true}]}}