{"id":23948,"date":"2022-06-24T17:26:35","date_gmt":"2022-06-24T15:26:35","guid":{"rendered":"https:\/\/jhcakes.com\/shop\/?post_type=product&#038;p=23948"},"modified":"2022-12-29T15:50:16","modified_gmt":"2022-12-29T14:50:16","slug":"borostyan-kiszuroszett-fmm","status":"publish","type":"product","link":"https:\/\/jhcakes.com\/shop\/termek\/borostyan-kiszuroszett-fmm\/","title":{"rendered":"Borosty\u00e1n kisz\u00far\u00f3szett FMM"},"content":{"rendered":"<h3 style=\"text-align: justify;\"><span style=\"color: #ec008c;\"><strong>3 darabos borosty\u00e1n kisz\u00f3r\u00f3szett\u00a0<\/strong><\/span>az angliai FMM c\u00e9gt\u0151l. A szettet haszn\u00e1lhatjuk kekszek \u00e9s tort\u00e1k dekor\u00e1l\u00e1s\u00e1ra is.<\/h3>\n<p>&nbsp;<\/p>\n<h3><\/h3>\n<h3><strong>Mihez haszn\u00e1ljuk a kisz\u00far\u00f3szettet?<\/strong><\/h3>\n<ul>\n<li>\n<h3>fondant, cukormassza \u00e9s marcip\u00e1n form\u00e1k kisz\u00far\u00e1s\u00e1hoz<\/h3>\n<\/li>\n<li>\n<h3>5 mm-n\u00e9l nem vastagabb kekszek kisz\u00far\u00e1s\u00e1hoz<\/h3>\n<\/li>\n<\/ul>\n<h3><strong>Alapanyag:<\/strong><\/h3>\n<ul>\n<li>\n<h3>m\u0171anyag, kiv\u00e1l\u00f3 v\u00e1g\u00f3 \u00e9llel ell\u00e1tva<\/h3>\n<\/li>\n<\/ul>\n<h3 id=\"tab-description\"><strong>Kezel\u00e9si \u00fatmutat\u00f3:<\/strong><\/h3>\n<ul>\n<li>\n<h3>k\u00e9zzel moshat\u00f3, leveg\u0151n sz\u00e1r\u00edtand\u00f3<\/h3>\n<\/li>\n<\/ul>\n<h3><strong>Gy\u00e1rt\u00f3:<\/strong><\/h3>\n<ul>\n<li>\n<h3>FMM &#8211; Anglia<\/h3>\n<\/li>\n<\/ul>\n<div id=\"themify_builder_content-23948\" data-postid=\"23948\" class=\"themify_builder_content themify_builder_content-23948 themify_builder\">\n    <\/div>\n<!-- \/themify_builder_content -->","protected":false},"excerpt":{"rendered":"<h3><strong>Kisz\u00far\u00f3k m\u00e9rete:<\/strong><\/h3>\n<ul>\n<li>\n<h3>kis borosty\u00e1n &#8211; sz: 9 mm x m: 9 mm<\/h3>\n<\/li>\n<li>\n<h3>k\u00f6zepes borosty\u00e1n &#8211; sz: 21 mm x m: 21 mm<\/h3>\n<\/li>\n<li>\n<h3>nagy borosty\u00e1n &#8211; sz: 28 mm x m: 28 mm<\/h3>\n<\/li>\n<\/ul>\n<h3><strong>V\u00e1g\u00f3\u00e9l magass\u00e1ga: <\/strong><\/h3>\n<ul>\n<li>\n<h3>5 mm<\/h3>\n<\/li>\n<\/ul>\n","protected":false},"featured_media":3164,"comment_status":"open","ping_status":"closed","template":"","meta":[],"builder_content":"","_links":{"self":[{"href":"https:\/\/jhcakes.com\/shop\/wp-json\/wp\/v2\/product\/23948"}],"collection":[{"href":"https:\/\/jhcakes.com\/shop\/wp-json\/wp\/v2\/product"}],"about":[{"href":"https:\/\/jhcakes.com\/shop\/wp-json\/wp\/v2\/types\/product"}],"replies":[{"embeddable":true,"href":"https:\/\/jhcakes.com\/shop\/wp-json\/wp\/v2\/comments?post=23948"}],"wp:featuredmedia":[{"embeddable":true,"href":"https:\/\/jhcakes.com\/shop\/wp-json\/wp\/v2\/media\/3164"}],"wp:attachment":[{"href":"https:\/\/jhcakes.com\/shop\/wp-json\/wp\/v2\/media?parent=23948"}],"curies":[{"name":"wp","href":"https:\/\/api.w.org\/{rel}","templated":true}]}}