{"id":23915,"date":"2022-05-31T20:21:46","date_gmt":"2022-05-31T18:21:46","guid":{"rendered":"https:\/\/jhcakes.com\/shop\/?post_type=product&#038;p=23915"},"modified":"2025-05-21T15:52:59","modified_gmt":"2025-05-21T13:52:59","slug":"kek-szinu-fondant-simito","status":"publish","type":"product","link":"https:\/\/jhcakes.com\/shop\/termek\/kek-szinu-fondant-simito\/","title":{"rendered":"K\u00e9k sz\u00edn\u0171 fondant sim\u00edt\u00f3"},"content":{"rendered":"<h3><strong><span style=\"color: #ec008c;\">Fondant \u00e9s marcip\u00e1n sim\u00edt\u00f3<\/span><\/strong>\u00a0burkolt tort\u00e1k sim\u00edt\u00e1s\u00e1hoz. A sim\u00edt\u00f3t haszn\u00e1lva nem csak sima de f\u00e9nyes, selymes hat\u00e1s\u00fa burkolatot is nyer\u00fcnk. Gyorsabb \u00e9s k\u00f6nnyebb munka \u00e9rdek\u00e9ben \u00e9rdemes k\u00e9t darab sim\u00edt\u00f3t v\u00e1s\u00e1rolni.<\/h3>\n<h3>A k\u00e9k sz\u00edn\u0171 sim\u00edt\u00f3 el\u0151nyei, hogy mindig k\u00f6nnyen \u00e9s hamar megtal\u00e1ljuk a rejt\u0151zk\u00f6d\u0151 eszk\u00f6zt:).<\/h3>\n<p>&nbsp;<\/p>\n<h3><strong>Kiszerel\u00e9s:<\/strong><\/h3>\n<ul>\n<li>\n<h3>1 db sim\u00edt\u00f3lap\u00e1t \u00e1tl\u00e1tsz\u00f3 m\u0171anyag csomagol\u00e1sban<\/h3>\n<\/li>\n<\/ul>\n<h3><strong>Alapanyag:<\/strong><\/h3>\n<ul>\n<li>\n<h3>m\u0171anyag<\/h3>\n<\/li>\n<\/ul>\n<h3 id=\"tab-description\"><strong>Kezel\u00e9si \u00fatmutat\u00f3:<\/strong><\/h3>\n<ul>\n<li>\n<h3>k\u00e9zzel moshat\u00f3, leveg\u0151n sz\u00e1r\u00edtand\u00f3<\/h3>\n<\/li>\n<\/ul>\n<div id=\"themify_builder_content-23915\" data-postid=\"23915\" class=\"themify_builder_content themify_builder_content-23915 themify_builder\">\n    <\/div>\n<!-- \/themify_builder_content -->","protected":false},"excerpt":{"rendered":"<h3><strong>S\u00edm\u00edt\u00f3lap\u00e1t m\u00e9rete:<\/strong><\/h3>\n<ul>\n<li>\n<h3>sz\u00e9less\u00e9g: \u00a0 \u00a0 \u00a0 \u00a0 \u00a0 \u00a0 85 mm<\/h3>\n<\/li>\n<li>\n<h3>hossz\u00fas\u00e1g: \u00a0 \u00a0 \u00a0 \u00a0 145 \u00a0mm<\/h3>\n<\/li>\n<\/ul>\n","protected":false},"featured_media":21185,"comment_status":"closed","ping_status":"closed","template":"","meta":[],"builder_content":"","_links":{"self":[{"href":"https:\/\/jhcakes.com\/shop\/wp-json\/wp\/v2\/product\/23915"}],"collection":[{"href":"https:\/\/jhcakes.com\/shop\/wp-json\/wp\/v2\/product"}],"about":[{"href":"https:\/\/jhcakes.com\/shop\/wp-json\/wp\/v2\/types\/product"}],"replies":[{"embeddable":true,"href":"https:\/\/jhcakes.com\/shop\/wp-json\/wp\/v2\/comments?post=23915"}],"wp:featuredmedia":[{"embeddable":true,"href":"https:\/\/jhcakes.com\/shop\/wp-json\/wp\/v2\/media\/21185"}],"wp:attachment":[{"href":"https:\/\/jhcakes.com\/shop\/wp-json\/wp\/v2\/media?parent=23915"}],"curies":[{"name":"wp","href":"https:\/\/api.w.org\/{rel}","templated":true}]}}