{"id":22794,"date":"2021-09-07T19:37:35","date_gmt":"2021-09-07T17:37:35","guid":{"rendered":"https:\/\/jhcakes.com\/shop\/?post_type=product&#038;p=22794"},"modified":"2025-09-01T21:52:35","modified_gmt":"2025-09-01T19:52:35","slug":"babapink-matt-cukorrudak","status":"publish","type":"product","link":"https:\/\/jhcakes.com\/shop\/termek\/babapink-matt-cukorrudak\/","title":{"rendered":"Babapink matt cukorrudak"},"content":{"rendered":"<h3>K\u00fcl\u00f6nleges, nagyon sz\u00e9p sz\u00edn\u0171 <strong><span style=\"color: #ec008c;\">babapink matt cukorrudak\u00a0<\/span><\/strong>formabont\u00f3, egyedi s\u00fctem\u00e9nyek, cupcake-ek, m\u00e9zesek, tort\u00e1k d\u00edsz\u00edt\u00e9s\u00e9re.<\/h3>\n<p>&nbsp;<\/p>\n<h3><strong>\u00d6sszetev\u0151k:<\/strong><\/h3>\n<ul>\n<li>\n<h3>79% cukor, b\u00fazadara, stabiliz\u00e1tor: E414<\/h3>\n<\/li>\n<li>\n<h3>sz\u00ednez\u00e9k: E120<\/h3>\n<\/li>\n<\/ul>\n<h3><strong>T\u00e1rol\u00e1si javaslat:<\/strong><\/h3>\n<ul>\n<li>\n<h3>alacsony p\u00e1ratartalommal rendelkez\u0151, sz\u00e1raz, h\u0171v\u00f6s helyen t\u00e1roland\u00f3<\/h3>\n<\/li>\n<\/ul>\n<h3><strong>Lej\u00e1rati id\u0151:<\/strong><\/h3>\n<ul>\n<li>\n<h3>2027. janu\u00e1r 31.<\/h3>\n<\/li>\n<\/ul>\n<h3><strong>Nett\u00f3 s\u00faly:<\/strong><\/h3>\n<ul>\n<li>\n<h3>kb. 35 gramm<\/h3>\n<\/li>\n<\/ul>\n<div id=\"themify_builder_content-22794\" data-postid=\"22794\" class=\"themify_builder_content themify_builder_content-22794 themify_builder\">\n    <\/div>\n<!-- \/themify_builder_content -->","protected":false},"excerpt":{"rendered":"<h3><strong>Cukorrudak m\u00e9rete:<\/strong><\/h3>\n<ul>\n<li>\n<h3>hossz\u00fas\u00e1g: \u00a0\u00a0 20 mm<\/h3>\n<\/li>\n<li>\n<h3>\u00e1tm\u00e9r\u0151: \u00a0 \u00a0 \u00a0 \u00a0 \u00a0 \u00a04 mm<\/h3>\n<\/li>\n<\/ul>\n","protected":false},"featured_media":22799,"comment_status":"open","ping_status":"closed","template":"","meta":[],"builder_content":"","_links":{"self":[{"href":"https:\/\/jhcakes.com\/shop\/wp-json\/wp\/v2\/product\/22794"}],"collection":[{"href":"https:\/\/jhcakes.com\/shop\/wp-json\/wp\/v2\/product"}],"about":[{"href":"https:\/\/jhcakes.com\/shop\/wp-json\/wp\/v2\/types\/product"}],"replies":[{"embeddable":true,"href":"https:\/\/jhcakes.com\/shop\/wp-json\/wp\/v2\/comments?post=22794"}],"wp:featuredmedia":[{"embeddable":true,"href":"https:\/\/jhcakes.com\/shop\/wp-json\/wp\/v2\/media\/22799"}],"wp:attachment":[{"href":"https:\/\/jhcakes.com\/shop\/wp-json\/wp\/v2\/media?parent=22794"}],"curies":[{"name":"wp","href":"https:\/\/api.w.org\/{rel}","templated":true}]}}