{"id":22233,"date":"2021-06-06T12:14:06","date_gmt":"2021-06-06T10:14:06","guid":{"rendered":"https:\/\/jhcakes.com\/shop\/?post_type=product&#038;p=22233"},"modified":"2025-12-01T19:46:19","modified_gmt":"2025-12-01T18:46:19","slug":"fenyes-piros-5-mm-cukorgyongy","status":"publish","type":"product","link":"https:\/\/jhcakes.com\/shop\/termek\/fenyes-piros-5-mm-cukorgyongy\/","title":{"rendered":"F\u00e9nyes piros 5 mm cukorgy\u00f6ngy"},"content":{"rendered":"<h3><strong><span style=\"color: #ec008c;\">F\u00e9nyes piros cukorgy\u00f6ngy<\/span><\/strong>\u00a0apr\u00f3s\u00fctik, cupcake-ek, m\u00e9zesek, tort\u00e1k d\u00edsz\u00edt\u00e9s\u00e9re.<\/h3>\n<p>&nbsp;<\/p>\n<h3><strong>\u00d6sszetev\u0151k:<\/strong><\/h3>\n<ul>\n<li>\n<h3>dextr\u00f3z, cukor, rizsliszt, gl\u00fck\u00f3z szirup, retek-, citrom-, f\u00f6ldiszeder-koncentr\u00e1tum, \u00edzes\u00edt\u0151, savszab\u00e1lyz\u00f3: E330, s\u00f3, f\u00e9nyez\u0151anyagok: E901, E903 &#8211; nyomokban tartalmazhat mogyor\u00f3t, sz\u00f3j\u00e1t, tejet<\/h3>\n<\/li>\n<\/ul>\n<h3><strong>T\u00e1rol\u00e1si javaslat:<\/strong><\/h3>\n<ul>\n<li>\n<h3>alacsony p\u00e1ratartalommal rendelkez\u0151, sz\u00e1raz, h\u0171v\u00f6s helyen t\u00e1roland\u00f3<\/h3>\n<\/li>\n<\/ul>\n<h3><strong>Lej\u00e1rati id\u0151:<\/strong><\/h3>\n<ul>\n<li>\n<h3>2027. janu\u00e1r 30.<\/h3>\n<\/li>\n<\/ul>\n<h3><strong>Nett\u00f3 s\u00faly:<\/strong><\/h3>\n<ul>\n<li>\n<h3>30 gamm<\/h3>\n<\/li>\n<\/ul>\n<div id=\"themify_builder_content-22233\" data-postid=\"22233\" class=\"themify_builder_content themify_builder_content-22233 themify_builder\">\n    <\/div>\n<!-- \/themify_builder_content -->","protected":false},"excerpt":{"rendered":"<h3><strong>Cukorszemek m\u00e9rete:<\/strong><\/h3>\n<ul>\n<li>\n<h3>kb 5 mm<\/h3>\n<\/li>\n<\/ul>\n","protected":false},"featured_media":24675,"comment_status":"open","ping_status":"closed","template":"","meta":[],"builder_content":"","_links":{"self":[{"href":"https:\/\/jhcakes.com\/shop\/wp-json\/wp\/v2\/product\/22233"}],"collection":[{"href":"https:\/\/jhcakes.com\/shop\/wp-json\/wp\/v2\/product"}],"about":[{"href":"https:\/\/jhcakes.com\/shop\/wp-json\/wp\/v2\/types\/product"}],"replies":[{"embeddable":true,"href":"https:\/\/jhcakes.com\/shop\/wp-json\/wp\/v2\/comments?post=22233"}],"wp:featuredmedia":[{"embeddable":true,"href":"https:\/\/jhcakes.com\/shop\/wp-json\/wp\/v2\/media\/24675"}],"wp:attachment":[{"href":"https:\/\/jhcakes.com\/shop\/wp-json\/wp\/v2\/media?parent=22233"}],"curies":[{"name":"wp","href":"https:\/\/api.w.org\/{rel}","templated":true}]}}