{"id":21668,"date":"2021-05-01T17:57:18","date_gmt":"2021-05-01T15:57:18","guid":{"rendered":"https:\/\/jhcakes.com\/shop\/?post_type=product&#038;p=21668"},"modified":"2021-05-23T15:56:57","modified_gmt":"2021-05-23T13:56:57","slug":"metalfenyu-lila-szinu-drot","status":"publish","type":"product","link":"https:\/\/jhcakes.com\/shop\/termek\/metalfenyu-lila-szinu-drot\/","title":{"rendered":"Met\u00e1lf\u00e9ny\u0171 lila sz\u00edn\u0171 dr\u00f3t"},"content":{"rendered":"<h3><strong><span style=\"color: #ec008c;\">Met\u00e1lf\u00e9ny\u0171, lila sz\u00edn\u0171 vir\u00e1gk\u00f6t\u0151 dr\u00f3t<\/span><\/strong> az angliai Culpitt-t\u00f3l.<\/h3>\n<p>&nbsp;<\/p>\n<h3><strong>Vastags\u00e1g:<\/strong><\/h3>\n<ul>\n<li>\n<h3>24g &#8211; k\u00f6zepes m\u00e9ret\u0171 vir\u00e1gok, dekor\u00e1ci\u00f3k k\u00e9sz\u00edt\u00e9s\u00e9hez<\/h3>\n<\/li>\n<\/ul>\n<h3><strong>Hossz\u00fas\u00e1g:<\/strong><\/h3>\n<ul>\n<li>\n<h3>36 cm<\/h3>\n<\/li>\n<\/ul>\n<h3><strong>Kiszerel\u00e9s:<\/strong><\/h3>\n<ul>\n<li>\n<h3>50 darab per csomag<\/h3>\n<\/li>\n<\/ul>\n<div id=\"themify_builder_content-21668\" data-postid=\"21668\" class=\"themify_builder_content themify_builder_content-21668 themify_builder\">\n    <\/div>\n<!-- \/themify_builder_content -->","protected":false},"excerpt":{"rendered":"<p>Met\u00e1lf\u00e9ny\u0171, lila sz\u00edn\u0171 vir\u00e1gk\u00f6t\u0151 dr\u00f3t az angliai Culpitt-t\u00f3l. &nbsp; Vastags\u00e1g: 24g &#8211; k\u00f6zepes m\u00e9ret\u0171 vir\u00e1gok, dekor\u00e1ci\u00f3k k\u00e9sz\u00edt\u00e9s\u00e9hez Hossz\u00fas\u00e1g: 36 cm Kiszerel\u00e9s: 50 darab per csomag<\/p>\n","protected":false},"featured_media":21670,"comment_status":"open","ping_status":"closed","template":"","meta":[],"builder_content":"","_links":{"self":[{"href":"https:\/\/jhcakes.com\/shop\/wp-json\/wp\/v2\/product\/21668"}],"collection":[{"href":"https:\/\/jhcakes.com\/shop\/wp-json\/wp\/v2\/product"}],"about":[{"href":"https:\/\/jhcakes.com\/shop\/wp-json\/wp\/v2\/types\/product"}],"replies":[{"embeddable":true,"href":"https:\/\/jhcakes.com\/shop\/wp-json\/wp\/v2\/comments?post=21668"}],"wp:featuredmedia":[{"embeddable":true,"href":"https:\/\/jhcakes.com\/shop\/wp-json\/wp\/v2\/media\/21670"}],"wp:attachment":[{"href":"https:\/\/jhcakes.com\/shop\/wp-json\/wp\/v2\/media?parent=21668"}],"curies":[{"name":"wp","href":"https:\/\/api.w.org\/{rel}","templated":true}]}}