{"id":16997,"date":"2020-10-25T21:08:18","date_gmt":"2020-10-25T20:08:18","guid":{"rendered":"https:\/\/jhcakes.com\/shop\/?post_type=product&#038;p=16997"},"modified":"2023-09-21T08:55:55","modified_gmt":"2023-09-21T06:55:55","slug":"mini-kutyacsont-kiszuro","status":"publish","type":"product","link":"https:\/\/jhcakes.com\/shop\/termek\/mini-kutyacsont-kiszuro\/","title":{"rendered":"Mini kutyacsont kisz\u00far\u00f3"},"content":{"rendered":"<h3><span style=\"color: #878787;\">Kutyabar\u00e1toknak m\u00e9zesb\u0151l, Fid\u00f3nak \u00e9s t\u00e1rsainak pedig kutyusoknak val\u00f3 t\u00e9szt\u00e1b\u00f3l k\u00e9sz\u00edts meglepit <strong><span style=\"color: #ec008c;\">kutyacsont kisz\u00far\u00f3nkkal.<br \/>\n<\/span><\/strong><\/span><\/h3>\n<p>&nbsp;<\/p>\n<h3><strong>Mihez aj\u00e1nljuk a kisz\u00far\u00f3t?<\/strong><\/h3>\n<ul>\n<li>\n<h3>m\u00e9zes \u00e9s egy\u00e9b t\u00e9sztaf\u00e9l\u00e9khez<\/h3>\n<\/li>\n<li>\n<h3>fondant, cukormassza \u00e9s marcip\u00e1n form\u00e1k kisz\u00far\u00e1s\u00e1hoz<\/h3>\n<\/li>\n<\/ul>\n<h3><strong>Alapanyag:<\/strong><\/h3>\n<ul>\n<li>\n<h3>\u00f3nozott lemez, haszn\u00e1latkor formatart\u00f3 marad<\/h3>\n<\/li>\n<\/ul>\n<h3 id=\"tab-description\"><strong>Kezel\u00e9si \u00fatmutat\u00f3:<\/strong><\/h3>\n<ul>\n<li>\n<h3>k\u00e9zzel moshat\u00f3, leveg\u0151n sz\u00e1r\u00edtand\u00f3<\/h3>\n<\/li>\n<\/ul>\n<div id=\"themify_builder_content-16997\" data-postid=\"16997\" class=\"themify_builder_content themify_builder_content-16997 themify_builder\">\n    <\/div>\n<!-- \/themify_builder_content -->","protected":false},"excerpt":{"rendered":"<h3><strong>Kisz\u00far\u00f3 m\u00e9rete:<\/strong><\/h3>\n<ul>\n<li>\n<h3>sz\u00e9less\u00e9g: \u00a0 \u00a0 25 mm<\/h3>\n<\/li>\n<li>\n<h3>magass\u00e1g: \u00a0 43 mm<\/h3>\n<\/li>\n<\/ul>\n","protected":false},"featured_media":16998,"comment_status":"closed","ping_status":"closed","template":"","meta":[],"builder_content":"","_links":{"self":[{"href":"https:\/\/jhcakes.com\/shop\/wp-json\/wp\/v2\/product\/16997"}],"collection":[{"href":"https:\/\/jhcakes.com\/shop\/wp-json\/wp\/v2\/product"}],"about":[{"href":"https:\/\/jhcakes.com\/shop\/wp-json\/wp\/v2\/types\/product"}],"replies":[{"embeddable":true,"href":"https:\/\/jhcakes.com\/shop\/wp-json\/wp\/v2\/comments?post=16997"}],"wp:featuredmedia":[{"embeddable":true,"href":"https:\/\/jhcakes.com\/shop\/wp-json\/wp\/v2\/media\/16998"}],"wp:attachment":[{"href":"https:\/\/jhcakes.com\/shop\/wp-json\/wp\/v2\/media?parent=16997"}],"curies":[{"name":"wp","href":"https:\/\/api.w.org\/{rel}","templated":true}]}}