{"id":15851,"date":"2020-09-24T17:52:53","date_gmt":"2020-09-24T15:52:53","guid":{"rendered":"https:\/\/jhcakes.com\/shop\/?post_type=product&#038;p=15851"},"modified":"2023-02-15T16:38:40","modified_gmt":"2023-02-15T15:38:40","slug":"metalfekete-etelfestekecset","status":"publish","type":"product","link":"https:\/\/jhcakes.com\/shop\/termek\/metalfekete-etelfestekecset\/","title":{"rendered":"Met\u00e1lfekete \u00e9telfest\u00e9kecset"},"content":{"rendered":"<h3 style=\"text-align: justify;\">A\u00a0<strong><span style=\"color: #ec008c;\">met\u00e1lf\u00e9ny\u0171 fekete \u00e9telfest\u00e9kecsetek<\/span><\/strong>\u00a0az egyik legk\u00e9nyelmesebb lehet\u0151s\u00e9get k\u00edn\u00e1lj\u00e1k arra, hogy az ehet\u0151 dekor\u00e1ci\u00f3k met\u00e1lf\u00e9nyt kapjanak. Nem sz\u00fcks\u00e9ges alkohol, porfest\u00e9k, ecsett\u00e1l \u00e9s ecset. A fest\u0151ecsetekkel egy-k\u00e9t csavar\u00e1s ut\u00e1n m\u00e1r festhet\u0151k a mint\u00e1k, dekor\u00e1ci\u00f3k. Az ecsetben l\u00e9v\u0151 \u00e9telfest\u00e9k 10 perc alatt egyenletesen, foltok, fel\u00fcleti hib\u00e1k n\u00e9lk\u00fcl megsz\u00e1rad. Fest\u00e9s ut\u00e1n a fel\u00fclet gy\u00f6ny\u00fcr\u0171, f\u00e9nyes marad, nem maszatol\u00f3dik.<\/h3>\n<p>&nbsp;<\/p>\n<h3><strong><span style=\"color: #1ba6b4;\">TIPP:<\/span><\/strong><br \/>\nNagyon apr\u00f3l\u00e9kos dekor\u00e1ci\u00f3k, r\u00e9szletek fest\u00e9s\u00e9re az ecsetek m\u00e9rete miatt ink\u00e1bb <strong><span style=\"color: #3366ff;\"><a style=\"color: #1ba6b4;\" href=\"https:\/\/jhcakes.com\/shop\/termekkategoria\/festekek-ecsetek\/folyekony-etelfestekek\/\" target=\"_blank\" rel=\"noopener noreferrer\">foly\u00e9kony \u00e9telfest\u00e9keinket<\/a><\/span><\/strong> aj\u00e1nljuk.<\/h3>\n<p>&nbsp;<\/p>\n<p><strong style=\"color: #7a7a7a; font-size: 1.17em; line-height: 1.5em;\">Hogyan haszn\u00e1ljuk a fest\u0151ecseteket?<\/strong><\/p>\n<ol>\n<li>\n<h3>Vegy\u00fck le a z\u00e1r\u00f3kupakot.<\/h3>\n<\/li>\n<li>\n<h3>Csavarjuk az ecset v\u00e9g\u00e9t \u00e9ppen csak annyira, hogy a fest\u00e9k megt\u00f6ltse az ecset sz\u0151r\u00e9t. Figyelem! \u00a0Az ecset v\u00e9ge nem csavarhat\u00f3 visszefel\u00e9, csak egy ir\u00e1nyba.<\/h3>\n<\/li>\n<li>\n<h3>Kezdhet\u00fcnk festeni.<\/h3>\n<\/li>\n<li>\n<h3>A fest\u00e9s v\u00e9g\u00e9n haszn\u00e1ljuk ki az ecsetben l\u00e9v\u0151 fest\u00e9ket.<\/h3>\n<\/li>\n<li>\n<h3>Pap\u00edrt\u00f6r\u00f6lk\u00f6z\u0151vel t\u00f6r\u00f6lj\u00fck tiszt\u00e1ra az ecsetet \u00e9s helyezz\u00fck vissza a z\u00e1r\u00f3kupakot az ecsetre.<\/h3>\n<\/li>\n<\/ol>\n<h3><span style=\"color: #7a7a7a;\"><strong>Mihez aj\u00e1nljuk a fest\u0151ecsetek haszn\u00e1lat\u00e1t?<\/strong><\/span><\/h3>\n<ul>\n<li>\n<h3>cukormassza, fondant, marcip\u00e1n, megsz\u00e1radt glaz\u00far fest\u00e9s\u00e9re<\/h3>\n<\/li>\n<li>\n<h3>kekszek, m\u00e9zesek, linzerek bor\u00edt\u00e1s n\u00e9lk\u00fcli fest\u00e9s\u00e9re<\/h3>\n<\/li>\n<\/ul>\n<h3><strong><span style=\"color: #7a7a7a;\">H\u00e1ny darab m\u00e9zest festhet\u00fcnk 1 darab \u00e9telfest\u00e9kecsettel?<\/span><\/strong><\/h3>\n<ul>\n<li>\n<h3>a gy\u00e1rt\u00f3 szerint egy ecset tartalma kb. 170 db 3 cm x 3 cm-es m\u00e9zes teljes fel\u00fcleti befest\u00e9s\u00e9t teszi lehet\u0151v\u00e9&#8230;r\u00f6viden, NAGYON SOK m\u00e9zes fest\u00e9s\u00e9re elegend\u0151 1 darab ecset:)<\/h3>\n<\/li>\n<\/ul>\n<div id=\"themify_builder_content-15851\" data-postid=\"15851\" class=\"themify_builder_content themify_builder_content-15851 themify_builder\">\n    \t<!-- module_row -->\n\t<div  class=\"themify_builder_row module_row clearfix module_row_1 themify_builder_15851_row module_row_15851-1 tb_h65k307\">\n\t    \t    <div class=\"row_inner col_align_top\" >\n\t\t\t<div  class=\"module_column tb-column col4-2 first tb_15851_column module_column_0 module_column_15851-1-0 tb_5w59277\">\n\t    \t    \t        <div class=\"tb-column-inner\">\n\t\t    <!-- module text -->\n<div  class=\"module module-text tb_y99d056  repeat  \">\n            <div  class=\"tb_text_wrap\">\n    <h3><span style=\"color: #878787;\"><strong>Nett\u00f3 tartalom:<\/strong><\/span><\/h3><ul><li><h3><span style=\"color: #ec008c;\">2 ml<\/span><\/h3><\/li><\/ul>    <\/div>\n<\/div>\n<!-- \/module text -->\n<!-- module text -->\n<div  class=\"module module-text tb_g6ra272  repeat  \">\n            <div  class=\"tb_text_wrap\">\n    <h3><strong>\u00d6sszetev\u0151k:<\/strong><\/h3><ul><li><h3>v\u00edz, kukoricakem\u00e9ny\u00edt\u0151, sz\u00f3jalecitin, k\u00e1lium-szorb\u00e1t, citromsav<\/h3><\/li><li><h3>sz\u00ednez\u0151k:\u00a0E171, E124, E104, E133 &#8211; E124 \u00e9s E104 k\u00e1ros hat\u00e1ssal lehetnek gyerekekre<\/h3><\/li><\/ul>    <\/div>\n<\/div>\n<!-- \/module text -->\n\t<div  class=\"themify_builder_sub_row module_subrow clearfix sub_row_1-0-2 tb_n6w6000\">\n\t    \t    <div class=\"subrow_inner col_align_top\" >\n\t\t\t<div  class=\"sub_column module_column col4-2 first sub_column_post_15851 sub_column_1-0-2-0 tb_d95f226\"> \n\t    \t    \t<\/div>\n\t\t<div  class=\"sub_column module_column col4-2 last sub_column_post_15851 sub_column_1-0-2-1 tb_btb8427\"> \n\t    \t    \t<\/div>\n\t\t    <\/div>\n\t<\/div><!-- \/themify_builder_sub_row -->\n\t\t        <\/div>\n\t    \t<\/div>\n\t\t<div  class=\"module_column tb-column col4-2 last tb_15851_column module_column_1 module_column_15851-1-1 tb_pzdh172\">\n\t    \t    \t        <div class=\"tb-column-inner\">\n\t\t    <!-- module text -->\n<div  class=\"module module-text tb_ia8n007  repeat  \">\n            <div  class=\"tb_text_wrap\">\n    <h3><span style=\"color: #878787;\"><strong>Lej\u00e1rati id\u0151:<\/strong><\/span><\/h3><ul><li><h3><span style=\"color: #ec008c;\">2022. j\u00falius 31.<\/span><\/h3><\/li><\/ul>    <\/div>\n<\/div>\n<!-- \/module text -->\n<!-- module text -->\n<div  class=\"module module-text tb_tpe4777  repeat  \">\n            <div  class=\"tb_text_wrap\">\n    <h3><span style=\"color: #878787;\"><strong>T\u00e1rol\u00e1si \u00fatmutat\u00f3:<\/strong><\/span><\/h3>\n<ul>\n<li>\n<h3><span style=\"color: #878787;\">s\u00f6t\u00e9t, h\u0171v\u00f6s, sz\u00e1raz helyen t\u00e1roland\u00f3<\/span><\/h3>\n<\/li>\n<\/ul>    <\/div>\n<\/div>\n<!-- \/module text -->\n\t        <\/div>\n\t    \t<\/div>\n\t\t    <\/div>\n\t    <!-- \/row_inner -->\n\t<\/div>\n\t<!-- \/module_row -->\n\t<\/div>\n\n","protected":false},"excerpt":{"rendered":"<p>A\u00a0met\u00e1lf\u00e9ny\u0171 fekete \u00e9telfest\u00e9kecsetek\u00a0az egyik legk\u00e9nyelmesebb lehet\u0151s\u00e9get k\u00edn\u00e1lj\u00e1k arra, hogy az ehet\u0151 dekor\u00e1ci\u00f3k met\u00e1lf\u00e9nyt kapjanak. Nem sz\u00fcks\u00e9ges alkohol, porfest\u00e9k, ecsett\u00e1l \u00e9s ecset. A fest\u0151ecsetekkel egy-k\u00e9t csavar\u00e1s ut\u00e1n m\u00e1r festhet\u0151k a mint\u00e1k, dekor\u00e1ci\u00f3k. Az ecsetben l\u00e9v\u0151 \u00e9telfest\u00e9k 10 perc alatt egyenletesen, foltok, fel\u00fcleti hib\u00e1k n\u00e9lk\u00fcl megsz\u00e1rad. Fest\u00e9s ut\u00e1n a fel\u00fclet gy\u00f6ny\u00fcr\u0171, f\u00e9nyes marad, nem maszatol\u00f3dik. &nbsp; TIPP: [&hellip;]<\/p>\n","protected":false},"featured_media":15853,"comment_status":"open","ping_status":"closed","template":"","meta":[],"builder_content":"<h3><strong>Nett\u00f3 tartalom:<\/strong><\/h3><ul><li><h3>2 ml<\/h3><\/li><\/ul>\n<h3><strong>\u00d6sszetev\u0151k:<\/strong><\/h3><ul><li><h3>v\u00edz, kukoricakem\u00e9ny\u00edt\u0151, sz\u00f3jalecitin, k\u00e1lium-szorb\u00e1t, citromsav<\/h3><\/li><li><h3>sz\u00ednez\u0151k:\u00a0E171, E124, E104, E133 - E124 \u00e9s E104 k\u00e1ros hat\u00e1ssal lehetnek gyerekekre<\/h3><\/li><\/ul>\n<h3><strong>Lej\u00e1rati id\u0151:<\/strong><\/h3><ul><li><h3>2022. j\u00falius 31.<\/h3><\/li><\/ul>\n<h3><strong>T\u00e1rol\u00e1si \u00fatmutat\u00f3:<\/strong><\/h3> <ul> <li> <h3>s\u00f6t\u00e9t, h\u0171v\u00f6s, sz\u00e1raz helyen t\u00e1roland\u00f3<\/h3> <\/li> <\/ul>","_links":{"self":[{"href":"https:\/\/jhcakes.com\/shop\/wp-json\/wp\/v2\/product\/15851"}],"collection":[{"href":"https:\/\/jhcakes.com\/shop\/wp-json\/wp\/v2\/product"}],"about":[{"href":"https:\/\/jhcakes.com\/shop\/wp-json\/wp\/v2\/types\/product"}],"replies":[{"embeddable":true,"href":"https:\/\/jhcakes.com\/shop\/wp-json\/wp\/v2\/comments?post=15851"}],"wp:featuredmedia":[{"embeddable":true,"href":"https:\/\/jhcakes.com\/shop\/wp-json\/wp\/v2\/media\/15853"}],"wp:attachment":[{"href":"https:\/\/jhcakes.com\/shop\/wp-json\/wp\/v2\/media?parent=15851"}],"curies":[{"name":"wp","href":"https:\/\/api.w.org\/{rel}","templated":true}]}}