{"id":13188,"date":"2019-09-14T17:53:47","date_gmt":"2019-09-14T15:53:47","guid":{"rendered":"https:\/\/jhcakes.com\/shop\/?post_type=product&#038;p=13188"},"modified":"2025-01-06T14:26:15","modified_gmt":"2025-01-06T13:26:15","slug":"matt-elenkkek-szorocukorka","status":"publish","type":"product","link":"https:\/\/jhcakes.com\/shop\/termek\/matt-elenkkek-szorocukorka\/","title":{"rendered":"Matt \u00e9l\u00e9nkk\u00e9k sz\u00f3r\u00f3cukorka"},"content":{"rendered":"<h3 style=\"text-align: justify;\"><strong><span style=\"color: #ec008c;\">Matt, \u00e9l\u00e9nkk\u00e9k sz\u00f3r\u00f3cukork\u00e1k\u00a0<\/span><\/strong>a legkisebb m\u00e9zesek, apr\u00f3s\u00fctik, cupcake-ek d\u00edsz\u00edt\u00e9s\u00e9re is kiv\u00e1l\u00f3an alkalmasak. Term\u00e9szetesen tort\u00e1kon is remek\u00fcl mutatnak:).<\/h3>\n<p>&nbsp;<\/p>\n<h3><strong>\u00d6sszetev\u0151k:<\/strong><\/h3>\n<ul>\n<li>\n<h3>cukor, kukorica- \u00e9s b\u00fazakem\u00e9ny\u00edt\u0151, gluk\u00f3zszirup, k\u00f3kuszolaj, feh\u00e9r m\u00e9hviasz<\/h3>\n<\/li>\n<li>\n<h3>sz\u00ednez\u00e9k: E131<\/h3>\n<\/li>\n<\/ul>\n<h3><strong>T\u00e1rol\u00e1si javaslat:<\/strong><\/h3>\n<ul>\n<li>\n<h3>alacsony p\u00e1ratartalommal rendelkez\u0151, sz\u00e1raz, h\u0171v\u00f6s helyen t\u00e1roland\u00f3<\/h3>\n<\/li>\n<\/ul>\n<h3><strong>Lej\u00e1rati id\u0151:<\/strong><\/h3>\n<ul>\n<li>\n<h3>2026. \u00e1prilis 30.<\/h3>\n<\/li>\n<\/ul>\n<h3><strong>Nett\u00f3 s\u00faly:<\/strong><\/h3>\n<ul>\n<li>\n<h3>50 gramm<\/h3>\n<\/li>\n<\/ul>\n<div id=\"themify_builder_content-13188\" data-postid=\"13188\" class=\"themify_builder_content themify_builder_content-13188 themify_builder\">\n    <\/div>\n<!-- \/themify_builder_content -->","protected":false},"excerpt":{"rendered":"<h3><strong>Cukorszemek m\u00e9rete:<\/strong><\/h3>\n<ul>\n<li>\n<h3>kb 1 mm<\/h3>\n<\/li>\n<\/ul>\n","protected":false},"featured_media":13189,"comment_status":"open","ping_status":"closed","template":"","meta":[],"builder_content":"","_links":{"self":[{"href":"https:\/\/jhcakes.com\/shop\/wp-json\/wp\/v2\/product\/13188"}],"collection":[{"href":"https:\/\/jhcakes.com\/shop\/wp-json\/wp\/v2\/product"}],"about":[{"href":"https:\/\/jhcakes.com\/shop\/wp-json\/wp\/v2\/types\/product"}],"replies":[{"embeddable":true,"href":"https:\/\/jhcakes.com\/shop\/wp-json\/wp\/v2\/comments?post=13188"}],"wp:featuredmedia":[{"embeddable":true,"href":"https:\/\/jhcakes.com\/shop\/wp-json\/wp\/v2\/media\/13189"}],"wp:attachment":[{"href":"https:\/\/jhcakes.com\/shop\/wp-json\/wp\/v2\/media?parent=13188"}],"curies":[{"name":"wp","href":"https:\/\/api.w.org\/{rel}","templated":true}]}}