{"id":12112,"date":"2019-03-22T13:00:34","date_gmt":"2019-03-22T12:00:34","guid":{"rendered":"https:\/\/jhcakes.com\/shop\/?post_type=product&#038;p=12112"},"modified":"2024-02-14T11:17:41","modified_gmt":"2024-02-14T10:17:41","slug":"arany-alapozo-sugarflair-gelfestek","status":"publish","type":"product","link":"https:\/\/jhcakes.com\/shop\/termek\/arany-alapozo-sugarflair-gelfestek\/","title":{"rendered":"Arany alapoz\u00f3 Sugarflair g\u00e9lfest\u00e9k"},"content":{"rendered":"<h3 style=\"text-align: center;\"><strong><span style=\"color: #ec008c;\">Arany alapoz\u00f3 g\u00e9lfest\u00e9k,<\/span> <\/strong><span style=\"color: #878787;\">az angliai Sugarflairt\u0151l<\/span><\/h3>\n<h3>Ezt a m\u00e9zsz\u00edn\u0171 g\u00e9lfest\u00e9ket a szok\u00e1sos felhaszn\u00e1l\u00e1son k\u00edv\u00fcl olyan alapanyagok sz\u00ednez\u00e9s\u00e9re aj\u00e1nljuk, melyeket k\u00e9s\u0151bb aranyra szeretn\u00e9nk festeni. Az arany alapoz\u00f3 g\u00e9lfest\u00e9kkel sz\u00ednezett alapanyagok hamarabb \u00e1tveszik az arany fest\u00e9kek \u00e1rnyalat\u00e1t. Valamint, az alapozott munk\u00e1k fest\u00e9si hib\u00e1i, kihagy\u00e1sai kev\u00e9sb\u00e9 l\u00e1tsz\u00f3dnak, mint a feh\u00e9r alapanyagok aranyra fest\u00e9s\u00e9n\u00e9l v\u00e9tett hib\u00e1k.<\/h3>\n<p>&nbsp;<\/p>\n<div id=\"themify_builder_content-12112\" data-postid=\"12112\" class=\"themify_builder_content themify_builder_content-12112 themify_builder\">\n    \t<!-- module_row -->\n\t<div  class=\"themify_builder_row module_row clearfix module_row_0 themify_builder_12112_row module_row_12112-0 tb_ovov004\">\n\t    \t    <div class=\"row_inner col_align_top\" >\n\t\t\t<div  class=\"module_column tb-column col-full first tb_12112_column module_column_0 module_column_12112-0-0 tb_9oiu080\">\n\t    \t    \t        <div class=\"tb-column-inner\">\n\t\t    <!-- module text -->\n<div  class=\"module module-text tb_azte700  repeat  \">\n            <div  class=\"tb_text_wrap\">\n    <h3><strong>\u00c1ltal\u00e1nos jellemz\u0151k a Sugarflair \u00e1ltal gy\u00e1rtott g\u00e9lekre:<\/strong><\/h3><ul><li><h3 style=\"text-align: justify;\">kiv\u00e1l\u00f3 sz\u00ednez\u00e9si adotts\u00e1g\u00a0<\/h3><\/li><li style=\"text-align: justify;\"><h3>kiv\u00e1l\u00f3 sz\u00edntart\u00e1s<\/h3><\/li><li><h3 style=\"text-align: justify;\">sz\u00e9les sk\u00e1l\u00e1j\u00fa felhaszn\u00e1l\u00e1si lehet\u0151s\u00e9gek, professzion\u00e1lis eredm\u00e9nnyel &#8211; fondant, cukormassza, marcip\u00e1n, glaz\u00far \u00e9s egy\u00e9b alapanyagok sz\u00ednez\u00e9s\u00e9re, kiv\u00e1l\u00f3 eredm\u00e9nnyel<\/h3><\/li><li><h3 style=\"text-align: justify;\">gazdas\u00e1goss\u00e1g &#8211; kis mennyis\u00e9g haszn\u00e1lata is kiv\u00e1l\u00f3 eredm\u00e9nyt hoz<\/h3><\/li><\/ul><h3><strong>Adagol\u00e1si \u00fatmutat\u00f3:<\/strong><\/h3><ul><li><h3>mindig kis mennyis\u00e9geket adagoljunk \u00e9s vegy\u00fck figyelembe, hogy a megsz\u00ednezett massza \u00e1ll\u00e1s\u00e1ban 1-2 \u00e1rnyalattal s\u00f6t\u00e9tedik<\/h3><\/li><\/ul>    <\/div>\n<\/div>\n<!-- \/module text -->\n\t        <\/div>\n\t    \t<\/div>\n\t\t    <\/div>\n\t    <!-- \/row_inner -->\n\t<\/div>\n\t<!-- \/module_row -->\n\t\t<!-- module_row -->\n\t<div  class=\"themify_builder_row module_row clearfix module_row_1 themify_builder_12112_row module_row_12112-1 tb_7kzo644\">\n\t    \t    <div class=\"row_inner col_align_top\" >\n\t\t\t<div  class=\"module_column tb-column col4-2 first tb_12112_column module_column_0 module_column_12112-1-0 tb_oy0i000\">\n\t    \t    \t        <div class=\"tb-column-inner\">\n\t\t    <!-- module text -->\n<div  class=\"module module-text tb_pu99840  repeat  \">\n            <div  class=\"tb_text_wrap\">\n    <h3><span style=\"color: #878787;\"><strong>Nett\u00f3 tartalom:<\/strong><\/span><\/h3><ul><li><h3><span style=\"color: #ec008c;\">25 gramm<\/span><\/h3><\/li><\/ul>    <\/div>\n<\/div>\n<!-- \/module text -->\n<!-- module text -->\n<div  class=\"module module-text tb_tfi9960  repeat  \">\n            <div  class=\"tb_text_wrap\">\n    <h3><strong>\u00d6sszetev\u0151k:<\/strong><\/h3><ul><li><h3>n\u00f6v\u00e9nyi glicerin: E422, propil\u00e9n glikol: E1520, szilikon dioxid: E551<\/h3><\/li><li><h3>sz\u00ednez\u00e9kek: E171, E102, E155 &#8211; E102 k\u00e1ros hat\u00e1ssal lehet gyerekekre<\/h3><\/li><\/ul>    <\/div>\n<\/div>\n<!-- \/module text -->\n\t<div  class=\"themify_builder_sub_row module_subrow clearfix sub_row_1-0-2 tb_rlci900\">\n\t    \t    <div class=\"subrow_inner col_align_top\" >\n\t\t\t<div  class=\"sub_column module_column col4-2 first sub_column_post_12112 sub_column_1-0-2-0 tb_e833005\"> \n\t    \t    \t<\/div>\n\t\t<div  class=\"sub_column module_column col4-2 last sub_column_post_12112 sub_column_1-0-2-1 tb_h94u005\"> \n\t    \t    \t<\/div>\n\t\t    <\/div>\n\t<\/div><!-- \/themify_builder_sub_row -->\n\t\t        <\/div>\n\t    \t<\/div>\n\t\t<div  class=\"module_column tb-column col4-2 last tb_12112_column module_column_1 module_column_12112-1-1 tb_7yrn000\">\n\t    \t    \t        <div class=\"tb-column-inner\">\n\t\t    <!-- module text -->\n<div  class=\"module module-text tb_pktr302  repeat  \">\n            <div  class=\"tb_text_wrap\">\n    <h3><span style=\"color: #878787;\"><strong>Lej\u00e1rati id\u0151:<\/strong><\/span><\/h3><ul><li><h3><span style=\"color: #ec008c;\">2026. november 30.<\/span><\/h3><\/li><\/ul>    <\/div>\n<\/div>\n<!-- \/module text -->\n<!-- module text -->\n<div  class=\"module module-text tb_8rgb680  repeat  \">\n            <div  class=\"tb_text_wrap\">\n    <h3><span style=\"color: #878787;\"><strong>T\u00e1rol\u00e1si \u00fatmutat\u00f3:<\/strong><\/span><\/h3><ul><li><h3><span style=\"color: #878787;\">s\u00f6t\u00e9t, h\u0171v\u00f6s, sz\u00e1raz helyen t\u00e1roland\u00f3<\/span><\/h3><\/li><\/ul>    <\/div>\n<\/div>\n<!-- \/module text -->\n\t        <\/div>\n\t    \t<\/div>\n\t\t    <\/div>\n\t    <!-- \/row_inner -->\n\t<\/div>\n\t<!-- \/module_row -->\n\t<\/div>\n\n","protected":false},"excerpt":{"rendered":"<p>Arany alapoz\u00f3 g\u00e9lfest\u00e9k, az angliai Sugarflairt\u0151l Ezt a m\u00e9zsz\u00edn\u0171 g\u00e9lfest\u00e9ket a szok\u00e1sos felhaszn\u00e1l\u00e1son k\u00edv\u00fcl olyan alapanyagok sz\u00ednez\u00e9s\u00e9re aj\u00e1nljuk, melyeket k\u00e9s\u0151bb aranyra szeretn\u00e9nk festeni. Az arany alapoz\u00f3 g\u00e9lfest\u00e9kkel sz\u00ednezett alapanyagok hamarabb \u00e1tveszik az arany fest\u00e9kek \u00e1rnyalat\u00e1t. Valamint, az alapozott munk\u00e1k fest\u00e9si hib\u00e1i, kihagy\u00e1sai kev\u00e9sb\u00e9 l\u00e1tsz\u00f3dnak, mint a feh\u00e9r alapanyagok aranyra fest\u00e9s\u00e9n\u00e9l v\u00e9tett hib\u00e1k. &nbsp; \u00c1ltal\u00e1nos jellemz\u0151k [&hellip;]<\/p>\n","protected":false},"featured_media":16596,"comment_status":"open","ping_status":"closed","template":"","meta":[],"builder_content":"<h3><strong>\u00c1ltal\u00e1nos jellemz\u0151k a Sugarflair \u00e1ltal gy\u00e1rtott g\u00e9lekre:<\/strong><\/h3><ul><li><h3 style=\"text-align: justify;\">kiv\u00e1l\u00f3 sz\u00ednez\u00e9si adotts\u00e1g\u00a0<\/h3><\/li><li style=\"text-align: justify;\"><h3>kiv\u00e1l\u00f3 sz\u00edntart\u00e1s<\/h3><\/li><li><h3 style=\"text-align: justify;\">sz\u00e9les sk\u00e1l\u00e1j\u00fa felhaszn\u00e1l\u00e1si lehet\u0151s\u00e9gek, professzion\u00e1lis eredm\u00e9nnyel - fondant, cukormassza, marcip\u00e1n, glaz\u00far \u00e9s egy\u00e9b alapanyagok sz\u00ednez\u00e9s\u00e9re, kiv\u00e1l\u00f3 eredm\u00e9nnyel<\/h3><\/li><li><h3 style=\"text-align: justify;\">gazdas\u00e1goss\u00e1g - kis mennyis\u00e9g haszn\u00e1lata is kiv\u00e1l\u00f3 eredm\u00e9nyt hoz<\/h3><\/li><\/ul><h3><strong>Adagol\u00e1si \u00fatmutat\u00f3:<\/strong><\/h3><ul><li><h3>mindig kis mennyis\u00e9geket adagoljunk \u00e9s vegy\u00fck figyelembe, hogy a megsz\u00ednezett massza \u00e1ll\u00e1s\u00e1ban 1-2 \u00e1rnyalattal s\u00f6t\u00e9tedik<\/h3><\/li><\/ul>\n<h3><strong>Nett\u00f3 tartalom:<\/strong><\/h3><ul><li><h3>25 gramm<\/h3><\/li><\/ul>\n<h3><strong>\u00d6sszetev\u0151k:<\/strong><\/h3><ul><li><h3>n\u00f6v\u00e9nyi glicerin: E422, propil\u00e9n glikol: E1520, szilikon dioxid: E551<\/h3><\/li><li><h3>sz\u00ednez\u00e9kek: E171, E102, E155 - E102 k\u00e1ros hat\u00e1ssal lehet gyerekekre<\/h3><\/li><\/ul>\n<h3><strong>Lej\u00e1rati id\u0151:<\/strong><\/h3><ul><li><h3>2026. november 30.<\/h3><\/li><\/ul>\n<h3><strong>T\u00e1rol\u00e1si \u00fatmutat\u00f3:<\/strong><\/h3><ul><li><h3>s\u00f6t\u00e9t, h\u0171v\u00f6s, sz\u00e1raz helyen t\u00e1roland\u00f3<\/h3><\/li><\/ul>","_links":{"self":[{"href":"https:\/\/jhcakes.com\/shop\/wp-json\/wp\/v2\/product\/12112"}],"collection":[{"href":"https:\/\/jhcakes.com\/shop\/wp-json\/wp\/v2\/product"}],"about":[{"href":"https:\/\/jhcakes.com\/shop\/wp-json\/wp\/v2\/types\/product"}],"replies":[{"embeddable":true,"href":"https:\/\/jhcakes.com\/shop\/wp-json\/wp\/v2\/comments?post=12112"}],"wp:featuredmedia":[{"embeddable":true,"href":"https:\/\/jhcakes.com\/shop\/wp-json\/wp\/v2\/media\/16596"}],"wp:attachment":[{"href":"https:\/\/jhcakes.com\/shop\/wp-json\/wp\/v2\/media?parent=12112"}],"curies":[{"name":"wp","href":"https:\/\/api.w.org\/{rel}","templated":true}]}}

Arany alapozó Sugarflair gélfesték

<h3 style="text-align: center;"><strong><span style="color: #ec008c;">Arany alapozó gélfesték,</span> </strong><span style="color: #878787;">az angliai Sugarflairtől</span></h3>
<h3>Ezt a mézszínű gélfestéket a szokásos felhasználáson kívül olyan alapanyagok színezésére ajánljuk, melyeket később aranyra szeretnénk festeni. Az arany alapozó gélfestékkel színezett alapanyagok hamarabb átveszik az arany festékek árnyalatát. Valamint, az alapozott munkák festési hibái, kihagyásai kevésbé látszódnak, mint a fehér alapanyagok aranyra festésénél vétett hibák.</h3>
<p>&nbsp;</p>
<div id="themify_builder_content-12112" data-postid="12112" class="themify_builder_content themify_builder_content-12112 themify_builder">
    	<!-- module_row -->
	<div  class="themify_builder_row module_row clearfix module_row_0 themify_builder_12112_row module_row_12112-0 tb_ovov004">
	    	    <div class="row_inner col_align_top" >
			<div  class="module_column tb-column col-full first tb_12112_column module_column_0 module_column_12112-0-0 tb_9oiu080">
	    	    	        <div class="tb-column-inner">
		    <!-- module text -->
<div  class="module module-text tb_azte700  repeat  ">
            <div  class="tb_text_wrap">
    <h3><strong>Általános jellemzők a Sugarflair által gyártott gélekre:</strong></h3><ul><li><h3 style="text-align: justify;">kiváló színezési adottság </h3></li><li style="text-align: justify;"><h3>kiváló színtartás</h3></li><li><h3 style="text-align: justify;">széles skálájú felhasználási lehetőségek, professzionális eredménnyel &#8211; fondant, cukormassza, marcipán, glazúr és egyéb alapanyagok színezésére, kiváló eredménnyel</h3></li><li><h3 style="text-align: justify;">gazdaságosság &#8211; kis mennyiség használata is kiváló eredményt hoz</h3></li></ul><h3><strong>Adagolási útmutató:</strong></h3><ul><li><h3>mindig kis mennyiségeket adagoljunk és vegyük figyelembe, hogy a megszínezett massza állásában 1-2 árnyalattal sötétedik</h3></li></ul>    </div>
</div>
<!-- /module text -->
	        </div>
	    	</div>
		    </div>
	    <!-- /row_inner -->
	</div>
	<!-- /module_row -->
		<!-- module_row -->
	<div  class="themify_builder_row module_row clearfix module_row_1 themify_builder_12112_row module_row_12112-1 tb_7kzo644">
	    	    <div class="row_inner col_align_top" >
			<div  class="module_column tb-column col4-2 first tb_12112_column module_column_0 module_column_12112-1-0 tb_oy0i000">
	    	    	        <div class="tb-column-inner">
		    <!-- module text -->
<div  class="module module-text tb_pu99840  repeat  ">
            <div  class="tb_text_wrap">
    <h3><span style="color: #878787;"><strong>Nettó tartalom:</strong></span></h3><ul><li><h3><span style="color: #ec008c;">25 gramm</span></h3></li></ul>    </div>
</div>
<!-- /module text -->
<!-- module text -->
<div  class="module module-text tb_tfi9960  repeat  ">
            <div  class="tb_text_wrap">
    <h3><strong>Összetevők:</strong></h3><ul><li><h3>növényi glicerin: E422, propilén glikol: E1520, szilikon dioxid: E551</h3></li><li><h3>színezékek: E171, E102, E155 &#8211; E102 káros hatással lehet gyerekekre</h3></li></ul>    </div>
</div>
<!-- /module text -->
	<div  class="themify_builder_sub_row module_subrow clearfix sub_row_1-0-2 tb_rlci900">
	    	    <div class="subrow_inner col_align_top" >
			<div  class="sub_column module_column col4-2 first sub_column_post_12112 sub_column_1-0-2-0 tb_e833005"> 
	    	    	</div>
		<div  class="sub_column module_column col4-2 last sub_column_post_12112 sub_column_1-0-2-1 tb_h94u005"> 
	    	    	</div>
		    </div>
	</div><!-- /themify_builder_sub_row -->
		        </div>
	    	</div>
		<div  class="module_column tb-column col4-2 last tb_12112_column module_column_1 module_column_12112-1-1 tb_7yrn000">
	    	    	        <div class="tb-column-inner">
		    <!-- module text -->
<div  class="module module-text tb_pktr302  repeat  ">
            <div  class="tb_text_wrap">
    <h3><span style="color: #878787;"><strong>Lejárati idő:</strong></span></h3><ul><li><h3><span style="color: #ec008c;">2026. november 30.</span></h3></li></ul>    </div>
</div>
<!-- /module text -->
<!-- module text -->
<div  class="module module-text tb_8rgb680  repeat  ">
            <div  class="tb_text_wrap">
    <h3><span style="color: #878787;"><strong>Tárolási útmutató:</strong></span></h3><ul><li><h3><span style="color: #878787;">sötét, hűvös, száraz helyen tárolandó</span></h3></li></ul>    </div>
</div>
<!-- /module text -->
	        </div>
	    	</div>
		    </div>
	    <!-- /row_inner -->
	</div>
	<!-- /module_row -->
	</div>

<p>Arany alapozó gélfesték, az angliai Sugarflairtől Ezt a mézszínű gélfestéket a szokásos felhasználáson kívül olyan alapanyagok színezésére ajánljuk, melyeket később aranyra szeretnénk festeni. Az arany alapozó gélfestékkel színezett alapanyagok hamarabb átveszik az arany festékek árnyalatát. Valamint, az alapozott munkák festési hibái, kihagyásai kevésbé látszódnak, mint a fehér alapanyagok aranyra festésénél vétett hibák. &nbsp; Általános jellemzők [&hellip;]</p>

<h3><strong>Általános jellemzők a Sugarflair által gyártott gélekre:</strong></h3><ul><li><h3 style="text-align: justify;">kiváló színezési adottság </h3></li><li style="text-align: justify;"><h3>kiváló színtartás</h3></li><li><h3 style="text-align: justify;">széles skálájú felhasználási lehetőségek, professzionális eredménnyel - fondant, cukormassza, marcipán, glazúr és egyéb alapanyagok színezésére, kiváló eredménnyel</h3></li><li><h3 style="text-align: justify;">gazdaságosság - kis mennyiség használata is kiváló eredményt hoz</h3></li></ul><h3><strong>Adagolási útmutató:</strong></h3><ul><li><h3>mindig kis mennyiségeket adagoljunk és vegyük figyelembe, hogy a megszínezett massza állásában 1-2 árnyalattal sötétedik</h3></li></ul>
<h3><strong>Nettó tartalom:</strong></h3><ul><li><h3>25 gramm</h3></li></ul>
<h3><strong>Összetevők:</strong></h3><ul><li><h3>növényi glicerin: E422, propilén glikol: E1520, szilikon dioxid: E551</h3></li><li><h3>színezékek: E171, E102, E155 - E102 káros hatással lehet gyerekekre</h3></li></ul>
<h3><strong>Lejárati idő:</strong></h3><ul><li><h3>2026. november 30.</h3></li></ul>
<h3><strong>Tárolási útmutató:</strong></h3><ul><li><h3>sötét, hűvös, száraz helyen tárolandó</h3></li></ul>
