{"id":11939,"date":"2019-03-01T08:48:59","date_gmt":"2019-03-01T07:48:59","guid":{"rendered":"https:\/\/jhcakes.com\/shop\/?post_type=product&#038;p=11939"},"modified":"2026-01-24T17:51:57","modified_gmt":"2026-01-24T16:51:57","slug":"szultan-csoszett-20t-es-21t-fajta","status":"publish","type":"product","link":"https:\/\/jhcakes.com\/shop\/termek\/szultan-csoszett-20t-es-21t-fajta\/","title":{"rendered":"Szult\u00e1n cs\u0151szett &#8211; 20T \u00e9s 21T fajta"},"content":{"rendered":"<h3 data-start=\"54\" data-end=\"258\">\u00c9lvezze dekorat\u00edv vajkr\u00e9mes d\u00edszek k\u00e9sz\u00edt\u00e9s\u00e9t muffinokra, kekszekre, s\u00fcss\u00f6n s\u00fctiket s\u00fctit\u00e9szta felhaszn\u00e1l\u00e1s\u00e1val, \u00a0k\u00e9sz\u00edtsen eleg\u00e1ns mini habcs\u00f3kokat desszertekre, ezzel a k\u00e9t darabos <span style=\"color: #ec008c;\"><strong>JEM Twist 20T \u00e9s 21T<\/strong><\/span> d\u00edsz\u00edt\u0151cs\u0151 szettel.<\/h3>\n<h3 data-start=\"260\" data-end=\"527\">Ha habcs\u00f3kkal dolgozik, mi\u00e9rt ne fejezn\u00e9 be a d\u00edsz\u00edt\u00e9st \u00fagy, hogy a k\u00f6zep\u00e9t friss gy\u00fcm\u00f6lcs\u00f6kkel vagy finom gy\u00fcm\u00f6lcsp\u00fcr\u00e9vel t\u00f6lti meg?<\/h3>\n<ul data-start=\"529\" data-end=\"636\">\n<li class=\"\" data-start=\"529\" data-end=\"602\">\n<h3 data-start=\"531\" data-end=\"602\">Haszn\u00e1lhat\u00f3 nagy m\u00e9ret\u0171 textilb\u0151l k\u00e9sz\u00fclt vagy eldobhat\u00f3 habzs\u00e1kokkal<\/h3>\n<\/li>\n<li class=\"\" data-start=\"603\" data-end=\"636\">\n<h3 data-start=\"605\" data-end=\"636\">Adapter n\u00e9lk\u00fcl is haszn\u00e1lhat\u00f3<\/h3>\n<\/li>\n<\/ul>\n<h3><strong data-start=\"638\" data-end=\"647\">Tipp:<\/strong><\/h3>\n<h3 data-start=\"649\" data-end=\"848\">A legk\u00f6nnyebb m\u00f3dja a cs\u0151 haszn\u00e1lat\u00e1nak, ha a hegy\u00e9t laposan a fel\u00fcletre helyezi, a habzs\u00e1kot f\u00fcgg\u0151legesen tartja, majd \u00f3vatosan nyom\u00e1st gyakorolva h\u00fazza el \u2013 ez tiszta k\u00f6z\u00e9ps\u0151 befejez\u00e9st eredm\u00e9nyez.<\/h3>\n<div id=\"themify_builder_content-11939\" data-postid=\"11939\" class=\"themify_builder_content themify_builder_content-11939 themify_builder\">\n    <\/div>\n<!-- \/themify_builder_content -->","protected":false},"excerpt":{"rendered":"<h3 data-start=\"850\" data-end=\"860\"><strong data-start=\"850\" data-end=\"860\">M\u00e9ret:<\/strong><\/h3>\n<ul data-start=\"861\" data-end=\"938\">\n<li class=\"\" data-start=\"861\" data-end=\"899\">\n<h3 data-start=\"863\" data-end=\"899\">20T d\u00edsz\u00edt\u0151cs\u0151 \u2013 20,5 mm, 18 csillag<\/h3>\n<\/li>\n<li class=\"\" data-start=\"900\" data-end=\"938\">\n<h3 data-start=\"902\" data-end=\"938\">21T d\u00edsz\u00edt\u0151cs\u0151 \u2013 30,1 mm, 24 csillag<\/h3>\n<\/li>\n<\/ul>\n","protected":false},"featured_media":25587,"comment_status":"closed","ping_status":"closed","template":"","meta":[],"builder_content":"","_links":{"self":[{"href":"https:\/\/jhcakes.com\/shop\/wp-json\/wp\/v2\/product\/11939"}],"collection":[{"href":"https:\/\/jhcakes.com\/shop\/wp-json\/wp\/v2\/product"}],"about":[{"href":"https:\/\/jhcakes.com\/shop\/wp-json\/wp\/v2\/types\/product"}],"replies":[{"embeddable":true,"href":"https:\/\/jhcakes.com\/shop\/wp-json\/wp\/v2\/comments?post=11939"}],"wp:featuredmedia":[{"embeddable":true,"href":"https:\/\/jhcakes.com\/shop\/wp-json\/wp\/v2\/media\/25587"}],"wp:attachment":[{"href":"https:\/\/jhcakes.com\/shop\/wp-json\/wp\/v2\/media?parent=11939"}],"curies":[{"name":"wp","href":"https:\/\/api.w.org\/{rel}","templated":true}]}}