{"id":11108,"date":"2018-11-10T18:24:40","date_gmt":"2018-11-10T17:24:40","guid":{"rendered":"https:\/\/jhcakes.com\/shop\/?post_type=product&#038;p=11108"},"modified":"2025-09-01T22:22:47","modified_gmt":"2025-09-01T20:22:47","slug":"konnyedarany-6-mm-cukorgyongy","status":"publish","type":"product","link":"https:\/\/jhcakes.com\/shop\/termek\/konnyedarany-6-mm-cukorgyongy\/","title":{"rendered":"K\u00f6nnyedarany 6 mm cukorgy\u00f6ngy"},"content":{"rendered":"<h3>F\u00e9nyes, <strong><span style=\"color: #ec008c;\">k\u00f6nnyedarany cukorgy\u00f6ngy<\/span><\/strong>\u00a0apr\u00f3s\u00fctik, cupcake-ek, m\u00e9zesek, tort\u00e1k d\u00edsz\u00edt\u00e9s\u00e9re.<\/h3>\n<p>&nbsp;<\/p>\n<h3><strong>\u00d6sszetev\u0151k:<\/strong><\/h3>\n<ul>\n<li>\n<h3>cukor, b\u00fazaliszt, b\u00faza- \u00a0\u00e9s kukoricakem\u00e9ny\u00edt\u0151, gluk\u00f3zszirup, stabiliz\u00e1tor: E414, marhazselatin, f\u00e9nyez\u0151anyag: E904<\/h3>\n<\/li>\n<li>\n<h3>sz\u00ednez\u00e9kek: E174, n\u00f6v\u00e9nyi karatinok<\/h3>\n<\/li>\n<li>\n<h3>nyomokban tartalmazhat f\u00f6ldimogyor\u00f3t, di\u00f3t \u00e9s glut\u00e9nt<\/h3>\n<\/li>\n<\/ul>\n<h3><strong>T\u00e1rol\u00e1si javaslat:<\/strong><\/h3>\n<ul>\n<li>\n<h3>alacsony p\u00e1ratartalommal rendelkez\u0151, sz\u00e1raz, h\u0171v\u00f6s helyen t\u00e1roland\u00f3<\/h3>\n<\/li>\n<\/ul>\n<h3><strong>Lej\u00e1rati id\u0151:<\/strong><\/h3>\n<ul>\n<li>\n<h3>2025. december 31.<\/h3>\n<\/li>\n<\/ul>\n<h3><strong>Nett\u00f3 s\u00faly:<\/strong><\/h3>\n<ul>\n<li>\n<h3>50 gramm<\/h3>\n<\/li>\n<\/ul>\n<div id=\"themify_builder_content-11108\" data-postid=\"11108\" class=\"themify_builder_content themify_builder_content-11108 themify_builder\">\n    <\/div>\n<!-- \/themify_builder_content -->","protected":false},"excerpt":{"rendered":"<h3><strong>Cukorszemek m\u00e9rete:<\/strong><\/h3>\n<ul>\n<li>\n<h3>kb 6 mm<\/h3>\n<\/li>\n<\/ul>\n","protected":false},"featured_media":19244,"comment_status":"open","ping_status":"closed","template":"","meta":[],"builder_content":"","_links":{"self":[{"href":"https:\/\/jhcakes.com\/shop\/wp-json\/wp\/v2\/product\/11108"}],"collection":[{"href":"https:\/\/jhcakes.com\/shop\/wp-json\/wp\/v2\/product"}],"about":[{"href":"https:\/\/jhcakes.com\/shop\/wp-json\/wp\/v2\/types\/product"}],"replies":[{"embeddable":true,"href":"https:\/\/jhcakes.com\/shop\/wp-json\/wp\/v2\/comments?post=11108"}],"wp:featuredmedia":[{"embeddable":true,"href":"https:\/\/jhcakes.com\/shop\/wp-json\/wp\/v2\/media\/19244"}],"wp:attachment":[{"href":"https:\/\/jhcakes.com\/shop\/wp-json\/wp\/v2\/media?parent=11108"}],"curies":[{"name":"wp","href":"https:\/\/api.w.org\/{rel}","templated":true}]}}