{"id":10883,"date":"2018-10-27T16:12:18","date_gmt":"2018-10-27T14:12:18","guid":{"rendered":"https:\/\/jhcakes.com\/shop\/?post_type=product&#038;p=10883"},"modified":"2022-07-29T15:29:15","modified_gmt":"2022-07-29T13:29:15","slug":"szines-formazott-party-zacskoszett","status":"publish","type":"product","link":"https:\/\/jhcakes.com\/shop\/termek\/szines-formazott-party-zacskoszett\/","title":{"rendered":"Sz\u00ednes form\u00e1zott party zacsk\u00f3szett"},"content":{"rendered":"<h3>Sz\u00e9p, nagy m\u00e9ret\u0171, k\u00fcl\u00f6nleges mint\u00e1j\u00fa,\u00a0<span style=\"color: #ec008c;\"><strong>sz\u00ednes, form\u00e1zott party zacsk\u00f3szett,\u00a0<\/strong><\/span>hogy ne legyen gond, a <em>Mibe tegyem?<\/em> -mel. A zacsk\u00f3 szett az al\u00e1bbi \u00f6sszetev\u0151kb\u0151l \u00e1ll:<\/h3>\n<ul>\n<li>\n<h3>mindk\u00e9t oldal\u00e1n nyomtatott, form\u00e1ra v\u00e1gott zacsk\u00f3<\/h3>\n<\/li>\n<li>\n<h3>ez\u00fcst sz\u00edn\u0171 zacsk\u00f3lez\u00e1r\u00f3<\/h3>\n<\/li>\n<\/ul>\n<h3>Az \u00e9telcsomagol\u00e1sra enged\u00e9lyezett, amarikai gy\u00e1rtm\u00e1ny\u00fa zacsk\u00f3 szett kiv\u00e1l\u00f3 aj\u00e1nd\u00e9kcsomagok k\u00e9sz\u00edt\u00e9s\u00e9re \u00e9s desszert asztalokra is. A zacsk\u00f3 k\u00f6nnyen lez\u00e1rhat\u00f3 a v\u00e9kony\u00edtott nyakr\u00e9sz miatt. A szett nagyon mutat\u00f3s \u00e9s remek min\u0151s\u00e9g\u0171.<\/h3>\n<h3>Tov\u00e1bbi csomagol\u00f3 anyagaink\u00a0<strong><a href=\"https:\/\/jhcakes.com\/shop\/termekkategoria\/csomagolas\/\" target=\"_blank\" rel=\"noopener noreferrer\"><span style=\"color: #1ba6b4;\">ITT<\/span><\/a><\/strong> tal\u00e1lhat\u00f3k.<\/h3>\n<h3><\/h3>\n<p>&nbsp;<\/p>\n<h3><span style=\"color: #7a7a7a;\"><strong>Mihez aj\u00e1nljuk a party zacsk\u00f3 szettet?<\/strong><\/span><\/h3>\n<ul>\n<li>\n<h3><span style=\"color: #878787;\">s\u00fctik, m\u00e9zesek, kekszek, csokik<\/span><\/h3>\n<\/li>\n<li>\n<h3><span style=\"color: #878787;\">maradand\u00f3 aj\u00e1nd\u00e9kok csomagol\u00e1s\u00e1ra<\/span><\/h3>\n<\/li>\n<\/ul>\n<h3><strong>Alapanyag:<\/strong><\/h3>\n<ul>\n<li>\n<h3>\u00e9telcsomagol\u00e1sra enged\u00e9lyezett nyomtatott zacsk\u00f3<\/h3>\n<\/li>\n<\/ul>\n<h3><strong>Kiszerel\u00e9s:<\/strong><\/h3>\n<ul>\n<li>\n<h3>1 db zacsk\u00f3 \u00e9s 1 db zacsk\u00f3lez\u00e1r\u00f3 per csomag<\/h3>\n<\/li>\n<\/ul>\n<div id=\"themify_builder_content-10883\" data-postid=\"10883\" class=\"themify_builder_content themify_builder_content-10883 themify_builder\">\n    <\/div>\n<!-- \/themify_builder_content -->","protected":false},"excerpt":{"rendered":"<h3><strong>Zacsk\u00f3szett m\u00e9rete:<\/strong><\/h3>\n<ul>\n<li>\n<h3>zacsk\u00f3: \u00a0 \u00a0 \u00a0 \u00a0 \u00a0 \u00a0 \u00a0 \u00a0 \u00a0 sz: 152 mm x m: 228 mm<\/h3>\n<\/li>\n<li>\n<h3>csomaglez\u00e1r\u00f3: \u00a0 \u00a0 h: 100 mm<\/h3>\n<\/li>\n<\/ul>\n","protected":false},"featured_media":22261,"comment_status":"open","ping_status":"closed","template":"","meta":[],"builder_content":"","_links":{"self":[{"href":"https:\/\/jhcakes.com\/shop\/wp-json\/wp\/v2\/product\/10883"}],"collection":[{"href":"https:\/\/jhcakes.com\/shop\/wp-json\/wp\/v2\/product"}],"about":[{"href":"https:\/\/jhcakes.com\/shop\/wp-json\/wp\/v2\/types\/product"}],"replies":[{"embeddable":true,"href":"https:\/\/jhcakes.com\/shop\/wp-json\/wp\/v2\/comments?post=10883"}],"wp:featuredmedia":[{"embeddable":true,"href":"https:\/\/jhcakes.com\/shop\/wp-json\/wp\/v2\/media\/22261"}],"wp:attachment":[{"href":"https:\/\/jhcakes.com\/shop\/wp-json\/wp\/v2\/media?parent=10883"}],"curies":[{"name":"wp","href":"https:\/\/api.w.org\/{rel}","templated":true}]}}