{"id":10517,"date":"2018-10-06T21:04:19","date_gmt":"2018-10-06T19:04:19","guid":{"rendered":"https:\/\/jhcakes.com\/shop\/?post_type=product&#038;p=10517"},"modified":"2025-12-16T11:01:59","modified_gmt":"2025-12-16T10:01:59","slug":"metalezust-cukorrudak","status":"publish","type":"product","link":"https:\/\/jhcakes.com\/shop\/termek\/metalezust-cukorrudak\/","title":{"rendered":"Met\u00e1lez\u00fcst cukorrudak"},"content":{"rendered":"<h3>K\u00fcl\u00f6nleges, gy\u00f6ny\u00f6r\u0171en csillog\u00f3 \u00e9s nagyon divatos\u00a0<strong><span style=\"color: #ec008c;\">met\u00e1lez\u00fcst cukorrudak\u00a0<\/span><\/strong>formabont\u00f3, egyedi s\u00fctem\u00e9nyek, cupcake-ek, m\u00e9zesek, tort\u00e1k d\u00edsz\u00edt\u00e9s\u00e9re.<\/h3>\n<p>&nbsp;<\/p>\n<h3><strong>\u00d6sszetev\u0151k:<\/strong><\/h3>\n<ul>\n<li>\n<h3>78,6% cukor, b\u00fazadara, stabiliz\u00e1tor: E414 &#8211; halzselatin, f\u00e9nyez\u0151anyag: E903 &#8211; nyomokban tartalmazhat sz\u00f3j\u00e1t, tejet, f\u00e1n term\u0151 magokat<\/h3>\n<\/li>\n<li>\n<h3>sz\u00ednez\u00e9k: E174<\/h3>\n<\/li>\n<\/ul>\n<h3><strong>T\u00e1rol\u00e1si javaslat:<\/strong><\/h3>\n<ul>\n<li>\n<h3>alacsony p\u00e1ratartalommal rendelkez\u0151, sz\u00e1raz, h\u0171v\u00f6s helyen t\u00e1roland\u00f3<\/h3>\n<\/li>\n<\/ul>\n<h3><strong>Lej\u00e1rati id\u0151:<\/strong><\/h3>\n<ul>\n<li>\n<h3>2027. j\u00falius 31.<\/h3>\n<\/li>\n<\/ul>\n<h3><strong>Nett\u00f3 s\u00faly:<\/strong><\/h3>\n<ul>\n<li>\n<h3>kb 35 gramm<\/h3>\n<\/li>\n<\/ul>\n<div id=\"themify_builder_content-10517\" data-postid=\"10517\" class=\"themify_builder_content themify_builder_content-10517 themify_builder\">\n    <\/div>\n<!-- \/themify_builder_content -->","protected":false},"excerpt":{"rendered":"<h3><strong>Cukorrudak m\u00e9rete:<\/strong><\/h3>\n<ul>\n<li>\n<h3>hossz\u00fas\u00e1g: \u00a0\u00a0 20 mm<\/h3>\n<\/li>\n<li>\n<h3>\u00e1tm\u00e9r\u0151: \u00a0 \u00a0 \u00a0 \u00a0 \u00a0 \u00a04 mm<\/h3>\n<\/li>\n<\/ul>\n","protected":false},"featured_media":23732,"comment_status":"open","ping_status":"closed","template":"","meta":[],"builder_content":"","_links":{"self":[{"href":"https:\/\/jhcakes.com\/shop\/wp-json\/wp\/v2\/product\/10517"}],"collection":[{"href":"https:\/\/jhcakes.com\/shop\/wp-json\/wp\/v2\/product"}],"about":[{"href":"https:\/\/jhcakes.com\/shop\/wp-json\/wp\/v2\/types\/product"}],"replies":[{"embeddable":true,"href":"https:\/\/jhcakes.com\/shop\/wp-json\/wp\/v2\/comments?post=10517"}],"wp:featuredmedia":[{"embeddable":true,"href":"https:\/\/jhcakes.com\/shop\/wp-json\/wp\/v2\/media\/23732"}],"wp:attachment":[{"href":"https:\/\/jhcakes.com\/shop\/wp-json\/wp\/v2\/media?parent=10517"}],"curies":[{"name":"wp","href":"https:\/\/api.w.org\/{rel}","templated":true}]}}