{"id":10333,"date":"2018-09-28T20:22:34","date_gmt":"2018-09-28T18:22:34","guid":{"rendered":"https:\/\/jhcakes.com\/shop\/?post_type=product&#038;p=10333"},"modified":"2025-12-09T17:35:00","modified_gmt":"2025-12-09T16:35:00","slug":"mini-hopehely-konfetti-mix","status":"publish","type":"product","link":"https:\/\/jhcakes.com\/shop\/termek\/mini-hopehely-konfetti-mix\/","title":{"rendered":"Mini h\u00f3pehely konfettimix"},"content":{"rendered":"<h3>Szuper aranyos feh\u00e9r, vil\u00e1gosk\u00e9k \u00e9s orgonalila\u00a0<strong><span style=\"color: #ec008c;\">mini h\u00f3pehely konfettimix <\/span><\/strong>a t\u00e9li \u00fcnnepekre, kupactort\u00e1k, m\u00e9zesek, linzerek d\u00edsz\u00edt\u00e9s\u00e9re.<\/h3>\n<p>&nbsp;<\/p>\n<h3><strong>\u00d6sszetev\u0151k:<\/strong><\/h3>\n<ul>\n<li>\n<h3>cukor, rizsliszt, hidrog\u00e9niz\u00e1lt repceolaj, s\u0171r\u00edt\u0151anyag: E413, \u00edzes\u00edt\u0151<\/h3>\n<\/li>\n<li>\n<h3>sz\u00ednez\u00e9kek: E133, E163<\/h3>\n<\/li>\n<\/ul>\n<h3><strong>T\u00e1rol\u00e1si javaslat:<\/strong><\/h3>\n<ul>\n<li>\n<h3>alacsony p\u00e1ratartalommal rendelkez\u0151, sz\u00e1raz, h\u0171v\u00f6s helyen t\u00e1roland\u00f3<\/h3>\n<\/li>\n<\/ul>\n<h3><strong>Lej\u00e1rati id\u0151:<\/strong><\/h3>\n<ul>\n<li>\n<h3>2026. december 30.<\/h3>\n<\/li>\n<\/ul>\n<h3><strong>Nett\u00f3 s\u00faly:<\/strong><\/h3>\n<ul>\n<li>\n<h3>25 gramm<\/h3>\n<\/li>\n<\/ul>\n<div id=\"themify_builder_content-10333\" data-postid=\"10333\" class=\"themify_builder_content themify_builder_content-10333 themify_builder\">\n    <\/div>\n<!-- \/themify_builder_content -->","protected":false},"excerpt":{"rendered":"<h3><strong>H\u00f3pelyhek m\u00e9rete:<\/strong><\/h3>\n<ul>\n<li>\n<h3>kb 6 mm<\/h3>\n<\/li>\n<\/ul>\n","protected":false},"featured_media":13158,"comment_status":"closed","ping_status":"closed","template":"","meta":[],"builder_content":"","_links":{"self":[{"href":"https:\/\/jhcakes.com\/shop\/wp-json\/wp\/v2\/product\/10333"}],"collection":[{"href":"https:\/\/jhcakes.com\/shop\/wp-json\/wp\/v2\/product"}],"about":[{"href":"https:\/\/jhcakes.com\/shop\/wp-json\/wp\/v2\/types\/product"}],"replies":[{"embeddable":true,"href":"https:\/\/jhcakes.com\/shop\/wp-json\/wp\/v2\/comments?post=10333"}],"wp:featuredmedia":[{"embeddable":true,"href":"https:\/\/jhcakes.com\/shop\/wp-json\/wp\/v2\/media\/13158"}],"wp:attachment":[{"href":"https:\/\/jhcakes.com\/shop\/wp-json\/wp\/v2\/media?parent=10333"}],"curies":[{"name":"wp","href":"https:\/\/api.w.org\/{rel}","templated":true}]}}