{"id":2380,"date":"2013-09-19T02:40:23","date_gmt":"2013-09-19T00:40:23","guid":{"rendered":"http:\/\/jhcakes.com\/shop\/?page_id=2380"},"modified":"2025-02-25T18:37:13","modified_gmt":"2025-02-25T17:37:13","slug":"szallitas","status":"publish","type":"page","link":"https:\/\/jhcakes.com\/shop\/szallitas\/","title":{"rendered":"Sz\u00e1ll\u00edt\u00e1s"},"content":{"rendered":"<h3><span style=\"color: #1ba6b5;\"><strong>\u00c1ltal\u00e1nos <span style=\"color: #1ba6b5;\">Tudnival\u00f3k<\/span><\/strong><\/span><\/h3>\n<p><span style=\"color: #000000;\">Megrendel\u00e9sek lead\u00e1sakor lehet\u0151s\u00e9g van az al\u00e1bbi sz\u00e1ll\u00edt\u00e1si m\u00f3dok k\u00f6z\u00fcl v\u00e1lasztani:<\/span><\/p>\n<ul>\n<li><span style=\"color: #000000;\"><strong>GLS Fut\u00e1rszolg\u00e1lat el\u0151reutal\u00e1ssal<\/strong> &#8211; sz\u00e1ll\u00edt\u00e1si id\u0151 v\u00e1rhat\u00f3an 1 munkanap<\/span><\/li>\n<li><span style=\"color: #000000;\"><strong>Post\u00e1n marad\u00f3 aj\u00e1nlott, els\u0151bbs\u00e9gi lev\u00e9lk\u00fcldem\u00e9ny sz\u00e1ll\u00edt\u00e1sa<\/strong> &#8211; sz\u00e1ll\u00edt\u00e1si id\u0151 v\u00e1rhat\u00f3an 1-2 munkanap<\/span><\/li>\n<li><span style=\"color: #000000;\"><strong>Post\u00e1n marad\u00f3 aj\u00e1nlott, NEM els\u0151bbs\u00e9gi lev\u00e9lk\u00fcldem\u00e9ny sz\u00e1ll\u00edt\u00e1sa<\/strong>\u00a0&#8211; sz\u00e1ll\u00edt\u00e1si id\u0151 v\u00e1rhat\u00f3an 3-5 munkanap<\/span><\/li>\n<li><strong>MPL csomagok sz\u00e1ll\u00edt\u00e1sa &#8211; <\/strong><span style=\"color: #000000;\">s<\/span><span style=\"color: #000000;\">z\u00e1ll\u00edt\u00e1si id\u0151 v\u00e1rhat\u00f3an 1-3 munkanap\u00a0<\/span><\/li>\n<li><span style=\"color: #000000;\"><strong>FoxPost el\u0151reutal\u00e1ssal\u00a0<\/strong>&#8211; sz\u00e1ll\u00edt\u00e1si id\u0151 v\u00e1rhat\u00f3an 2-3 munkanap\u00a0<\/span><\/li>\n<li><span style=\"color: #000000;\"><strong>FoxPost ut\u00e1nv\u00e9ttel<\/strong> &#8211; sz\u00e1ll\u00edt\u00e1si id\u0151 v\u00e1rhat\u00f3an 2-3 munkanap\u00a0<\/span><\/li>\n<li><span style=\"color: #000000;\"><strong>Szem\u00e9lyes \u00e1ru\u00e1tv\u00e9tel<\/strong><span style=\"font-size: inherit;\">\u00a0&#8211; <strong>JELENLEG NEM V\u00c1LASZTHAT\u00d3!<\/strong><\/span><\/span><\/li>\n<\/ul>\n<p><span style=\"color: #000000;\">A megrendel\u00e9seket 2 munkanapon bel\u00fcl \u00e1tadjuk a megfelel\u0151 sz\u00e1ll\u00edt\u00f3nak. Kiv\u00e9telt k\u00e9peznek az MPL csomagok, melyeket hetente egyszer, el\u0151re meg nem hat\u00e1rozott napon kezel\u00fcnk. A sz\u00e1ll\u00edt\u00f3k \u00e1ltal jegyzett kisz\u00e1ll\u00edt\u00e1si id\u0151tartalmakkal kapcsolatban nem v\u00e1llalunk felel\u0151ss\u00e9get. K\u00e9sett h\u00e1zhozsz\u00e1ll\u00edt\u00e1s eset\u00e9n k\u00e9rj\u00fck forduljon a kisz\u00e1ll\u00edt\u00f3hoz.<\/span><\/p>\n<p style=\"text-align: justify;\"><span style=\"color: #000000;\">El\u0151reutal\u00e1s eset\u00e9n, a banksz\u00e1ml\u00e1nkra be\u00e9rkezett v\u00e1s\u00e1rl\u00f3\u00f6sszeg ellen\u0151rz\u00e9se ut\u00e1n, gondos csomagol\u00e1sban \u00e1tadjuk a megrendelt csomagot a megfelel\u0151 sz\u00e1ll\u00edt\u00f3nak.<\/span><\/p>\n<p><span style=\"color: #000000;\">Ut\u00e1nv\u00e9tes sz\u00e1ll\u00edt\u00e1s eset\u00e9n, a V\u00e1s\u00e1rl\u00f3nak <strong>k\u00f6telezetts\u00e9ge, hogy a kisz\u00e1ll\u00edtott csomagot teljes \u00f6sszegben kifizesse \u00e9s a csomagot \u00e1tvegye<\/strong>.<\/span><\/p>\n<p><span style=\"color: #000000;\">A csomag\u00e1tv\u00e9tel megtagad\u00e1sa, a rendel\u00e9s lemond\u00e1sa sz\u00e1mlaki\u00e1ll\u00edt\u00e1s ut\u00e1n vagy a csomag b\u00e1rmilyen egy\u00e9b okb\u00f3l t\u00f6rt\u00e9n\u0151 visszak\u00fcld\u00e9se a maximum 2 kg s\u00faly\u00fa csomagok eset\u00e9n 3000 Ft \u00e9rt\u00e9k\u0171 fizet\u00e9si k\u00f6telezetts\u00e9get von maga ut\u00e1n, mely a megrendelt kisz\u00e1ll\u00edt\u00e1s k\u00f6lts\u00e9g\u00e9t \u00e9s az visszair\u00e1ny\u00edtott \u00e1ruval kapcsolatos adminisztr\u00e1ci\u00f3s munk\u00e1t fedezi. A fizet\u00e9si k\u00f6telezetts\u00e9get emailben k\u00fcld\u00f6tt d\u00edjbek\u00e9r\u0151 \u00fatj\u00e1n k\u00e9rj\u00fck teljes\u00edteni. Elv\u00e1rjuk, hogy a csomagot megtagad\u00f3 V\u00e1s\u00e1rl\u00f3 a d\u00edjbek\u00e9r\u0151t 2 munkanapon bel\u00fcl rendezze. Tov\u00e1bb\u00e1, fenntartjuk a jogot, hogy a megtagadott csomag c\u00edm\u00e9re \u00e9s az ahhoz a c\u00edmhez tartoz\u00f3 V\u00e1s\u00e1rl\u00f3 r\u00e9sz\u00e9re a k\u00e9s\u0151bbiekben a megrendel\u00e9st megtagadjunk, am\u00edg a kintlev\u0151s\u00e9g teljes\u00edt\u00e9sre nem ker\u00fcl.<\/span><\/p>\n<p><span style=\"color: #000000;\">A sz\u00e1ll\u00edt\u00e1si k\u00f6lts\u00e9get rendszer\u00fcnk automatikusan kalkul\u00e1lja \u00e9s a p\u00e9nzt\u00e1rba \u00e9rkez\u00e9s alkalm\u00e1val az \u00d6n \u00e1ltal kos\u00e1rba helyezett \u00e1rucikkekre vonatkoz\u00f3 opci\u00f3kat felt\u00fcnteti.<\/span><\/p>\n<p style=\"text-align: justify;\"><span style=\"color: #000000;\">Aj\u00e1nljuk \u00d6nnek, hogy haszn\u00e1lja ki a s\u00falytarifa adta lehet\u0151s\u00e9geket \u00e9s t\u00f6ltse meg a csomagot a maximum s\u00falyhat\u00e1rig. Minden \u00e1rucikknek megadtuk a s\u00faly\u00e1t a Tov\u00e1bbi Inform\u00e1ci\u00f3k c\u00edmke alatt, ezzel seg\u00edts\u00e9get ny\u00fajtva a maximum csomags\u00faly el\u00e9r\u00e9s\u00e9hez.<\/span><\/p>\n<p><strong><span style=\"color: #1ba6b5;\">GLS Fut\u00e1rszolg\u00e1lattal t\u00f6rt\u00e9n\u0151 sz\u00e1ll\u00edt\u00e1s &#8211; el\u0151reutal\u00e1ssal<br \/><\/span><\/strong><span style=\"color: #000000;\">2 kg-ig minden GLS Fut\u00e1rszolg\u00e1lattal t\u00f6rt\u00e9n\u0151 csomag sz\u00e1ll\u00edt\u00e1si d\u00edja egys\u00e9gesen brutt\u00f3\u00a0<strong>2350 Ft<\/strong>.<\/span><br \/><span style=\"color: #000000;\">2 \u00e9s 3 kg k\u00f6z\u00f6tti\u00a0csomagok GLS Fut\u00e1rszolg\u00e1lattal t\u00f6rt\u00e9n\u0151 csomag sz\u00e1ll\u00edt\u00e1si d\u00edja egys\u00e9gesen brutt\u00f3 <strong>3500\u00a0Ft<\/strong>.<\/span><br \/><span style=\"color: #000000;\">3 \u00e9s 5 kg\u00a0k\u00f6z\u00f6tti\u00a0csomagok GLS Fut\u00e1rszolg\u00e1lattal t\u00f6rt\u00e9n\u0151 csomag sz\u00e1ll\u00edt\u00e1si d\u00edja egys\u00e9gesen brutt\u00f3 <strong>42<\/strong><strong>00 Ft. 5<\/strong> kg feletti csomag eset\u00e9n egyedi d\u00edjas sz\u00e1ll\u00edt\u00e1ssal dolgozunk. K\u00e9rj\u00fck k\u00e9rjen \u00e1raj\u00e1nlatot.<\/span><\/p>\n<p><span style=\"color: #1ba6b5;\"><strong>Post\u00e1n marad\u00f3 sz\u00e1ll\u00edt\u00e1s Magyar Posta Zrt. \u00e1ltal &#8211; banki el\u0151reutal\u00e1ssal<br \/><\/strong><\/span><span style=\"color: #000000;\"><span style=\"font-size: inherit;\">Lev\u00e9lk\u00fcldem\u00e9ny\u00e9t post\u00e1n marad\u00f3 csomagsz\u00e1ll\u00edt\u00e1si opci\u00f3val is rendelheti. Amennyiben rendel\u00e9se lead\u00e1sakor nem jelzi sz\u00e1munkra, hogy melyik post\u00e1n szeretn\u00e9 \u00e1tvenni csomagj\u00e1t,<\/span><span class=\"apple-converted-space\" style=\"font-size: inherit;\">\u00a0<\/span><strong style=\"font-size: inherit;\">egy \u00e1ltalunk v\u00e1lasztott post\u00e1ra k\u00fcldj\u00fck rendel\u00e9s\u00e9t,\u00a0<\/strong><span style=\"font-size: inherit;\">melyr\u0151l a lev\u00e9lk\u00fcldem\u00e9ny felad\u00e1sa ut\u00e1n emailben t\u00e1j\u00e9koztatjuk V\u00e1s\u00e1rl\u00f3inkat. A lev\u00e9lk\u00fcldem\u00e9ny \u00e1tv\u00e9tele minden esetben V\u00e1s\u00e1rl\u00f3ink felel\u0151ss\u00e9ge. A felad\u00e1st k\u00f6vet\u0151 email elk\u00fcld\u00e9s\u00e9vel a lev\u00e9lk\u00fcldem\u00e9ny kisz\u00e1ll\u00edt\u00e1s\u00e1t befejezettnek tekintj\u00fck. Lev\u00e9lk\u00fcldem\u00e9ny-\u00e1tir\u00e1ny\u00edt\u00e1st \u00e9s egy\u00e9b lev\u00e9lk\u00fcldem\u00e9nnyel kapcsolatos feladat elv\u00e9gz\u00e9s\u00e9t nem v\u00e1llaljuk.<\/span><\/span><\/p>\n<div>\n<p><span style=\"color: #000000;\">Az el\u0151re kifizetett k\u00fcldem\u00e9nyek postai azonos\u00edt\u00f3j\u00e1t, a felad\u00e1s d\u00e1tum\u00e1t \u00e9s a posta sz\u00e1m\u00e1t, ahol a k\u00fcldem\u00e9ny \u00e1tvehet\u0151 lesz, minden esetben a felad\u00e1s napj\u00e1n emailben V\u00e1s\u00e1rl\u00f3ink r\u00e9sz\u00e9re megk\u00fcldj\u00fck. V\u00e1s\u00e1rl\u00f3ink felel\u0151ss\u00e9ge, hogy a k\u00fcldem\u00e9lnyt maximum 10 munkanap alatt \u00e1tvegy\u00e9k. A Magyar Posta Zrt.\u00a0<strong>nem k\u00fcld<\/strong> a k\u00fcldem\u00e9ny be\u00e9rkez\u00e9sekor semmilyen \u00e9rtes\u00edt\u0151t. Az \u00e1t nem vett post\u00e1n marad\u00f3 k\u00fcldem\u00e9nyeket a Magyar Posta Zrt. 10 munkanap eltelt\u00e9vel a felad\u00f3nak, vagyis c\u00e9g\u00fcnknek visszak\u00fcldi. Ebben az esetben V\u00e1s\u00e1rl\u00f3ink k\u00e9rhetik, m\u00e1sodszori sz\u00e1ll\u00edt\u00e1si d\u00edj el\u0151reutal\u00e1sa ellen\u00e9ben, hogy a Judit Hellebrandt Cake Company a k\u00fcldem\u00e9nyt ism\u00e9t feladja. Miut\u00e1n mi nem k\u00f6vetj\u00fck a post\u00e1n marad\u00f3 csomagok \u00e9let\u00fatj\u00e1t \u00e9s a csomag visszair\u00e1ny\u00edt\u00e1s\u00e1r\u00f3l sem kapunk a post\u00e1t\u00f3l t\u00e1j\u00e9koztat\u00e1st,<span class=\"apple-converted-space\">\u00a0\u00edgy<\/span><strong>\u00a0V\u00e1s\u00e1rl\u00f3ink k\u00f6telezetts\u00e9ge, hogy a visszair\u00e1ny\u00edt\u00e1sr\u00f3l benn\u00fcnket t\u00e1j\u00e9koztasson.<\/strong><\/span><\/p>\n<p><span style=\"color: #000000;\">Amennyiben V\u00e1s\u00e1rl\u00f3nk t\u00e1j\u00e9koztatott benn\u00fcnket a visszair\u00e1ny\u00edt\u00e1s t\u00e9ny\u00e9r\u0151l, a lev\u00e9lk\u00fcldem\u00e9ny \u00e1tv\u00e9tel\u00e9r\u0151l emailben \u00e9rtes\u00edtj\u00fck V\u00e1s\u00e1rl\u00f3nkat. Ekkor V\u00e1s\u00e1rl\u00f3nk eld\u00f6ntheti, hogy ism\u00e9telt sz\u00e1ll\u00edt\u00e1si k\u00f6lts\u00e9g megfizet\u00e9se mellett k\u00e9ri-e a csomag ism\u00e9telt kisz\u00e1ll\u00edt\u00e1s\u00e1t vagy, amennyiben 14 nap vagy enn\u00e9l kevesebb id\u0151 telt el a felad\u00e1si napt\u00f3l sz\u00e1m\u00edtva, \u00e9l-e el\u00e1ll\u00e1si jog\u00e1val. Amennyiben t\u00f6bb, mint 14 nap telt el a kisz\u00e1ll\u00edt\u00e1st\u00f3l sz\u00e1m\u00edtva \u00e9s \u00fajabb kisz\u00e1ll\u00edt\u00e1s helyett lemond rendel\u00e9s\u00e9r\u0151l, m\u00e9lt\u00e1nyoss\u00e1gb\u00f3l visszautaljuk V\u00e1s\u00e1rl\u00f3nk r\u00e9sz\u00e9re rendel\u00e9s\u00e9nek \u00e9rt\u00e9k\u00e9t, melyet brutt\u00f3 600 Ft-tal cs\u00f6kkent\u00fcnk, adminisztr\u00e1ci\u00f3s k\u00f6lts\u00e9g c\u00edmen. Ezt a visszautal\u00e1st kiz\u00e1r\u00f3lag akkor tudjuk csak eszk\u00f6z\u00f6lni, ha a vissza\u00e9rkezett csomagot s\u00e9rtetlen \u00e1llapotban m\u00e1r \u00e1tvett\u00fck a Magyar Posta Zrt-t\u0151l.<\/span><\/p>\n<p><span style=\"color: #1ba6b5;\"><strong>Post\u00e1n marad\u00f3 lev\u00e9lk\u00fcldem\u00e9ny sz\u00e1ll\u00edt\u00e1si k\u00f6lts\u00e9ge:\u00a0<\/strong><\/span><\/p>\n<\/div>\n<div>\n<p><span style=\"color: #000000;\">Sz\u00e1ll\u00edt\u00e1si k\u00f6lts\u00e9g aj\u00e1nlott, NEM Els\u0151bbs\u00e9gi \/ aj\u00e1nlott, els\u0151bbs\u00e9gi \u00a0lev\u00e9lk\u00fcldem\u00e9nyek eset\u00e9n, s\u00falykateg\u00f3ri\u00e1nk\u00e9nt.\u00a0<\/span><\/p>\n<\/div>\n<div>\n<p><span style=\"color: #000000;\">1 &#8211; 500 gramm: \u00a0 \u00a0 \u00a0 \u00a0 \u00a0 \u00a0 \u00a0 \u00a0 \u00a0 \u00a0 1715 \/ 2015 Ft<\/span><br \/><span style=\"color: #000000;\">501 &#8211; 2000 gramm: \u00a0 \u00a0 \u00a0 \u00a0 \u00a0 \u00a0 \u00a0 3380 \/ 4110 Ft<\/span><\/p>\n<p><span style=\"color: #000000;\">A 2 kg feletti rendel\u00e9seket kiz\u00e1r\u00f3lag csomagk\u00e9nt tudjuk a Magyar Posta Zrt-vel kisz\u00e1ll\u00edttatni.<\/span><\/p>\n<p><span style=\"color: #1ba6b5;\"><strong>MPL csomagk\u00e9nt t\u00f6rt\u00e9n\u0151 kisz\u00e1ll\u00edt\u00e1s<\/strong><\/span><\/p>\n<p><span style=\"color: #000000;\">Ez az opci\u00f3 v\u00e1lasztand\u00f3 abban az esetben, ha a csomagot post\u00e1n marad\u00f3ra, csomagpontra vagy csomag automat\u00e1ba k\u00edv\u00e1nj\u00e1k k\u00fcldetni. A Magyar Posta Zrt. erre az opci\u00f3ra egyetemesen 990 Ft-ot sz\u00e1mol fel. V\u00e1s\u00e1rl\u00f3ink ennek ellen\u00e9re, ezt az opci\u00f3t 2900 Ft-\u00e9rt vehetik ig\u00e9nybe. A fel\u00e1rral \u00a0adminisztr\u00e1ci\u00f3s \u00e9s logisztikai k\u00f6lts\u00e9geket fedez\u00fcnk. Az MPL csomagok hetente egy, el\u0151re meg nem hat\u00e1rozott napon ker\u00fclnek felad\u00e1sra. K\u00e9rj\u00fck emailben \u00e9rdekl\u0151djenek az aktu\u00e1lis h\u00e9tre vonatkoz\u00f3 felad\u00e1si nap fel\u00f6l.<\/span><\/p>\n<p><span style=\"color: #1ba6b5;\"><strong>MPL csomagk\u00e9nt t\u00f6rt\u00e9n\u0151 h\u00e1zhozsz\u00e1ll\u00edt\u00e1s<\/strong><\/span><\/p>\n<p><span style=\"color: #000000;\">Ez az opci\u00f3 v\u00e1lasztand\u00f3 abban az esetben, ha az MPL csomagot h\u00e1zn\u00e1l k\u00edv\u00e1nj\u00e1k \u00e1tvenni. A Magyar Posta Zrt. erre az opci\u00f3ra egyetemesen 1990 Ft-ot sz\u00e1mol fel. V\u00e1s\u00e1rl\u00f3ink ennek ellen\u00e9re, ezt az opci\u00f3t 3800 Ft-\u00e9rt vehetik ig\u00e9nybe. A fel\u00e1rral \u00a0adminisztr\u00e1ci\u00f3s \u00e9s logisztikai k\u00f6lts\u00e9geket fedez\u00fcnk. Az MPL csomagok hetente egy, el\u0151re meg nem hat\u00e1rozott napon ker\u00fclnek felad\u00e1sra. K\u00e9rj\u00fck emailben \u00e9rdekl\u0151djenek az aktu\u00e1lis h\u00e9tre vonatkoz\u00f3 felad\u00e1si nap fel\u00f6l<\/span><\/p>\n<p><strong><span style=\"color: #1ba6b5;\">FoxPost csomagaut\u00f3mat\u00e1ba t\u00f6rt\u00e9n\u0151 sz\u00e1ll\u00edt\u00e1s &#8211; el\u0151reutal\u00e1ssal<\/span><\/strong><\/p>\n<p><span style=\"color: #000000;\">K\u00e9rj\u00fck V\u00e1s\u00e1rl\u00f3inkat, hogy a rendel\u00e9s lead\u00e1sakor a Megjegyz\u00e9s rovatba legyenek kedvesek megadni a kiv\u00e1lasztott FoxPost csomagautomata c\u00edm\u00e9t.<\/span><\/p>\n<p><span style=\"color: #000000;\"><strong>FoxPost csomagautomat\u00e1ba t\u00f6rt\u00e9n\u0151 sz\u00e1ll\u00edt\u00e1s k\u00f6lts\u00e9ge:<\/strong><\/span><\/p>\n<p><span style=\"color: #000000;\">1500 Ft &#8211; banki el\u0151reutal\u00e1ssal<\/span><br \/><span style=\"color: #000000;\">1840 Ft &#8211; ut\u00e1nv\u00e9tellel<\/span><br \/><span style=\"color: #000000;\">Ut\u00e1nv\u00e9tes sz\u00e1ll\u00edt\u00e1s eset\u00e9n, a V\u00e1s\u00e1rl\u00f3nak <strong>k\u00f6telezetts\u00e9ge, hogy a kisz\u00e1ll\u00edtott csomagot teljes \u00f6sszegben kifizesse \u00e9s a csomagot id\u0151ben \u00e1tvegye<\/strong>.<\/span><\/p>\n<\/div>\n<h3><span style=\"color: #1ba6b5;\"><strong>Szem\u00e9lyes \u00c1ru\u00e1tv\u00e9teli Lehet\u0151s\u00e9g &#8211; JELENLEG NEM V\u00c1LASZTHAT\u00d3!<br \/><\/strong><\/span><\/h3>\n<p><span style=\"color: #000000;\">Amikor aj\u00e1nlunk szem\u00e9lyes \u00e1ru\u00e1tv\u00e9telt,\u00a0<strong>kiz\u00e1r\u00f3lag el\u0151re egyeztetett id\u0151pontban k\u00e9rj\u00fck, <\/strong><strong>PONTOSAN \u00c9RKEZZEN.\u00a0<\/strong> Amennyiben a pontos \u00e9rkez\u00e9s nem megoldhat\u00f3, k\u00e9rj\u00fck v\u00e1lassza a h\u00e1zhozsz\u00e1ll\u00edt\u00e1si opci\u00f3k egyik\u00e9t.<span style=\"font-size: inherit;\">\u00a0 \u00a0<\/span><\/span><\/p>\n<p><span style=\"color: #000000;\">K\u00e9rj\u00fck V\u00e1s\u00e1rl\u00f3inkat, rendel\u00e9s\u00fck lead\u00e1sa ut\u00e1n 2 munkanapon bel\u00fcl h\u00edvjanak telefonon id\u0151pont egyeztet\u00e9s c\u00e9lj\u00e1b\u00f3l. <\/span><br \/><span style=\"color: #000000;\">El\u00e9rhet\u0151s\u00e9g: 06 30 259 7757<\/span><br \/><span style=\"color: #000000;\">\u00c1ru\u00e1tv\u00e9tel c\u00edme: 1103 Budapest Kada u. 43. 3.L. 2\/5.<\/span><\/p>\n<p><span style=\"color: #1ba6b5;\"><strong>S\u00e9r\u00fclt <span style=\"color: #1ba6b5;\">Csomag<\/span><br \/><\/strong><\/span><span style=\"color: #000000;\">Mindent megtesz\u00fcnk annak \u00e9rdek\u00e9ben, hogy az \u00d6n \u00e1ltal rendelt csomag \u00e9ps\u00e9gben \u00e9rkezzem meg a sz\u00e1ll\u00edt\u00e1si c\u00edmre. Amennyiben \u00e1tv\u00e9telkor a csomag b\u00e1rmilyen \u00e9szlelhet\u0151 s\u00e9r\u00fcl\u00e9ssel \u00e9rkezik, k\u00e9rj\u00fck \u00e9szrev\u00e9tel\u00e9t a csomagsz\u00e1ll\u00edt\u00f3nak azonnal jelezze, k\u00e9rje k\u00e1rfelv\u00e9teli jegyz\u0151k\u00f6nyv ki\u00e1ll\u00edt\u00e1s\u00e1t \u00e9s ne vegye \u00e1t a csomagot. \u00a0A csomag \u00e9ps\u00e9gben t\u00f6rt\u00e9n\u0151 h\u00e1zhozsz\u00e1ll\u00edt\u00e1s\u00e1\u00e9rt a Judit Hellebrandt Cake Company <strong>semmilyen k\u00f6r\u00fclm\u00e9nyek k\u00f6z\u00f6tt nem v\u00e1llal felel\u0151ss\u00e9get.\u00a0<\/strong><\/span><\/p>\n<p><span style=\"color: #1ba6b5;\"><b>Dekor\u00e1lt Kekszek:\u00a0<br \/><\/b><span style=\"color: #000000;\">Dekor\u00e1lt kekszek rendel\u00e9se eset\u00e9n aj\u00e1nljuk, hogy az eredeti mennyis\u00e9ghez rendeljen n\u00e9h\u00e1ny extra darabot, az esetleges, sz\u00e1ll\u00edt\u00e1s ideje alatt t\u00f6rt\u00e9n\u0151 t\u00f6r\u00e9sek, s\u00e9r\u00fcl\u00e9sek miatt. A fentiekben taglaltak alapj\u00e1n, a dekor\u00e1lt kekszek \u00e9ps\u00e9gben t\u00f6rt\u00e9n\u0151 lesz\u00e1ll\u00edt\u00e1s\u00e1\u00e9rt sem v\u00e1llal a Judit Hellebrandt Cake Company felel\u0151ss\u00e9get.<\/span><\/span><\/p>\n<p style=\"text-align: justify;\"><span style=\"color: #1ba6b5;\"><b>Hib\u00e1s Sz\u00e1ll\u00edt\u00e1si \u00c1rkalkul\u00e1ci\u00f3<br \/><\/b><\/span><span style=\"color: #000000;\">Amennyiben sz\u00e1ll\u00edt\u00e1si \u00f6sszegkalkul\u00e1l\u00f3 rendszer\u00fcnk a megfelel\u0151n\u00e9l kevesebb \u00f6sszeget sz\u00e1mol fel, \u00e9rtes\u00edtj\u00fck \u00d6nt. Ha el\u0151reutal\u00e1sos kisz\u00e1ll\u00edt\u00e1si opci\u00f3t v\u00e1lasztott, k\u00e9rj\u00fck, hogy a hi\u00e1nyt \u00e1tutal\u00e1ssal a csomag kisz\u00e1ll\u00edt\u00e1sa el\u0151tt p\u00f3tolni sziveskedj\u00e9k. Az esetleges kisz\u00e1ll\u00edt\u00e1si k\u00e9sedelem\u00e9rt \u00e9s kellemetlens\u00e9g\u00e9rt eln\u00e9z\u00e9st k\u00e9r\u00fcnk \u00e9s megtesz\u00fcnk minden t\u0151l\u00fcnk telhet\u0151t, hogy minimaliz\u00e1ljuk ennek a szitu\u00e1ci\u00f3nak es\u00e9ly\u00e9t.<\/span><\/p>\n<p><span style=\"color: #1ba6b5;\"><b>K\u00fclf\u00f6ldre Sz\u00e1ll\u00edtand\u00f3 Csomagok<br \/><\/b><\/span><span style=\"color: #000000;\">K\u00e9rj\u00fck rendel\u00e9se lead\u00e1sa el\u0151tt \u00e9rtes\u00edtsen benn\u00fcnket, hogy csomagj\u00e1t szeretn\u00e9 k\u00fclf\u00f6ldre sz\u00e1ll\u00edttatni. 48 \u00f3r\u00e1n bel\u00fcl emailben \u00e9rtes\u00edtj\u00fck \u00d6nt a sz\u00e1ll\u00edt\u00e1si k\u00f6lts\u00e9g \u00f6sszeg\u00e9r\u0151l.<\/span><\/p>\n<p><span style=\"color: #000000;\">El\u00e9rhet\u0151s\u00e9geink:<\/span><br \/><a href=\"https:\/\/jhcakes.com\/shop\/kapcsolat\/\" target=\"_blank\" rel=\"noopener noreferrer\">https:\/\/jhcakes.com\/shop\/kapcsolat\/<\/a><\/p>\n<p>\u00a0<\/p>\n\n<div id=\"themify_builder_content-2380\" data-postid=\"2380\" class=\"themify_builder_content themify_builder_content-2380 themify_builder\">\n    <\/div>\n","protected":false},"excerpt":{"rendered":"<p>\u00c1ltal\u00e1nos Tudnival\u00f3k Megrendel\u00e9sek lead\u00e1sakor lehet\u0151s\u00e9g van az al\u00e1bbi sz\u00e1ll\u00edt\u00e1si m\u00f3dok k\u00f6z\u00fcl v\u00e1lasztani: GLS Fut\u00e1rszolg\u00e1lat el\u0151reutal\u00e1ssal &#8211; sz\u00e1ll\u00edt\u00e1si id\u0151 v\u00e1rhat\u00f3an 1 munkanap Post\u00e1n marad\u00f3 aj\u00e1nlott, els\u0151bbs\u00e9gi lev\u00e9lk\u00fcldem\u00e9ny sz\u00e1ll\u00edt\u00e1sa &#8211; sz\u00e1ll\u00edt\u00e1si id\u0151 v\u00e1rhat\u00f3an 1-2 munkanap Post\u00e1n marad\u00f3 aj\u00e1nlott, NEM els\u0151bbs\u00e9gi lev\u00e9lk\u00fcldem\u00e9ny sz\u00e1ll\u00edt\u00e1sa\u00a0&#8211; sz\u00e1ll\u00edt\u00e1si id\u0151 v\u00e1rhat\u00f3an 3-5 munkanap MPL csomagok sz\u00e1ll\u00edt\u00e1sa &#8211; sz\u00e1ll\u00edt\u00e1si id\u0151 v\u00e1rhat\u00f3an 1-3 munkanap\u00a0 FoxPost [&hellip;]<\/p>\n","protected":false},"author":1,"featured_media":0,"parent":0,"menu_order":0,"comment_status":"closed","ping_status":"closed","template":"","meta":[],"builder_content":"","_links":{"self":[{"href":"https:\/\/jhcakes.com\/shop\/wp-json\/wp\/v2\/pages\/2380"}],"collection":[{"href":"https:\/\/jhcakes.com\/shop\/wp-json\/wp\/v2\/pages"}],"about":[{"href":"https:\/\/jhcakes.com\/shop\/wp-json\/wp\/v2\/types\/page"}],"author":[{"embeddable":true,"href":"https:\/\/jhcakes.com\/shop\/wp-json\/wp\/v2\/users\/1"}],"replies":[{"embeddable":true,"href":"https:\/\/jhcakes.com\/shop\/wp-json\/wp\/v2\/comments?post=2380"}],"version-history":[{"count":84,"href":"https:\/\/jhcakes.com\/shop\/wp-json\/wp\/v2\/pages\/2380\/revisions"}],"predecessor-version":[{"id":25442,"href":"https:\/\/jhcakes.com\/shop\/wp-json\/wp\/v2\/pages\/2380\/revisions\/25442"}],"wp:attachment":[{"href":"https:\/\/jhcakes.com\/shop\/wp-json\/wp\/v2\/media?parent=2380"}],"curies":[{"name":"wp","href":"https:\/\/api.w.org\/{rel}","templated":true}]}}